000
CXUS51 KPBZ 011329
CLMPIT


CLIMATE REPORT
NATIONAL WEATHER SERVICE PITTSBURGH PA
929 AM EDT MON AUG 1 2016

...................................

...THE PITTSBURGH CLIMATE SUMMARY FOR THE MONTH OF JULY 2016...

CLIMATE NORMAL PERIOD 1981 TO 2010
CLIMATE RECORD PERIOD 1871 TO 2016

WEATHER         OBSERVED          NORMAL  DEPART  LAST YEAR`S
                 VALUE   DATE(S)  VALUE   FROM    VALUE  DATE(S)
                                          NORMAL
................................................................
TEMPERATURE (F)
RECORD
 HIGH             103   07/16/1988
                        07/10/1881
 LOW               42   07/09/1963
HIGHEST            93                        MM       92  07/28
LOWEST             55                        MM       55  07/24
                                                          07/16
AVG. MAXIMUM     85.4              82.5     2.9     82.7
AVG. MINIMUM     65.6              62.8     2.8     63.8
MEAN             75.5              72.6     2.9     73.3
DAYS MAX >= 90      6               3.0     3.0        2
DAYS MAX <= 32      0               0.0     0.0        0
DAYS MIN <= 32      0               0.0     0.0        0
DAYS MIN <= 0       0               0.0     0.0        0

PRECIPITATION (INCHES)
RECORD
 MAXIMUM         9.51   1887
 MINIMUM         1.16   1894
TOTALS           3.12              3.83   -0.71
DAILY AVG.       0.10              0.12   -0.02     0.12
DAYS >= .01        13              10.2     2.8       12
DAYS >= .10         7               6.8     0.2        6
DAYS >= .50         2               2.6    -0.6        2
DAYS >= 1.00        0               0.9    -0.9        1
GREATEST
 24 HR. TOTAL    0.85   07/30 TO 07/30           07/07 TO 07/08
                                                          07/31 TO 07/31
                                                          07/31 TO 07/31

SNOWFALL (INCHES)
RECORDS
 TOTAL            0.0   MM
 24 HR TOTAL      0.0   07/31/2002 TO 07/31/2002
                        07/01/2001 TO 07/01/2001
TOTALS            0.0               0.0     0.0      0.0
SINCE 7/1         0.0               0.0     0.0      0.0
SNOWDEPTH AVG.      0                MM      MM        0
DAYS >= TRACE       0
DAYS >= 1.0         0               0.0     0.0        0
GREATEST
 24 HR TOTAL      0.0   07/31 TO 07/31               0.0

DEGREE_DAYS
HEATING TOTAL       1                 4      -3        0
 SINCE 7/1          1                 4      -3        0
COOLING TOTAL     335               241      94      266
 SINCE 1/1        625               443     182      593
..................................................

WIND (MPH)
AVERAGE WIND SPEED              5.5
HIGHEST WIND SPEED/DIRECTION    39/300    DATE  07/24
HIGHEST GUST SPEED/DIRECTION    49/300    DATE  07/24

AVERAGE RH (PERCENT)     63

WEATHER CONDITIONS. NUMBER OF DAYS WITH
THUNDERSTORM              0     MIXED PRECIP               0
HEAVY RAIN                5     RAIN                       6
LIGHT RAIN               13     FREEZING RAIN              0
LT FREEZING RAIN          0     HAIL                       0
HEAVY SNOW                0     SNOW                       0
LIGHT SNOW                0     SLEET                      0
FOG                      17     FOG W/VIS <= 1/4 MILE      2
HAZE                      6

-  INDICATES NEGATIVE NUMBERS.
R  INDICATES RECORD WAS SET OR TIED.
MM INDICATES DATA IS MISSING.
T  INDICATES TRACE AMOUNT.

$$
