794
CXUS51 KPBZ 011400
CLMPIT


CLIMATE REPORT
NATIONAL WEATHER SERVICE PITTSBURGH PA
859 AM EST FRI DEC 1 2017

...................................

...THE PITTSBURGH PA CLIMATE SUMMARY FOR THE MONTH OF NOVEMBER 2017...

CLIMATE NORMAL PERIOD 1981 TO 2010
CLIMATE RECORD PERIOD 1871 TO 2017

WEATHER         OBSERVED          NORMAL  DEPART  LAST YEAR`S
                 VALUE   DATE(S)  VALUE   FROM    VALUE  DATE(S)
                                          NORMAL
................................................................
TEMPERATURE (F)
RECORD
 HIGH              82   11/03/1961
 LOW                    11/30/1958
HIGHEST            70   11/05        MM      MM       80  11/02
LOWEST             17   11/11        MM      MM       23  11/23
                                                          11/22
AVG. MAXIMUM     51.5              51.2     0.3     56.8
AVG. MINIMUM     32.5              34.7    -2.2     36.2
MEAN             42.0              42.9    -0.9     46.5
DAYS MAX >= 90      0               0.0     0.0        0
DAYS MAX <= 32      0               1.0    -1.0        0
DAYS MIN <= 32     17              12.3     4.7       10
DAYS MIN <= 0       0               0.0     0.0        0

PRECIPITATION (INCHES)
RECORD
 MAXIMUM        11.05   1985
 MINIMUM         0.00   2015
TOTALS           4.15              3.23    0.92
DAILY AVG.       0.14              0.11    0.03     0.05
DAYS >= .01        12              12.8    -0.8        9
DAYS >= .10         6               7.1    -1.1        5
DAYS >= .50         3               2.1     0.9        0
DAYS >= 1.00        1               0.5     0.5        0
GREATEST
 24 HR. TOTAL    1.69   11/18 TO 11/18           11/30 TO 11/30
                                                          11/30 TO 11/30EATHER         OBSERVED          NORMAL  DEPART  LAST YEAR`S
                                                          11/30 TO 11/30EATHER         OBSERVED          NORMAL  DEPART  LAST YEAR`S

SNOWFALL (INCHES)
RECORDS
 TOTAL           32.3   1950
 24 HR TOTAL     14.0   MM
TOTALS              T               2.0    -2.0      2.1
SINCE 7/1           T               2.4    -2.4      2.1
SNOWDEPTH AVG.      0                MM      MM        0
DAYS >= TRACE       5
DAYS >= 1.0         0               0.6    -0.6        1
GREATEST
 24 HR TOTAL        T   11/22 TO 11/22               1.6

DEGREE_DAYS
HEATING TOTAL     683               662      21      555
 SINCE 7/1       1003              1163    -160      847
COOLING TOTAL       0                 0       0        4
 SINCE 1/1        864               736     128     1158
.................................................................

WIND (MPH)
AVERAGE WIND SPEED              7.3
HIGHEST WIND SPEED/DIRECTION    38/300    DATE  11/19
HIGHEST GUST SPEED/DIRECTION    48/300    DATE  11/19

AVERAGE RH (PERCENT)     68

WEATHER CONDITIONS. NUMBER OF DAYS WITH
THUNDERSTORM              1     MIXED PRECIP               0
HEAVY RAIN                2     RAIN                       7
LIGHT RAIN               14     FREEZING RAIN              0
LT FREEZING RAIN          0     HAIL                       1
HEAVY SNOW                0     SNOW                       4
LIGHT SNOW                5     SLEET                      0
FOG                      12     FOG W/VIS <= 1/4 MILE      0
HAZE                      0

-  INDICATES NEGATIVE NUMBERS.
R  INDICATES RECORD WAS SET OR TIED.
MM INDICATES DATA IS MISSING.
T  INDICATES TRACE AMOUNT.

$$
