000
CXUS51 KRLX 041450
CLMPKB


CLIMATE REPORT
NATIONAL WEATHER SERVICE CHARLESTON WV
1049 AM EDT THU JUN 4 2015

...................................

...THE PARKERSBURG CLIMATE SUMMARY FOR THE MONTH OF MAY 2015...

CLIMATE NORMAL PERIOD 1981 TO 2010
CLIMATE RECORD PERIOD 1889 TO 2015

WEATHER         OBSERVED          NORMAL  DEPART  LAST YEAR`S
                 VALUE   DATE(S)  VALUE   FROM    VALUE  DATE(S)
                                          NORMAL
................................................................
TEMPERATURE (F)
RECORD
 HIGH              96   05/29/1914
 LOW               29   05/04/2005
                        05/14/1996
                        05/05/1973
HIGHEST            90   05/08        MM      MM       MM  MM
LOWEST             37   05/14        MM      MM       MM  MM
AVG. MAXIMUM     80.0              74.0     6.0       MM
AVG. MINIMUM     54.3              50.6     3.7       MM
MEAN             67.2              62.3     4.9       MM
DAYS MAX >= 90      1               0.4     0.6       MM
DAYS MAX <= 32      0               0.0     0.0       MM
DAYS MIN <= 32      0               0.3    -0.3       MM
DAYS MIN <= 0       0               0.0     0.0       MM

PRECIPITATION (INCHES)
RECORD
 MAXIMUM        10.47   1968
 MINIMUM         0.53   1939
TOTALS           1.93              4.30   -2.37       MM
DAILY AVG.       0.06              0.14   -0.08       MM
DAYS >= .01        10              13.1    -3.1       MM
DAYS >= .10         4               9.1    -5.1       MM
DAYS >= .50         1               2.9    -1.9
DAYS >= 1.00        1               0.9     0.1       MM
GREATEST
 24 HR. TOTAL    1.13   05/26 TO 05/27


 STORM TOTAL       MM                                 MM
 (MM/DD(HH))            MM



SNOWFALL (INCHES)
TOTALS             MM

DEGREE_DAYS
HEATING TOTAL      75               147     -72       MM
 SINCE 7/1       5342              4953     389       MM
COOLING TOTAL     149                63      86       MM
 SINCE 1/1        161                84      77       MM
..................................................

WIND (MPH)
AVERAGE WIND SPEED              4.3
HIGHEST WIND SPEED/DIRECTION    25/270    DATE  05/26
HIGHEST GUST SPEED/DIRECTION    39/250    DATE  05/26

SKY COVER
POSSIBLE SUNSHINE (PERCENT)   MM
AVERAGE SKY COVER           0.30
NUMBER OF DAYS FAIR           20
NUMBER OF DAYS PC             10
NUMBER OF DAYS CLOUDY          1

AVERAGE RH (PERCENT)     67

WEATHER CONDITIONS. NUMBER OF DAYS WITH
THUNDERSTORM              0     MIXED PRECIP               0
HEAVY RAIN                2     RAIN                       6
LIGHT RAIN               14     FREEZING RAIN              0
LT FREEZING RAIN          0     HAIL                       0
HEAVY SNOW                0     SNOW                       0
LIGHT SNOW                0     SLEET                      0
FOG                      18     FOG W/VIS <= 1/4 MILE      1
HAZE                      7

-  INDICATES NEGATIVE NUMBERS.
R  INDICATES RECORD WAS SET OR TIED.
MM INDICATES DATA IS MISSING.
T  INDICATES TRACE AMOUNT.

$$
