000
CXUS51 KRLX 011837
CLMPKB


CLIMATE REPORT
NATIONAL WEATHER SERVICE CHARLESTON WV
237 PM EDT TUE NOV 1 2016

...................................

...THE PARKERSBURG CLIMATE SUMMARY FOR THE MONTH OF OCTOBER 2016...

CLIMATE NORMAL PERIOD 1981 TO 2010
CLIMATE RECORD PERIOD 1889 TO 2016

WEATHER         OBSERVED          NORMAL  DEPART  LAST YEAR`S
                 VALUE   DATE(S)  VALUE   FROM    VALUE  DATE(S)
                                          NORMAL
................................................................
TEMPERATURE (F)
RECORD
 HIGH              92   10/08/2007
 LOW               20   10/30/1895
HIGHEST            85   10/18        MM      MM       79  10/06
LOWEST             32   10/25        MM      MM       26  10/18
AVG. MAXIMUM     71.5              66.5     5.0     65.5
AVG. MINIMUM     47.4              44.1     3.3     42.9
MEAN             59.4              55.3     4.1     54.2
DAYS MAX >= 90      0               0.1    -0.1        0
DAYS MAX <= 32      0               0.0     0.0        0
DAYS MIN <= 32      1               3.0    -2.0        3
DAYS MIN <= 0       0               0.0     0.0        0

PRECIPITATION (INCHES)
RECORD
 MAXIMUM         7.89   1970
 MINIMUM         0.07   1897
TOTALS           2.77              2.86   -0.09     2.04
DAILY AVG.       0.09              0.09    0.00     0.07
DAYS >= .01         8              10.1    -2.1       11
DAYS >= .10         5               6.3    -1.3        6
DAYS >= .50         2               2.2    -0.2
DAYS >= 1.00        2               0.6     1.4        0
GREATEST
 24 HR. TOTAL    2.01   10/20 TO 10/21           10/27 TO 10/28
                                                          10/28 TO 10/28
                                                          10/28 TO 10/28
 STORM TOTAL       MM                                 MM
 (MM/DD(HH))            MM                    10/28(00) TO 10/28(00)
                                                 10/28(00) TO 10/28(00)8
                                                 10/28(00) TO 10/28(00)8

SNOWFALL (INCHES)
TOTALS             MM

DEGREE_DAYS
HEATING TOTAL     204               318    -114      292
 SINCE 7/1        215               394    -179      326
COOLING TOTAL      37                17      20        0
 SINCE 1/1       1350               953     397     1037
.........................................................

WIND (MPH)
AVERAGE WIND SPEED              4.7
HIGHEST WIND SPEED/DIRECTION    35/290    DATE  10/20
HIGHEST GUST SPEED/DIRECTION    49/270    DATE  10/20

SKY COVER
POSSIBLE SUNSHINE (PERCENT)   MM
AVERAGE SKY COVER           0.40
NUMBER OF DAYS FAIR           15
NUMBER OF DAYS PC             14
NUMBER OF DAYS CLOUDY          2

AVERAGE RH (PERCENT)     70

WEATHER CONDITIONS. NUMBER OF DAYS WITH
THUNDERSTORM              0     MIXED PRECIP               0
HEAVY RAIN                4     RAIN                       6
LIGHT RAIN                8     FREEZING RAIN              0
LT FREEZING RAIN          0     HAIL                       0
HEAVY SNOW                0     SNOW                       0
LIGHT SNOW                0     SLEET                      0
FOG                      19     FOG W/VIS <= 1/4 MILE      9
HAZE                      6

-  INDICATES NEGATIVE NUMBERS.
R  INDICATES RECORD WAS SET OR TIED.
MM INDICATES DATA IS MISSING.
T  INDICATES TRACE AMOUNT.

$$
