000
CXUS51 KRLX 101255
CLMPKB


CLIMATE REPORT
NATIONAL WEATHER SERVICE CHARLESTON WV
852 AM EDT SUN MAY 10 2015

...................................

...THE PARKERSBURG CLIMATE SUMMARY FOR THE MONTH OF APRIL 2015...

CLIMATE NORMAL PERIOD 1981 TO 2010
CLIMATE RECORD PERIOD 1889 TO 2015

WEATHER         OBSERVED          NORMAL  DEPART  LAST YEAR`S
                 VALUE   DATE(S)  VALUE   FROM    VALUE  DATE(S)
                                          NORMAL
................................................................
TEMPERATURE (F)
RECORD
 HIGH              94   MM
 LOW               22   04/07/2007
HIGHEST            83   04/13        64      19       MM
LOWEST             27   04/01        MM      MM       MM
AVG. MAXIMUM     66.5              66.1     0.4       MM
AVG. MINIMUM     43.4              42.1     1.3       MM
MEAN             54.9              54.1     0.8       MM
DAYS MAX >= 90      0               0.0     0.0       MM
DAYS MAX <= 32      0               0.0     0.0       MM
DAYS MIN <= 32      2               4.6    -2.6       MM
DAYS MIN <= 0       0               0.0     0.0       MM

PRECIPITATION (INCHES)
RECORD
 MAXIMUM         8.14   2011
 MINIMUM         0.77   1900
TOTALS           6.78              3.27    3.51       MM
DAILY AVG.       0.23              0.11    0.12       MM
DAYS >= .01        16              13.1     2.9       MM
DAYS >= .10        14               7.6     6.4       MM
DAYS >= .50         6               2.0     4.0       MM
DAYS >= 1.00        0               0.4    -0.4       MM
GREATEST
 24 HR. TOTAL    1.60   04/08 TO 04/09                MM

 STORM TOTAL       MM                                 MM
 (MM/DD(HH))       MM



SNOWFALL (INCHES)
TOTALS             MM

DEGREE_DAYS
HEATING TOTAL     308               345     -37       MM
 SINCE 7/1       5267              4806     461       MM
COOLING TOTAL      12                18      -6       MM
 SINCE 1/1         12                21      -9       MM
..........................................................

WIND (MPH)
AVERAGE WIND SPEED              6.7
HIGHEST WIND SPEED/DIRECTION    28/300    DATE  04/22
HIGHEST GUST SPEED/DIRECTION    42/260    DATE  04/21

SKY COVER
POSSIBLE SUNSHINE (PERCENT)   MM
AVERAGE SKY COVER           0.40
NUMBER OF DAYS FAIR           13
NUMBER OF DAYS PC             11
NUMBER OF DAYS CLOUDY          6

AVERAGE RH (PERCENT)     62

WEATHER CONDITIONS. NUMBER OF DAYS WITH
THUNDERSTORM              0     MIXED PRECIP               0
HEAVY RAIN                8     RAIN                      10
LIGHT RAIN               17     FREEZING RAIN              0
LT FREEZING RAIN          0     HAIL                       1
HEAVY SNOW                0     SNOW                       0
LIGHT SNOW                0     SLEET                      0
FOG                      17     FOG W/VIS <= 1/4 MILE      1
HAZE                      2

-  INDICATES NEGATIVE NUMBERS.
R  INDICATES RECORD WAS SET OR TIED.
MM INDICATES DATA IS MISSING.
T  INDICATES TRACE AMOUNT.

$$
