000
CXUS51 KRLX 011506
CLMPKB


CLIMATE REPORT
NATIONAL WEATHER SERVICE CHARLESTON WV
1100 AM EDT SAT JUL 1 2017

...................................

...THE PARKERSBURG WV CLIMATE SUMMARY FOR THE MONTH OF JUNE 2017...

CLIMATE NORMAL PERIOD 1981 TO 2010
CLIMATE RECORD PERIOD 1889 TO 2017

WEATHER         OBSERVED          NORMAL  DEPART  LAST YEAR`S
                 VALUE   DATE(S)  VALUE   FROM    VALUE  DATE(S)
                                          NORMAL
................................................................
TEMPERATURE (F)
RECORD
 HIGH             102   06/25/1988
 LOW                0   06/15/2003
HIGHEST            90   06/17        MM      MM       93  06/11
                        06/12
LOWEST             49   06/28        MM      MM       46  06/09
                        06/03
AVG. MAXIMUM     81.6              81.8    -0.2     83.7
AVG. MINIMUM     59.1              59.7    -0.6     60.7
MEAN             70.4              70.8    -0.4     72.2
DAYS MAX >= 90      2               2.2    -0.2        3
DAYS MAX <= 32      0               0.0     0.0        0
DAYS MIN <= 32      0               0.0     0.0        0
DAYS MIN <= 0       0               0.0     0.0        0

PRECIPITATION (INCHES)
RECORD
 MAXIMUM        13.20   1998
 MINIMUM         0.45   1984
TOTALS           5.92              4.02    1.90     3.84
DAILY AVG.       0.20              0.13    0.07     0.13
DAYS >= .01        11              10.8     0.2       11
DAYS >= .10         7               6.7     0.3        3
DAYS >= .50         4               2.7     1.3
DAYS >= 1.00        1               0.9     0.1        1
GREATEST
 24 HR. TOTAL    2.71   06/23 TO 06/23           06/23 TO 06/23
                                                          06/22 TO 06/23
                                                          06/23 TO 06/23
 STORM TOTAL       MM                                 MM
 (MM/DD(HH))            MM                    06/23(00) TO 06/23(00)
                                                 06/23(00) TO 06/23(00)3
                                                 06/23(00) TO 06/23(00)3

SNOWFALL (INCHES)
TOTALS             MM

DEGREE_DAYS
HEATING TOTAL      19                19       0        7
 SINCE 7/1       3994              4972    -978     4148
COOLING TOTAL     188               191      -3      232
 SINCE 1/1        308               275      33      320
....................................................

WIND (MPH)
AVERAGE WIND SPEED              4.8
HIGHEST WIND SPEED/DIRECTION    22/240    DATE  06/23
HIGHEST GUST SPEED/DIRECTION    31/310    DATE  06/25

SKY COVER
POSSIBLE SUNSHINE (PERCENT)   MM
AVERAGE SKY COVER           0.30
NUMBER OF DAYS FAIR           17
NUMBER OF DAYS PC             11
NUMBER OF DAYS CLOUDY          2

AVERAGE RH (PERCENT)     71

WEATHER CONDITIONS. NUMBER OF DAYS WITH
THUNDERSTORM              0     MIXED PRECIP               0
HEAVY RAIN                6     RAIN                       7
LIGHT RAIN               12     FREEZING RAIN              0
LT FREEZING RAIN          0     HAIL                       0
HEAVY SNOW                0     SNOW                       0
LIGHT SNOW                0     SLEET                      0
FOG                      20     FOG W/VIS <= 1/4 MILE      4
HAZE                      7

-  INDICATES NEGATIVE NUMBERS.
R  INDICATES RECORD WAS SET OR TIED.
MM INDICATES DATA IS MISSING.
T  INDICATES TRACE AMOUNT.

$$
