000
CXUS51 KRLX 012050
CLMPKB


CLIMATE REPORT
NATIONAL WEATHER SERVICE CHARLESTON WV
450 PM EDT TUE SEP 1 2015

...................................

...THE PARKERSBURG CLIMATE SUMMARY FOR THE MONTH OF AUGUST 2015...

CLIMATE NORMAL PERIOD 1981 TO 2010
CLIMATE RECORD PERIOD 1889 TO 2015

WEATHER         OBSERVED          NORMAL  DEPART  LAST YEAR`S
                 VALUE   DATE(S)  VALUE   FROM    VALUE  DATE(S)
                                          NORMAL
................................................................
TEMPERATURE (F)
RECORD
 HIGH             106   08/06/1918
 LOW               40   08/29/1986
HIGHEST            91   08/31        MM      MM       92  08/30
                        08/17
LOWEST             51   08/28        MM      MM       50  08/15
                        08/27
AVG. MAXIMUM     83.7              84.1    -0.4     83.0
AVG. MINIMUM     59.4              62.6    -3.2     61.7
MEAN             71.5              73.3    -1.8     72.4
DAYS MAX >= 90      2               5.0    -3.0        1
DAYS MAX <= 32      0               0.0     0.0        0
DAYS MIN <= 32      0               0.0     0.0        0
DAYS MIN <= 0       0               0.0     0.0        0

PRECIPITATION (INCHES)
RECORD
 MAXIMUM        10.42   1935
 MINIMUM         0.49   2002
TOTALS           2.74              3.61   -0.87     3.95
DAILY AVG.       0.09              0.12   -0.03     0.13
DAYS >= .01         6               9.3    -3.3        9
DAYS >= .10         5               6.2    -1.2        5
DAYS >= .50         2               2.1    -0.1
DAYS >= 1.00        1               1.1    -0.1        1
GREATEST
 24 HR. TOTAL    1.30   08/10 TO 08/10           08/12 TO 08/12
                                                          08/12 TO 08/12
                                                          08/12 TO 08/12
 STORM TOTAL       MM                                 MM
 (MM/DD(HH))            MM                    08/12(00) TO 08/12(00)
                                                 08/12(00) TO 08/12(00)2
                                                 08/12(00) TO 08/12(00)2

SNOWFALL (INCHES)
TOTALS             MM

DEGREE_DAYS
HEATING TOTAL       3                 4      -1        1
 SINCE 7/1          3                 5      -2        2
COOLING TOTAL     213               263     -50      238
 SINCE 1/1        876               830      46      490
...................................................

WIND (MPH)
AVERAGE WIND SPEED              3.2
HIGHEST WIND SPEED/DIRECTION    26/170    DATE  08/19
HIGHEST GUST SPEED/DIRECTION    34/170    DATE  08/19

SKY COVER
POSSIBLE SUNSHINE (PERCENT)   MM
AVERAGE SKY COVER           0.30
NUMBER OF DAYS FAIR           19
NUMBER OF DAYS PC             10
NUMBER OF DAYS CLOUDY          2

AVERAGE RH (PERCENT)     70

WEATHER CONDITIONS. NUMBER OF DAYS WITH
THUNDERSTORM              0     MIXED PRECIP               0
HEAVY RAIN                4     RAIN                       5
LIGHT RAIN                9     FREEZING RAIN              0
LT FREEZING RAIN          0     HAIL                       0
HEAVY SNOW                0     SNOW                       0
LIGHT SNOW                0     SLEET                      0
FOG                      24     FOG W/VIS <= 1/4 MILE     13
HAZE                      2

-  INDICATES NEGATIVE NUMBERS.
R  INDICATES RECORD WAS SET OR TIED.
MM INDICATES DATA IS MISSING.
T  INDICATES TRACE AMOUNT.

$$
