000
CXUS51 KRLX 020540
CLMPKB


CLIMATE REPORT
NATIONAL WEATHER SERVICE CHARLESTON WV
1239 AM EST THU FEB 2 2017

...................................

...THE PARKERSBURG WV CLIMATE SUMMARY FOR THE MONTH OF JANUARY 2017...

CLIMATE NORMAL PERIOD 1981 TO 2010
CLIMATE RECORD PERIOD 1889 TO 2017

WEATHER         OBSERVED          NORMAL  DEPART  LAST YEAR`S
                 VALUE   DATE(S)  VALUE   FROM    VALUE  DATE(S)
                                          NORMAL
................................................................
TEMPERATURE (F)
RECORD
 HIGH              78   01/25/1950
 LOW              -24   01/19/1994
HIGHEST            67   01/12        MM      MM       66  01/31
LOWEST              3   01/09        MM      MM        0  01/24
AVG. MAXIMUM     45.5              39.8     5.7     39.3
AVG. MINIMUM     30.9              23.4     7.5     20.3
MEAN             38.2              31.6     6.6     29.8
DAYS MAX >= 90      0               0.0     0.0        0
DAYS MAX <= 32      6               8.3    -2.3        9
DAYS MIN <= 32     14              23.4    -9.4       27
DAYS MIN <= 0       0               1.0    -1.0        1

PRECIPITATION (INCHES)
RECORD
 MAXIMUM         8.99   1937
 MINIMUM         0.68   1981
TOTALS           4.56              2.95    1.61     1.75
DAILY AVG.       0.15              0.10    0.05     0.06
DAYS >= .01        19              14.4     4.6       12
DAYS >= .10         9               6.7     2.3        6
DAYS >= .50         3               1.9     1.1
DAYS >= 1.00        0               0.2    -0.2        0
GREATEST
 24 HR. TOTAL    0.84   01/22 TO 01/23           01/09 TO 01/10
                                                          01/10 TO 01/10
                                                          01/10 TO 01/10
 STORM TOTAL       MM                                 MM
 (MM/DD(HH))            MM                    01/10(00) TO 01/10(00)
                                                 01/10(00) TO 01/10(00)0
                                                 01/10(00) TO 01/10(00)0

SNOWFALL (INCHES)
TOTALS             MM

DEGREE_DAYS
HEATING TOTAL     823              1035    -212     1085
 SINCE 7/1       2437              2945    -508     2390
COOLING TOTAL       0                 0       0        0
 SINCE 1/1          0                 0       0        0
.................................................

WIND (MPH)
AVERAGE WIND SPEED              6.6
HIGHEST WIND SPEED/DIRECTION    28/220    DATE  01/10
HIGHEST GUST SPEED/DIRECTION    39/300    DATE  01/04

SKY COVER
POSSIBLE SUNSHINE (PERCENT)   MM
AVERAGE SKY COVER           0.70
NUMBER OF DAYS FAIR            3
NUMBER OF DAYS PC              9
NUMBER OF DAYS CLOUDY         19

AVERAGE RH (PERCENT)     75

WEATHER CONDITIONS. NUMBER OF DAYS WITH
THUNDERSTORM              0     MIXED PRECIP               0
HEAVY RAIN                5     RAIN                       6
LIGHT RAIN               18     FREEZING RAIN              0
LT FREEZING RAIN          0     HAIL                       0
HEAVY SNOW                1     SNOW                       2
LIGHT SNOW                8     SLEET                      0
FOG                      25     FOG W/VIS <= 1/4 MILE      5
HAZE                     13

-  INDICATES NEGATIVE NUMBERS.
R  INDICATES RECORD WAS SET OR TIED.
MM INDICATES DATA IS MISSING.
T  INDICATES TRACE AMOUNT.

$$
