000
CXUS51 KRLX 012341
CLMPKB


CLIMATE REPORT
NATIONAL WEATHER SERVICE CHARLESTON WV
740 PM EDT FRI APR 1 2016

...................................

...THE PARKERSBURG CLIMATE SUMMARY FOR THE MONTH OF MARCH 2016...

CLIMATE NORMAL PERIOD 1981 TO 2010
CLIMATE RECORD PERIOD 1889 TO 2016

WEATHER         OBSERVED          NORMAL  DEPART  LAST YEAR`S
                 VALUE   DATE(S)  VALUE   FROM    VALUE  DATE(S)
                                          NORMAL
................................................................
TEMPERATURE (F)
RECORD
 HIGH              89   03/25/1929
 LOW               -5   03/03/1980
HIGHEST            77   03/24        MM      MM       74  03/25
LOWEST             19   03/03        MM      MM       -3  03/06
AVG. MAXIMUM     61.6              54.1     7.5     52.1
AVG. MINIMUM     40.1              32.8     7.3     29.6
MEAN             50.9              43.5     7.4     40.9
DAYS MAX >= 90      0               0.0     0.0        0
DAYS MAX <= 32      0               0.9    -0.9        2
DAYS MIN <= 32     11              15.4    -4.4       17
DAYS MIN <= 0       0               0.0     0.0        1

PRECIPITATION (INCHES)
RECORD
 MAXIMUM         9.39   1963
 MINIMUM         0.10   1910
TOTALS           2.78              3.73   -0.95     5.59
DAILY AVG.       0.09              0.12   -0.03     0.18
DAYS >= .01        12              13.1    -1.1       14
DAYS >= .10         8               7.7     0.3        8
DAYS >= .50         1               2.4    -1.4
DAYS >= 1.00        0               0.7    -0.7        1
GREATEST
 24 HR. TOTAL    0.60   03/28 TO 03/28           03/04 TO 03/04
                                                          03/04 TO 03/04
                                                          03/04 TO 03/04
 STORM TOTAL       MM                                 MM
 (MM/DD(HH))            MM                    03/04(00) TO 03/04(00)
                                                 03/04(00) TO 03/04(00)4
                                                 03/04(00) TO 03/04(00)4

SNOWFALL (INCHES)
TOTALS             MM

DEGREE_DAYS
HEATING TOTAL     437               671    -234      741
 SINCE 7/1       3650              4461    -811     4959
COOLING TOTAL       8                 3       5        0
 SINCE 1/1          8                 3       5        0
.....................................................

WIND (MPH)
AVERAGE WIND SPEED              6.7
HIGHEST WIND SPEED/DIRECTION    31/270    DATE  03/01
HIGHEST GUST SPEED/DIRECTION    43/280    DATE  03/01

SKY COVER
POSSIBLE SUNSHINE (PERCENT)   MM
AVERAGE SKY COVER           0.50
NUMBER OF DAYS FAIR           12
NUMBER OF DAYS PC             10
NUMBER OF DAYS CLOUDY          9

AVERAGE RH (PERCENT)     62

WEATHER CONDITIONS. NUMBER OF DAYS WITH
THUNDERSTORM              0     MIXED PRECIP               0
HEAVY RAIN                1     RAIN                       5
LIGHT RAIN               13     FREEZING RAIN              0
LT FREEZING RAIN          0     HAIL                       0
HEAVY SNOW                0     SNOW                       0
LIGHT SNOW                2     SLEET                      0
FOG                      14     FOG W/VIS <= 1/4 MILE      1
HAZE                      3

-  INDICATES NEGATIVE NUMBERS.
R  INDICATES RECORD WAS SET OR TIED.
MM INDICATES DATA IS MISSING.
T  INDICATES TRACE AMOUNT.

$$
