000
CXUS46 KLOX 011911
CLMPMD


CLIMATE REPORT
NATIONAL WEATHER SERVICE LOS ANGELES/OXNARD CA
1211 PM PDT SAT JUL 1 2017

...................................

...THE PALMDALE AIRPORT CA CLIMATE SUMMARY FOR THE MONTH OF JUNE 2017...

CLIMATE NORMAL PERIOD 1981 TO 2010
CLIMATE RECORD PERIOD 1931 TO 2017

WEATHER         OBSERVED          NORMAL  DEPART  LAST YEAR`S
                 VALUE   DATE(S)  VALUE   FROM    VALUE
                                          NORMAL
.............................................................
TEMPERATURE (F)
HIGHEST           109   06/24
                        06/23
LOWEST             47   06/12
AVG. MAXIMUM     96.2              91.0     5.2
AVG. MINIMUM     63.4              58.9     4.5
MEAN             79.8              75.0     4.8
DAYS MAX >= 90     23
DAYS MAX <= 32      0
DAYS MIN <= 32      0
DAYS MIN <= 0       0

PRECIPITATION (INCHES)
TOTALS           0.00              0.09   -0.09
DAILY AVG.       0.00
DAYS >= .01         0
DAYS >= .10         0
DAYS >= .50         0
DAYS >= 1.00        0
GREATEST
 24 HR. TOTAL    0.00   06/30 TO 06/30
                        06/29 TO 06/29
                        06/28 TO 06/28
 STORM TOTAL       MM
 (MM/DD(HH))

DEGREE_DAYS
HEATING TOTAL       7                 7       0        0
 SINCE 7/1       2331              2925    -594     2605
COOLING TOTAL     459               306     153      488
 SINCE 1/1        640               476     164      632
..............................................................

WIND (MPH)
AVERAGE WIND SPEED              11.5
HIGHEST WIND SPEED/DIRECTION    36/300    DATE  06/12
HIGHEST GUST SPEED/DIRECTION    43/MM     DATE   MM

SKY COVER
POSSIBLE SUNSHINE (PERCENT)   MM
AVERAGE SKY COVER           0.00
NUMBER OF DAYS FAIR           30
NUMBER OF DAYS PC              0
NUMBER OF DAYS CLOUDY          0

AVERAGE RH (PERCENT)     31

WEATHER CONDITIONS. NUMBER OF DAYS WITH
THUNDERSTORM              0     MIXED PRECIP               0
HEAVY RAIN                0     RAIN                       0
LIGHT RAIN                0     FREEZING RAIN              0
LT FREEZING RAIN          0     HAIL                       0
HEAVY SNOW                0     SNOW                       0
LIGHT SNOW                0     SLEET                      0
FOG                       0     FOG W/VIS <= 1/4 MILE      0
HAZE                      0

-  INDICATES NEGATIVE NUMBERS.
R  INDICATES RECORD WAS SET OR TIED.
MM INDICATES DATA IS MISSING.
T  INDICATES TRACE AMOUNT.

$$
