000
CXUS54 KMOB 011459
CLMPNS


CLIMATE REPORT
NATIONAL WEATHER SERVICE MOBILE AL
857 AM CST WED MAR 1 2017

...................................

...THE PENSACOLA CLIMATE SUMMARY FOR THE MONTH OF FEBRUARY 2017...

CLIMATE NORMAL PERIOD 1981 TO 2010
CLIMATE RECORD PERIOD 1879 TO 2017

WEATHER         OBSERVED          NORMAL  DEPART  LAST YEAR`S
                 VALUE   DATE(S)  VALUE   FROM    VALUE  DATE(S)
                                          NORMAL
................................................................
TEMPERATURE (F)
RECORD
 HIGH              82   02/25/2011
                        02/26/1972
                        22/12/2298
 LOW                7   02/13/1899
HIGHEST            81   02/19        MM      MM       76  02/21
                        02/12                             02/12
                                                          02/01
LOWEST             38   02/04        MM      MM       29  02/10
AVG. MAXIMUM     73.5              63.8     9.7     66.2
AVG. MINIMUM     53.6              45.5     8.1     46.9
MEAN             63.6              54.7     8.9     56.6
DAYS MAX >= 90      0               0.0     0.0        0
DAYS MAX <= 32      0               0.0     0.0        0
DAYS MIN <= 32      0               2.0    -2.0        1
DAYS MIN <= 0       0               0.0     0.0        0

PRECIPITATION (INCHES)
RECORD
 MAXIMUM           MM   MM
 MINIMUM           MM   MM
TOTALS           3.62              5.06   -1.44     4.71
DAILY AVG.       0.13              0.18   -0.05     0.16
DAYS >= .01         7               8.6    -1.6        5
DAYS >= .10         3               6.0    -3.0        3
DAYS >= .50         2               3.2    -1.2        3
DAYS >= 1.00        2               1.5     0.5        2
GREATEST
 24 HR. TOTAL    2.00   02/21 TO 02/22

SNOWFALL (INCHES)
RECORDS
 TOTAL             MM   MM
 SNOW DEPTH        MM   MM
TOTALS            0.0               0.0     0.0      0.0
SINCE 7/1         0.0               0.0     0.0      0.0
SNOWDEPTH AVG.      0                MM      MM        0
DAYS >= 1.0         0               0.0     0.0        0
GREATEST
 SNOW DEPTH         0   MM                             0  MM
 24 HR TOTAL      0.0   02/28 TO 02/28

DEGREE_DAYS
HEATING TOTAL      81               297    -216      253
 SINCE 7/1        533              1308    -775      882
COOLING TOTAL      46                 8      38       18
 SINCE 1/1        110                14      96       18
.................................................................

WIND (MPH)
AVERAGE WIND SPEED              7.8
HIGHEST WIND SPEED/DIRECTION    35/320    DATE  02/07
HIGHEST GUST SPEED/DIRECTION    43/290    DATE  02/07

SKY COVER
POSSIBLE SUNSHINE (PERCENT)   MM
AVERAGE SKY COVER           0.40
NUMBER OF DAYS FAIR           16
NUMBER OF DAYS PC              8
NUMBER OF DAYS CLOUDY          4

AVERAGE RH (PERCENT)     72

WEATHER CONDITIONS. NUMBER OF DAYS WITH
THUNDERSTORM              0     MIXED PRECIP               0
HEAVY RAIN                3     RAIN                       5
LIGHT RAIN               12     FREEZING RAIN              0
LT FREEZING RAIN          0     HAIL                       0
HEAVY SNOW                0     SNOW                       0
LIGHT SNOW                0     SLEET                      0
FOG                      17     FOG W/VIS <= 1/4 MILE      6
HAZE                      5

-  INDICATES NEGATIVE NUMBERS.
R  INDICATES RECORD WAS SET OR TIED.
MM INDICATES DATA IS MISSING.
T  INDICATES TRACE AMOUNT.

$$
