000
CXUS54 KMOB 072338 CCA
CLMPNS

CLIMATE REPORT
NATIONAL WEATHER SERVICE MOBILE AL
830 AM CDT THU JUN 1 2017

...................................

...THE PENSACOLA CLIMATE SUMMARY FOR THE MONTH OF MAY 2017...

CLIMATE NORMAL PERIOD 1981 TO 2010
CLIMATE RECORD PERIOD 1879 TO 2017

WEATHER         OBSERVED          NORMAL  DEPART  LAST YEAR`S
                 VALUE   DATE(S)  VALUE   FROM    VALUE  DATE(S)
                                          NORMAL
................................................................
TEMPERATURE (F)
RECORD
 HIGH             100   05/27/1953
 LOW               44   05/04/1921
                        05/07/1898
HIGHEST            89   05/29        MM      MM       92  05/30
                        05/16
                        05/14
LOWEST             52   05/06        MM      MM       54  05/06
                        05/05
AVG. MAXIMUM     84.6              83.2     1.4     84.5
AVG. MINIMUM     67.0              66.0     1.0     67.6
MEAN             75.8              74.6     1.2     76.1
DAYS MAX >= 90      0               2.1    -2.1        4
DAYS MAX <= 32      0               0.0     0.0        0
DAYS MIN <= 32      0               0.0     0.0        0
DAYS MIN <= 0       0               0.0     0.0        0

PRECIPITATION (INCHES)

TOTALS           7.08              4.18    2.90     1.96
DAILY AVG.       0.23              0.13    0.10     0.06
DAYS >= .01        13               6.7     6.3        6
DAYS >= .10        10               4.7     5.3        3
DAYS >= .50         6               2.4     3.6        1
DAYS >= 1.00        2               1.3     0.7        1
GREATEST
 24 HR. TOTAL    1.80   05/20 TO 05/20

DEGREE_DAYS
COOLING TOTAL     348               300      48      351
 SINCE 1/1        796               448     348      596
.................................................................

WIND (MPH)
AVERAGE WIND SPEED              8.7
HIGHEST WIND SPEED/DIRECTION    37/160    DATE  05/01
HIGHEST GUST SPEED/DIRECTION    49/170    DATE  05/01

SKY COVER
POSSIBLE SUNSHINE (PERCENT)   MM
AVERAGE SKY COVER           0.30
NUMBER OF DAYS FAIR           20
NUMBER OF DAYS PC             10
NUMBER OF DAYS CLOUDY          1

AVERAGE RH (PERCENT)     67

WEATHER CONDITIONS. NUMBER OF DAYS WITH
THUNDERSTORM              0     MIXED PRECIP               0
HEAVY RAIN                8     RAIN                       9
LIGHT RAIN               15     FREEZING RAIN              0
LT FREEZING RAIN          0     HAIL                       0
HEAVY SNOW                0     SNOW                       0
LIGHT SNOW                0     SLEET                      0
FOG                      10     FOG W/VIS <= 1/4 MILE      0
HAZE                      3

-  INDICATES NEGATIVE NUMBERS.
R  INDICATES RECORD WAS SET OR TIED.
MM INDICATES DATA IS MISSING.
T  INDICATES TRACE AMOUNT.

$$
