000
CXUS54 KMOB 010723
CLMPNS


CLIMATE REPORT
NATIONAL WEATHER SERVICE MOBILE AL
213 AM CDT WED JUL 1 2015

...................................

...THE PENSACOLA CLIMATE SUMMARY FOR THE MONTH OF JUNE 2015...

CLIMATE NORMAL PERIOD 1981 TO 2010
CLIMATE RECORD PERIOD 1879 TO 2015

WEATHER         OBSERVED          NORMAL  DEPART  LAST YEAR`S
                 VALUE   DATE(S)  VALUE   FROM    VALUE  DATE(S)
                                          NORMAL
................................................................
TEMPERATURE (F)
RECORD
 HIGH             102   06/04/2011
                        06/23/2009

 LOW               55   06/11/1913
                        06/01/1889
HIGHEST            94   06/22                         94  06/08
LOWEST             69   06/03                         68  06/14
                        06/02
AVG. MAXIMUM     88.2              88.5    -0.3     88.6
AVG. MINIMUM     73.4              72.5     0.9     73.0
MEAN             80.8              80.5     0.3     80.8
DAYS MAX >= 90     11              10.3     0.7       14
DAYS MAX <= 32      0               0.0     0.0        0
DAYS MIN <= 32      0               0.0     0.0        0
DAYS MIN <= 0       0               0.0     0.0        0

PRECIPITATION (INCHES)

TOTALS           4.10              6.60   -2.50     3.26
DAILY AVG.       0.14              0.22   -0.08     0.11
DAYS >= .01        12              11.1     0.9       12
DAYS >= .10         9               8.1     0.9        9
DAYS >= .50         3               3.8    -0.8        1
DAYS >= 1.00        1               1.9    -0.9        0
GREATEST
 24 HR. TOTAL    1.12   06/25 TO 06/26

DEGREE_DAYS
COOLING TOTAL     483               465      18      479
 SINCE 1/1       1136               913     223      930
.................................................................

WIND (MPH)
AVERAGE WIND SPEED              7.4
HIGHEST WIND SPEED/DIRECTION    43/330    DATE  06/30
HIGHEST GUST SPEED/DIRECTION    52/330    DATE  06/30

SKY COVER
POSSIBLE SUNSHINE (PERCENT)   MM
AVERAGE SKY COVER           0.20
NUMBER OF DAYS FAIR           24
NUMBER OF DAYS PC              6
NUMBER OF DAYS CLOUDY          0

AVERAGE RH (PERCENT)     76

WEATHER CONDITIONS. NUMBER OF DAYS WITH
THUNDERSTORM             14     MIXED PRECIP               0
HEAVY RAIN                6     RAIN                       8
LIGHT RAIN               16     FREEZING RAIN              0
LT FREEZING RAIN          0     HAIL                       0
HEAVY SNOW                0     SNOW                       0
LIGHT SNOW                0     SLEET                      0
FOG                      12     FOG W/VIS <= 1/4 MILE      1
HAZE                      4

-  INDICATES NEGATIVE NUMBERS.
R  INDICATES RECORD WAS SET OR TIED.
MM INDICATES DATA IS MISSING.
T  INDICATES TRACE AMOUNT.

$$
