000
CXUS54 KMOB 010716
CLMPNS


CLIMATE REPORT
NATIONAL WEATHER SERVICE MOBILE AL
209 AM CDT TUE SEP 1 2015

...................................

...THE PENSACOLA CLIMATE SUMMARY FOR THE MONTH OF AUGUST 2015...

CLIMATE NORMAL PERIOD 1981 TO 2010
CLIMATE RECORD PERIOD 1879 TO 2015

WEATHER         OBSERVED          NORMAL  DEPART  LAST YEAR`S
                 VALUE   DATE(S)  VALUE   FROM    VALUE  DATE(S)
                                          NORMAL
................................................................
TEMPERATURE (F)
RECORD
 HIGH             104   08/01/1986
 LOW               60   08/14/2004
HIGHEST            97   08/12                         99  08/23
LOWEST             65   08/27        74      -9       68  08/01
AVG. MAXIMUM     90.5              89.4     1.1     90.3
AVG. MINIMUM     74.6              74.2     0.4     73.6
MEAN             82.6              81.8     0.8     82.0
DAYS MAX >= 90     20              14.1     5.9       17
DAYS MAX <= 32      0               0.0     0.0        0
DAYS MIN <= 32      0               0.0     0.0        0
DAYS MIN <= 0       0               0.0     0.0        0

PRECIPITATION (INCHES)

TOTALS           6.71              6.76   -0.05     1.37
DAILY AVG.       0.22              0.22    0.00     0.04
DAYS >= .01        13              13.6    -0.6        6
DAYS >= .10         8               9.4    -1.4        3
DAYS >= .50         5               4.5     0.5        1
DAYS >= 1.00        2               2.0     0.0        0
GREATEST
 24 HR. TOTAL    2.31   08/16 TO 08/17

DEGREE_DAYS
COOLING TOTAL     553               521      32      532
 SINCE 1/1       2300              1967     333     1956
.................................................................

WIND (MPH)
AVERAGE WIND SPEED              6.9
HIGHEST WIND SPEED/DIRECTION    24/200    DATE  08/18
HIGHEST GUST SPEED/DIRECTION    34/200    DATE  08/18

SKY COVER
POSSIBLE SUNSHINE (PERCENT)   MM
AVERAGE SKY COVER           0.20
NUMBER OF DAYS FAIR           27
NUMBER OF DAYS PC              3
NUMBER OF DAYS CLOUDY          0

AVERAGE RH (PERCENT)     73

WEATHER CONDITIONS. NUMBER OF DAYS WITH
THUNDERSTORM             16     MIXED PRECIP               0
HEAVY RAIN                7     RAIN                       6
LIGHT RAIN               14     FREEZING RAIN              0
LT FREEZING RAIN          0     HAIL                       0
HEAVY SNOW                0     SNOW                       0
LIGHT SNOW                0     SLEET                      0
FOG                       8     FOG W/VIS <= 1/4 MILE      0
HAZE                      2

-  INDICATES NEGATIVE NUMBERS.
R  INDICATES RECORD WAS SET OR TIED.
MM INDICATES DATA IS MISSING.
T  INDICATES TRACE AMOUNT.

$$
