000
CXUS54 KMOB 011735
CLMPNS


CLIMATE REPORT
NATIONAL WEATHER SERVICE MOBILE AL
1128 AM CST MON JAN 1 2018

...................................

...THE PENSACOLA CLIMATE SUMMARY FOR THE MONTH OF DECEMBER 2017...

CLIMATE NORMAL PERIOD 1981 TO 2010
CLIMATE RECORD PERIOD 1879 TO 2017

WEATHER         OBSERVED          NORMAL  DEPART  LAST YEAR`S
                 VALUE   DATE(S)  VALUE   FROM    VALUE  DATE(S)
                                          NORMAL
................................................................
TEMPERATURE (F)
RECORD
 HIGH              81   12/18/2016
                        12/06/2014
                        12/03/1978
 LOW               11   12/13/1962
HIGHEST            80   12/18        MM      MM       81  12/18
LOWEST             32   12/10        MM      MM       35  12/10
AVG. MAXIMUM     64.1              62.6     1.5     68.8
AVG. MINIMUM     47.2              44.4     2.8     51.3
MEAN             55.6              53.5     2.1     60.0
DAYS MAX >= 90      0               0.0     0.0        0
DAYS MAX <= 32      0               0.1    -0.1        0
DAYS MIN <= 32      1               3.5    -2.5        0
DAYS MIN <= 0       0               0.0     0.0        0

PRECIPITATION (INCHES)
RECORD
 MAXIMUM        13.75   2009
 MINIMUM         1.48   2010
TOTALS           3.66              4.55   -0.89     9.62
DAILY AVG.       0.12              0.15   -0.03     0.31
DAYS >= .01        13               9.0     4.0        9
DAYS >= .10         8               6.0     2.0        7
DAYS >= .50         4               2.7     1.3        4
DAYS >= 1.00        0               1.4    -1.4        3
GREATEST
 24 HR. TOTAL    0.98   12/08 TO 12/08

SNOWFALL (INCHES)
RECORDS
 TOTAL              T   2010
                        2004
 SNOW DEPTH         0   MM
TOTALS              TR              0.0     0.0      0.0
SINCE 7/1           T               0.0     0.0      0.0
SNOWDEPTH AVG.      0                MM      MM        0
DAYS >= 1.0         0               0.0     0.0        0
GREATEST
 SNOW DEPTH         0   MM                             0  MM
 24 HR TOTAL        TR  12/08 TO 12/08

DEGREE_DAYS
HEATING TOTAL     321               370     -49      194
 SINCE 7/1        456               582    -126      263
COOLING TOTAL      37                13      24       47
 SINCE 1/1       3370              2609     761     3255
.................................................................

WIND (MPH)
AVERAGE WIND SPEED              8.0
HIGHEST WIND SPEED/DIRECTION    26/330    DATE  12/12
HIGHEST GUST SPEED/DIRECTION    33/240    DATE  12/20

SKY COVER
POSSIBLE SUNSHINE (PERCENT)   MM
AVERAGE SKY COVER           0.50
NUMBER OF DAYS FAIR           10
NUMBER OF DAYS PC             10
NUMBER OF DAYS CLOUDY         11

AVERAGE RH (PERCENT)     73

WEATHER CONDITIONS. NUMBER OF DAYS WITH
THUNDERSTORM              2     MIXED PRECIP               0
HEAVY RAIN                4     RAIN                       8
LIGHT RAIN               15     FREEZING RAIN              0
LT FREEZING RAIN          0     HAIL                       0
HEAVY SNOW                0     SNOW                       0
LIGHT SNOW                1     SLEET                      0
FOG                      20     FOG W/VIS <= 1/4 MILE      5
HAZE                      9

-  INDICATES NEGATIVE NUMBERS.
R  INDICATES RECORD WAS SET OR TIED.
MM INDICATES DATA IS MISSING.
T  INDICATES TRACE AMOUNT.

$$
