000
CXUS51 KALY 010652
CLMPOU


CLIMATE REPORT
NATIONAL WEATHER SERVICE ALBANY NY
149 AM EST WED FEB 1 2017

...................................

...THE POUGHKEEPSIE NY CLIMATE SUMMARY FOR THE MONTH OF JANUARY 2017...

CLIMATE NORMAL PERIOD 1981 TO 2010
CLIMATE RECORD PERIOD 1949 TO 2017

WEATHER         OBSERVED          NORMAL  DEPART  LAST YEAR`S
                 VALUE   DATE(S)  VALUE   FROM    VALUE  DATE(S)
                                          NORMAL
................................................................
TEMPERATURE (F)
HIGHEST            56   01/12                         65  01/10
LOWEST                  01/09                          9  01/06
AVG. MAXIMUM     39.3              35.4     3.9     41.2
AVG. MINIMUM     25.0              15.7     9.3     21.9
MEAN             32.1              25.6     6.5     31.5
DAYS MAX >= 90      0               0.0     0.0        0
DAYS MAX <= 32      7              11.5    -4.5        6
DAYS MIN <= 32     23              28.8    -5.8       27
DAYS MIN <= 0       1               3.4    -2.4        0

PRECIPITATION (INCHES)
RECORD
 MAXIMUM         8.30   1979
 MINIMUM         0.43   1970
TOTALS           2.97              3.08   -0.11     1.21
DAILY AVG.       0.10              0.10    0.00     0.04
DAYS >= .01        12              10.9     1.1        3
DAYS >= .10         6               6.6    -0.6        2
DAYS >= .50         2               2.1    -0.1        1
DAYS >= 1.00        0               0.5    -0.5        0
GREATEST
 24 HR. TOTAL    1.28   01/23 TO 01/24

DEGREE_DAYS
HEATING TOTAL    1010              1223    -213     1030
 SINCE 7/1       3196              3552    -356     2652
COOLING TOTAL       0                 0       0        0
 SINCE 1/1          0                 0       0        0

FREEZE DATES
RECORD
 EARLIEST     09/15/1963
 LATEST       05/25/1949
EARLIEST                        10/09
LATEST                          04/29
.................................................................

WIND (MPH)
AVERAGE WIND SPEED              5.2
HIGHEST WIND SPEED/DIRECTION    25/270    DATE  01/04
HIGHEST GUST SPEED/DIRECTION    33/280    DATE  01/26

SKY COVER
AVERAGE SKY COVER           0.60

AVERAGE RH (PERCENT)     72

WEATHER CONDITIONS. NUMBER OF DAYS WITH
THUNDERSTORM              0     MIXED PRECIP               0
HEAVY RAIN                0     RAIN                       6
LIGHT RAIN                9     FREEZING RAIN              0
LT FREEZING RAIN          1     HAIL                       0
HEAVY SNOW                1     SNOW                       1
LIGHT SNOW                7     SLEET                      1
FOG                      24     FOG W/VIS <= 1/4 MILE      4
HAZE                      8

-  INDICATES NEGATIVE NUMBERS.
R  INDICATES RECORD WAS SET OR TIED.
MM INDICATES DATA IS MISSING.
T  INDICATES TRACE AMOUNT.

$$

RECORDS FOR KPOU DATE BACK TO 1949...HOWEVER DATA IS MISSING
FROM JANUARY 1993 - JULY 2000.
