000
CXUS51 KALY 010806
CLMPOU


CLIMATE REPORT
NATIONAL WEATHER SERVICE ALBANY NY
402 AM EDT SUN OCT 1 2017

...................................

...THE POUGHKEEPSIE NY CLIMATE SUMMARY FOR THE MONTH OF SEPTEMBER 2017...

CLIMATE NORMAL PERIOD 1981 TO 2010
CLIMATE RECORD PERIOD 1949 TO 2017

WEATHER         OBSERVED          NORMAL  DEPART  LAST YEAR`S
                 VALUE   DATE(S)  VALUE   FROM    VALUE  DATE(S)
                                          NORMAL
................................................................
TEMPERATURE (F)
HIGHEST            91   09/25                         91  09/09
LOWEST             40   09/02                         34  09/26
AVG. MAXIMUM     76.7              75.0     1.7     78.8
AVG. MINIMUM     54.3              51.1     3.2     53.1
MEAN             65.5              63.1     2.4     66.0
DAYS MAX >= 90      2               0.9     1.1        2
DAYS MAX <= 32      0               0.0     0.0        0
DAYS MIN <= 32      0               0.1    -0.1        0
DAYS MIN <= 0       0               0.0     0.0        0

PRECIPITATION (INCHES)
RECORD
 MAXIMUM        10.10   2011
 MINIMUM         0.46   1986
TOTALS           1.75              4.28   -2.53     0.93
DAILY AVG.       0.06              0.14   -0.08     0.03
DAYS >= .01         9               9.3    -0.3        7
DAYS >= .10         5               5.8    -0.8        4
DAYS >= .50         0               2.4    -2.4        0
DAYS >= 1.00        0               1.1    -1.1        0
GREATEST
 24 HR. TOTAL    0.49   09/06 TO 09/06

DEGREE_DAYS
HEATING TOTAL      93               123     -30       71
 SINCE 7/1        113               140     -27       73
COOLING TOTAL     114                64      50      107
 SINCE 1/1        688               668      20     1049

FREEZE DATES
RECORD
 EARLIEST     09/15/1963
 LATEST       05/25/1949
EARLIEST                        10/09
LATEST                          04/29
.................................................................

WIND (MPH)
AVERAGE WIND SPEED              3.6
HIGHEST WIND SPEED/DIRECTION    26/260    DATE  09/07
HIGHEST GUST SPEED/DIRECTION    33/270    DATE  09/07

SKY COVER
AVERAGE SKY COVER           0.30

AVERAGE RH (PERCENT)     73

WEATHER CONDITIONS. NUMBER OF DAYS WITH
THUNDERSTORM              2     MIXED PRECIP               0
HEAVY RAIN                4     RAIN                       4
LIGHT RAIN                8     FREEZING RAIN              0
LT FREEZING RAIN          0     HAIL                       0
HEAVY SNOW                0     SNOW                       0
LIGHT SNOW                0     SLEET                      0
FOG                      20     FOG W/VIS <= 1/4 MILE      6
HAZE                      5

-  INDICATES NEGATIVE NUMBERS.
R  INDICATES RECORD WAS SET OR TIED.
MM INDICATES DATA IS MISSING.
T  INDICATES TRACE AMOUNT.

$$

RECORDS FOR POUGHKEEPSIE DATE BACK TO 1949...HOWEVER DATA IS MISSING
FROM JANUARY 1993 THORUGH JULY 2000
