000
CXUS51 KALY 010825
CLMPOU


CLIMATE REPORT
NATIONAL WEATHER SERVICE ALBANY NY
423 AM EDT TUE APR 1 2014

...................................

...THE POUGHKEEPSIE NY CLIMATE SUMMARY FOR THE MONTH OF MARCH 2014...

CLIMATE NORMAL PERIOD 1981 TO 2010
CLIMATE RECORD PERIOD 1949 TO 2014

WEATHER         OBSERVED          NORMAL  DEPART  LAST YEAR`S
                 VALUE   DATE(S)  VALUE   FROM    VALUE  DATE(S)
                                          NORMAL
................................................................
TEMPERATURE (F)
HIGHEST            61   03/22                         59  03/30
LOWEST             -2R  03/04                         18  03/18
AVG. MAXIMUM     41.8              48.1    -6.3     45.7
AVG. MINIMUM     21.4              25.5    -4.1     27.7
MEAN             31.6              36.8    -5.2     36.7
DAYS MAX >= 90      0               0.0     0.0        0
DAYS MAX <= 32      5               1.2     3.8        0
DAYS MIN <= 32     26              23.9     2.1       27
DAYS MIN <= 0       2               0.1     1.9        0

PRECIPITATION (INCHES)
RECORD
 MAXIMUM         7.39   1983
 MINIMUM         0.15   1981
                        2006
TOTALS           2.75              3.57   -0.82     1.48
DAILY AVG.       0.09              0.12   -0.03     0.05
DAYS >= .01         6              10.7    -4.7        6
DAYS >= .10         5               6.9    -1.9        5
DAYS >= .50         2               2.5    -0.5        1
DAYS >= 1.00        1               0.7     0.3        0
GREATEST
 24 HR. TOTAL    1.27   03/29 TO 03/29

DEGREE_DAYS
HEATING TOTAL    1027               874     153      868
 SINCE 7/1       5730              5445     285     4989
COOLING TOTAL       0                 0       0        0
 SINCE 1/1          0                 0       0        0

FREEZE DATES
RECORD
 EARLIEST     09/15/1963
 LATEST       05/25/1949
EARLIEST      03/01             10/09
LATEST                          04/29
.................................................................

WIND (MPH)
AVERAGE WIND SPEED              6.5
HIGHEST WIND SPEED/DIRECTION    29/320    DATE  03/26
HIGHEST GUST SPEED/DIRECTION    40/290    DATE  03/26

SKY COVER
AVERAGE SKY COVER           0.50

AVERAGE RH (PERCENT)     57

WEATHER CONDITIONS. NUMBER OF DAYS WITH
THUNDERSTORM              0     MIXED PRECIP               0
HEAVY RAIN                1     RAIN                       4
LIGHT RAIN                6     FREEZING RAIN              0
LT FREEZING RAIN          1     HAIL                       0
HEAVY SNOW                0     SNOW                       0
LIGHT SNOW                1     SLEET                      0
FOG                       8     FOG W/VIS <= 1/4 MILE      2
HAZE                      4

-  INDICATES NEGATIVE NUMBERS.
R  INDICATES RECORD WAS SET OR TIED.
MM INDICATES DATA IS MISSING.
T  INDICATES TRACE AMOUNT.

$$
