000
CXUS51 KALY 010912
CLMPOU


CLIMATE REPORT
NATIONAL WEATHER SERVICE ALBANY NY
507 AM EDT SUN MAY 1 2016

...................................

...THE POUGHKEEPSIE NY CLIMATE SUMMARY FOR THE MONTH OF APRIL 2016...

CLIMATE NORMAL PERIOD 1981 TO 2010
CLIMATE RECORD PERIOD 1949 TO 2016

WEATHER         OBSERVED          NORMAL  DEPART  LAST YEAR`S
                 VALUE   DATE(S)  VALUE   FROM    VALUE  DATE(S)
                                          NORMAL
................................................................
TEMPERATURE (F)
HIGHEST            81   04/22                         81  04/18
LOWEST             19   04/06                         24  04/02
                                                          04/01
AVG. MAXIMUM     61.2              60.8     0.4     61.3
AVG. MINIMUM     37.3              36.6     0.7     37.1
MEAN             49.3              48.7     0.6     49.2
DAYS MAX >= 90      0               0.2    -0.2        0
DAYS MAX <= 32      0               0.0     0.0        0
DAYS MIN <= 32      9               9.3    -0.3        9
DAYS MIN <= 0       0               0.0     0.0        0

PRECIPITATION (INCHES)
RECORD
 MAXIMUM         8.51   1983
 MINIMUM         1.03   1978
TOTALS           2.23              3.78   -1.55     2.23
DAILY AVG.       0.07              0.13   -0.06     0.07
DAYS >= .01        10              10.8    -0.8       10
DAYS >= .10         7               6.6     0.4        9
DAYS >= .50         0               2.2    -2.2        1
DAYS >= 1.00        0               0.9    -0.9        0
GREATEST
 24 HR. TOTAL    0.42   04/25 TO 04/26

DEGREE_DAYS
HEATING TOTAL     470               494     -24      465
 SINCE 7/1       4585              5939   -1354     6151
COOLING TOTAL       4                 5      -1        0
 SINCE 1/1          4                 5      -1        0

FREEZE DATES
RECORD
 EARLIEST     09/15/1963
 LATEST       05/25/1949
EARLIEST                        10/09
LATEST                          04/29
.................................................................

WIND (MPH)
AVERAGE WIND SPEED              5.8
HIGHEST WIND SPEED/DIRECTION    29/290    DATE  04/03
HIGHEST GUST SPEED/DIRECTION    45/300    DATE  04/03

SKY COVER
AVERAGE SKY COVER           0.40

AVERAGE RH (PERCENT)     54

WEATHER CONDITIONS. NUMBER OF DAYS WITH
THUNDERSTORM              0     MIXED PRECIP               0
HEAVY RAIN                1     RAIN                       4
LIGHT RAIN               10     FREEZING RAIN              0
LT FREEZING RAIN          1     HAIL                       0
HEAVY SNOW                1     SNOW                       1
LIGHT SNOW                2     SLEET                      0
FOG                      10     FOG W/VIS <= 1/4 MILE      1
HAZE                      4

-  INDICATES NEGATIVE NUMBERS.
R  INDICATES RECORD WAS SET OR TIED.
MM INDICATES DATA IS MISSING.
T  INDICATES TRACE AMOUNT.

$$

RECORDS FOR KPOU DATE BACK TO 1949...HOWEVER DATA IS MISSING FROM
JANUARY 1993 THORUGH JULY 2000
