000
CXZS50 NSTU 132225
CLMPPG

CLIMATE REPORT
NATIONAL WEATHER SERVICE PAGO PAGO AS
1125 AM SST THU JUL 13 2015

.....................................

...THE PAGO PAGO AIRPORT CLIMATE SUMMARY FOR THE MONTH OF JULY 2015...

CLIMATE NORMAL PERIOD 1981 TO 2010
CLIMATE RECORD PERIOD 1956 TO 2015

WEATHER ITEM      OBSERVED    DATES       NORMAL      DEPARTURE   LAST YEAR
                  VALUE                   VALUE       FROM        VALUE DATE(S)
                                                      NORMAL
.............................................................................
TEMPERATURE (F)
RECORD
 HIGH             91          07/28/2002
 LOW              62          07/04/1964

HIGHEST           87          07/12        84         3           87 07/21
                                                                     07/20
                                                                     07/19
                                                                     07/18
                                                                     07/17
                                                                     07/08
                                                                     07/06

LOWEST            75          07/10        76        -1           66 07/12
                              07/09
                              07/06
                              07/05

AVG. MAXIMUM      82.5                    84.2       -1.7         83.4
AVG. MINIMUM      76.7                    76.3        0.4         75.3
MEAN              79.6                    80.3       -0.7         79.4
DAYS MAX >= 90     0                       0.2       -0.2          0
DAYS MAX <= 32     0                       0.0        0.0          0
DAYS MIN <= 32     0                       0.0        0.0          0
DAYS MIN <= 0      0                       0.0        0.0          0

PRECIPITATION (INCHES)
RECORD
 MAXIMUM          19.59      1962
 MINIMUM           0.72      1974
TOTALS             3.99                   6.47       -2.48        18.48
DAILY AVG.         0.13                   0.21       -0.08         0.60
DAYS >= .01       20                     19.3         0.7         21
DAYS >= .10        9                     10.4        -1.4         11
DAYS >= .50        2                      3.8        -1.8          5
DAYS >= 1.00       0                      1.9        -1.9          3
GREATEST
 24 HR. TOTAL      1.22      07/09 TO 10              6.41   07/29 TO 30

DEGREE DAYS
HEATING TOTAL     000                     00          00          00
SINCE 1/1         000                     00          00          00
COOLING TOTAL     462                    473         -11         452
SINCE 1/1        3595                   3583          12        3571

WIND (MPH)
AVERAGE WIND SPEED 15.9
HIGHEST WIND SPEED/DIRECTION   29/140     DATE 07/23
HIGHEST GUST SPEED/DIRECTION   MM         DATE MM

SKY COVER
POSSIBLE SUNSHINE (PERCENT)    MM
AVERAGE SKY COVER               6.0
NUMBER OF DAYS FAIR            00
NUMBER OF DAYS PC              18
NUMBER OF DAYS CLOUDY          13

AVERAGE RH (PERCENT)           83

WEATHER CONDITIONS NUMBER OF DAYS WITH
THUNDERSTORM            01    MIXED PRECIP            00
HEAVY RAIN              02    RAIN                    01
LIGHT RAIN              21    FREEZING RAIN           00
LT FREEZING RAIN        00    HAIL                    00
HEAVY SNOW              00    SNOW                    00
LIGHT SNOW              00    SLEET                   00
FOG                     00    FOG W/VIS <= 1/4 MILE   00
HAZE                    00

- INDICATES NEGATIVE NUMBERS
R INDICATES RECORD WAS SET OR TIED
MM INDICATES DATA IS MISSING
T INDICATES TRACE AMOUNT
