000
CXZS50 NSTU 072146
CLMPPG

CLIMATE REPORT
NATIONAL WEATHER SERVICE PAGO PAGO AS
1047 AM SST THU DEC 7 2017

.....................................

...THE PAGO PAGO AIRPORT CLIMATE SUMMARY FOR THE MONTH OF NOVEMBER 2017...

CLIMATE NORMAL PERIOD 1981 TO 2010
CLIMATE RECORD PERIOD 1956 TO 2017

WEATHER ITEM      OBSERVED    DATES       NORMAL      DEPARTURE   LAST YEAR
                  VALUE                   VALUE       FROM        VALUE DATE(S)
                                                      NORMAL
.............................................................................
TEMPERATURE (F)
RECORD
 HIGH             95         11/18/1998
 LOW              60         11/11/1959

HIGHEST           90         11/10         87          3           91 11/28

LOWEST            74         11/24         77         -3           74 11/7

AVG. MAXIMUM      87.0                    86.6        0.4         87.0
AVG. MINIMUM      77.9                    77.3        0.6         77.6
MEAN              82.5                    82.0        0.5         82.3
DAYS MAX >= 90     1                       2.1       -1.1          5
DAYS MAX <= 32     0                       0.0        0.0          0
DAYS MIN <= 32     0                       0.0        0.0          0
DAYS MIN <= 0      0                       0.0        0.0          0

PRECIPITATION (INCHES)
RECORD
 MAXIMUM          25.67      1978
 MINIMUM           1.36      1965
TOTALS            12.89                  11.30        1.59        12.86
DAILY AVG.         0.43                   0.38        0.05         0.43
DAYS >= .01       25                     20.8         4.2         21
DAYS >= .10       18                     14.3         3.7         12
DAYS >= .50        7                      6.8         0.2          3
DAYS >= 1.00       4                      3.6         0.4          3
GREATEST
 24 HR. TOTAL      4.43     11/23 TO 24               6.58     11/6 TO 7

DEGREE DAYS
HEATING TOTAL     000                     00          00          00
SINCE 1/1         000                     00          00          00
COOLING TOTAL     529                    508          21         526
SINCE 1/1        5820                   5552         268        5960

WIND (MPH)
AVERAGE WIND SPEED  8.5
HIGHEST WIND SPEED/DIRECTION   23/110     DATE 11/28
HIGHEST GUST SPEED/DIRECTION   MM         DATE MM

SKY COVER
POSSIBLE SUNSHINE (PERCENT)    MM
AVERAGE SKY COVER               6.1
NUMBER OF DAYS FAIR             0
NUMBER OF DAYS PC              17
NUMBER OF DAYS CLOUDY          13

AVERAGE RH (PERCENT)           88.8

WEATHER CONDITIONS NUMBER OF DAYS WITH
THUNDERSTORM             3    MIXED PRECIP            00
HEAVY RAIN              13    RAIN                    00
LIGHT RAIN              25    FREEZING RAIN           00
LT FREEZING RAIN        00    HAIL                    00
HEAVY SNOW              00    SNOW                    00
LIGHT SNOW              00    SLEET                   00
FOG                     00    FOG W/VIS <= 1/4 MILE   00
HAZE                    00

- INDICATES NEGATIVE NUMBERS
R INDICATES RECORD WAS SET OR TIED
MM INDICATES DATA IS MISSING
T INDICATES TRACE AMOUNTTEMPERATURE (F)
