000
CXZS50 NSTU 080530
CLMPPG

CLIMATE REPORT
NATIONAL WEATHER SERVICE PAGO PAGO AS
630 PM SST THU AUG 7 2014

.....................................

...THE PAGO PAGO AIRPORT CLIMATE SUMMARY FOR THE MONTH OF JULY 2014...

CLIMATE NORMAL PERIOD 1981 TO 2010
CLIMATE RECORD PERIOD 1956 TO 2014

WEATHER ITEM      OBSERVED    DATES       NORMAL      DEPARTURE   LAST YEAR
                  VALUE                   VALUE       FROM        VALUE DATE(S)
                                                      NORMAL
.............................................................................
TEMPERATURE (F)
RECORD
 HIGH             91          07/28/2002
 LOW              62          07/04/1964
HIGHEST           87          07/21        84         3           88 07/12
                              07/20
                              07/19
                              07/18
                              07/17
                              07/08
                              07/06
LOWEST            66          07/12        76        -10          73 07/23
                                                                     07/22
                                                                     07/21

AVG. MAXIMUM      83.4                    84.2       -0.8         84.4
AVG. MINIMUM      75.3                    76.3       -1.0         76.8
MEAN              79.4                    80.3       -0.9         80.6
DAYS MAX >= 90     0                       0.2       -0.2          0
DAYS MAX <= 32     0                       0.0        0.0          0
DAYS MIN <= 32     0                       0.0        0.0          0
DAYS MIN <= 0      0                       0.0        0.0          0

PRECIPITATION (INCHES)
RECORD
 MAXIMUM          19.59      1962
 MINIMUM           0.72      1974
TOTALS            18.48                   6.47       12.01         8.48
DAILY AVG.         0.60                   0.21        0.39         0.27
DAYS >= .01       21                     19.3         1.7         23
DAYS >= .10       11                     10.4         0.6         18
DAYS >= .50        5                      3.8         1.2          8
DAYS >= 1.00       3                      1.9         1.1          1
GREATEST
 24 HR. TOTAL      6.41      07/29 TO 30                1.60 07/27 TO 28

DEGREE DAYS
HEATING TOTAL     000                     00          00          00
SINCE 1/1         000                     00          00          00
COOLING TOTAL     452                    473         -21         491
SINCE 1/1        3571                   3583         -12        3716

WIND (MPH)
AVERAGE WIND SPEED 10.3
HIGHEST WIND SPEED/DIRECTION   25/140     DATE 07/29
HIGHEST GUST SPEED/DIRECTION   MM         DATE MM

SKY COVER
POSSIBLE SUNSHINE (PERCENT)    MM
AVERAGE SKY COVER               5.7
NUMBER OF DAYS FAIR            02
NUMBER OF DAYS PC              15
NUMBER OF DAYS CLOUDY          14

AVERAGE RH (PERCENT)           86

WEATHER CONDITIONS NUMBER OF DAYS WITH
THUNDERSTORM            00    MIXED PRECIP            00
HEAVY RAIN              06    RAIN                    15
LIGHT RAIN              21    FREEZING RAIN           00
LT FREEZING RAIN        00    HAIL                    00
HEAVY SNOW              00    SNOW                    00
LIGHT SNOW              00    SLEET                   00
FOG                     00    FOG W/VIS <= 1/4 MILE   00
HAZE                    00

- INDICATES NEGATIVE NUMBERS
R INDICATES RECORD WAS SET OR TIED
MM INDICATES DATA IS MISSING
T INDICATES TRACE AMOUNT

$$
