000
CXUS46 KLOX 011643
CLMPRB


CLIMATE REPORT
NATIONAL WEATHER SERVICE LOS ANGELES/OXNARD CA
842 AM PST MON FEB 1 2016

...................................

...THE PASO ROBLES AIRPORT CA CLIMATE SUMMARY FOR THE MONTH OF JANUARY 2016...

CLIMATE NORMAL PERIOD 1981 TO 2010
CLIMATE RECORD PERIOD 1948 TO 2016

WEATHER         OBSERVED          NORMAL  DEPART  LAST YEAR`S
                 VALUE   DATE(S)  VALUE   FROM    VALUE
                                          NORMAL
.............................................................
TEMPERATURE (F)
HIGHEST            68   01/29
LOWEST             24   01/01
AVG. MAXIMUM     60.4              59.5     0.9
AVG. MINIMUM     41.6              34.9     6.7
MEAN             51.0              47.2     3.8
DAYS MAX >= 90      0
DAYS MAX <= 32      0
DAYS MIN <= 32      1
DAYS MIN <= 0       0

PRECIPITATION (INCHES)
TOTALS           3.49              2.75    0.74
DAILY AVG.       0.11
DAYS >= .01        14
DAYS >= .10         7
DAYS >= .50         4
DAYS >= 1.00        0
GREATEST
 24 HR. TOTAL    0.82   01/06 TO 01/07
 STORM TOTAL       MM
 (MM/DD(HH))

DEGREE_DAYS
HEATING TOTAL     425               552    -127      438
 SINCE 7/1       1465              1676    -211     1106
COOLING TOTAL       0                 0       0        0
 SINCE 1/1          0                 0       0        0
..............................................................

WIND (MPH)
AVERAGE WIND SPEED              4.4
HIGHEST WIND SPEED/DIRECTION    31/230    DATE  01/06
HIGHEST GUST SPEED/DIRECTION    39/230    DATE  01/06

SKY COVER
POSSIBLE SUNSHINE (PERCENT)   MM
AVERAGE SKY COVER           0.50
NUMBER OF DAYS FAIR           11
NUMBER OF DAYS PC             14
NUMBER OF DAYS CLOUDY          6

AVERAGE RH (PERCENT)     79

WEATHER CONDITIONS. NUMBER OF DAYS WITH
THUNDERSTORM              0     MIXED PRECIP               0
HEAVY RAIN                4     RAIN                       7
LIGHT RAIN               15     FREEZING RAIN              0
LT FREEZING RAIN          0     HAIL                       0
HEAVY SNOW                0     SNOW                       0
LIGHT SNOW                0     SLEET                      0
FOG                      26     FOG W/VIS <= 1/4 MILE     10
HAZE                      2

-  INDICATES NEGATIVE NUMBERS.
R  INDICATES RECORD WAS SET OR TIED.
MM INDICATES DATA IS MISSING.
T  INDICATES TRACE AMOUNT.

$$
