000
CXUS56 KPDT 011504
CLMPSC

CLIMATE REPORT
NATIONAL WEATHER SERVICE PENDLETON OREGON
702 AM PST MON DEC 01 2014

....................................

...THE PASCO WA CLIMATE SUMMARY FOR THE MONTH OF NOVEMBER 2014...

CLIMATE NORMAL PERIOD 1981 TO 2010
CLIMATE RECORD PERIOD 1942 TO 2014

WEATHER         OBSERVED          NORMAL  DEPART  LAST YEAR`S
                 VALUE   DATE(S)  VALUE   FROM    VALUE  DATE(S)
                                          NORMAL

................................................................

TEMPERATURE (F)
RECORD
 HIGH              77  11/13/1999
 LOW               -7  11/24/2010
HIGHEST            68  11/ 6       30        38            65  11/ 1
LOWEST              8  11/30        6         2             9  11/22
AVG. MAXIMUM     48.0            50.2      -2.2          47.9
AVG. MINUMUM     29.3            32.4      -3.1          28.3
MEAN             38.6            41.3      -2.7          38.1
DAYS MAX >= 90      0               0         0             0
DAYS MAX <= 32      7              18       -11             1
DAYS MIN <= 32     18              24        -6            18
DAYS MIN <= 0       0              17       -17            18


PRECIPITATION (INCHES)
RECORD
 MAXIMUM          1.23   2001
 MINIMUM          0.17   2011
TOTALS            0.51            1.09     -0.58          0.40
DAILY AVG.        0.02            0.04     -0.02          0.01
DAYS >=  0.01        6               3         3             6
DAYS >=  0.10        2               1         1             1
DAYS >=  0.50        0               0         0             0
DAYS >=  1.00        0               0         0             0
GREATEST
 24 HR. TOTAL     0.25  11/ 4



SNOWFALL (INCHES)
RECORD
 MAXIMUM           1.0   1945
 MINIMUM           0.0   2013
TOTALS             0.1             0.0       0.1           0.0
SINCE 7/1          0.1             0.0       0.1           0.0
DAYS >=  TRACE      11               0        10
DAYS >=  1.0         0               0         0             0
GREATEST
 24 HR. TOTAL      0.1  11/29


DEGREE DAYS
HEATING TOTAL      784             710        74           797
 SINCE 7/1        1065            1221      -156          1350
COOLING TOTAL        0               0         0             0
 SINCE 1/1         991             704       287           995

.............................................................

WIND (MPH)
AVERAGE WIND SPEED                     6.6
RESULTANT WIND SPEED/DIRECTION         4/221
HIGHEST WIND SPEED/DIRECTION          36/220      DATE          11/28
HIGHEST GUST SPEED/DIRECTION          46/230      DATE          11/28


WEATHER CONDITIONS. NUMBER OF DAYS WITH
THUNDERSTORM               0    MIXED PRECIP                           0
HEAVY RAIN                 0    RAIN                                   2
LIGHT RAIN                12    FREEZING RAIN                          0
LT FREEZING RAIN           0    HAIL                                   0
HEAVY SNOW                 0    SNOW                                   0
LIGHT SNOW                12    SLEET                                  0
FOG                       16    FOG W/VIS <=1/4 MILE                   3
HAZE                       8

-  INDICATES NEGATIVE NUMBERS.
R  INDICATES RECORD WAS SET OR TIED.
MM INDICATES DATA IS MISSING.
T  INDICATES TRACE AMOUNT.

$$
