559
CXUS56 KPDT 011328
CLMPSC

CLIMATE REPORT
NATIONAL WEATHER SERVICE PENDLETON OREGON
626 AM PDT FRI SEP 01 2017

....................................

...THE PASCO WA CLIMATE SUMMARY FOR THE MONTH OF AUGUST 2017...

CLIMATE NORMAL PERIOD 1981 TO 2010
CLIMATE RECORD PERIOD 1942 TO 2017

WEATHER         OBSERVED          NORMAL  DEPART  LAST YEAR`S
                 VALUE   DATE(S)  VALUE   FROM    VALUE  DATE(S)
                                          NORMAL

................................................................

TEMPERATURE (F)
RECORD
 HIGH             111   8/ 4/1998
 LOW               40   8/31/2008
HIGHEST           102   8/11       45        57           100   8/21
LOWEST             45   8/25       15        30            47   8/23
AVG. MAXIMUM     94.0            89.9       4.1          91.3
AVG. MINUMUM     55.9            55.5       0.4          55.4
MEAN             74.9            72.7       2.2          73.4
DAYS MAX >= 90     22               8        14            18
DAYS MAX <= 32      0              18       -18             0
DAYS MIN <= 32      0              18       -18             0
DAYS MIN <= 0       0              18       -18             0


PRECIPITATION (INCHES)
RECORD
 MAXIMUM          0.47   2014
 MINIMUM          0.01   2006
TOTALS            0.05            0.27     -0.22          0.04
DAILY AVG.        0.00            0.01     -0.01          0.00
DAYS >=  0.01        1               1         0             1
DAYS >=  0.10        0               0         0             0
DAYS >=  0.50        0               0         0             0
DAYS >=  1.00        0               0         0             0
GREATEST
 24 HR. TOTAL     0.05   8/13



SNOWFALL (INCHES)
RECORD
 MAXIMUM           0.0   2016
 MINIMUM           0.0   2016
TOTALS             0.0             0.0       0.0           0.0
SINCE 7/1          0.0             0.0       0.0           0.0
DAYS >=  TRACE                       0         0
DAYS >=  1.0         0               0         0             0
GREATEST
 24 HR. TOTAL      0.0   8/31


DEGREE DAYS
HEATING TOTAL        0               6        -6             0
 SINCE 7/1           0               7        -7             0
COOLING TOTAL      318             247        71           266
 SINCE 1/1         878             655       223           751

.............................................................

WIND (MPH)
AVERAGE WIND SPEED                     4.6
RESULTANT WIND SPEED/DIRECTION         3/230
HIGHEST WIND SPEED/DIRECTION          23/330      DATE          08/24
HIGHEST GUST SPEED/DIRECTION          28/320      DATE          08/16


WEATHER CONDITIONS. NUMBER OF DAYS WITH
THUNDERSTORM               0    MIXED PRECIP                           0
HEAVY RAIN                 0    RAIN                                   0
LIGHT RAIN                 3    FREEZING RAIN                          0
LT FREEZING RAIN           0    HAIL                                   0
HEAVY SNOW                 0    SNOW                                   0
LIGHT SNOW                 0    SLEET                                  0
FOG                       10    FOG W/VIS <=1/4 MILE                   0
HAZE                      23

-  INDICATES NEGATIVE NUMBERS.
R  INDICATES RECORD WAS SET OR TIED.
MM INDICATES DATA IS MISSING.
T  INDICATES TRACE AMOUNT.

$$
