000
CXUS56 KPDT 011515 RRB
CLMPSC

CLIMATE REPORT
NATIONAL WEATHER SERVICE PENDLETON OREGON
713 AM PST THU FEB 01 2018

....................................

...THE PASCO WA CLIMATE SUMMARY FOR THE MONTH OF JANUARY 2018...

CLIMATE NORMAL PERIOD 1981 TO 2010
CLIMATE RECORD PERIOD 1942 TO 2018

WEATHER         OBSERVED          NORMAL  DEPART  LAST YEAR`S
                 VALUE   DATE(S)  VALUE   FROM    VALUE  DATE(S)
                                          NORMAL

................................................................

TEMPERATURE (F)
RECORD
 HIGH              67   1/ 7/2002
 LOW              -19   1/ 4/2004
HIGHEST            55   1/27       24        31            41   1/19
LOWEST             22   1/ 1        4        18            -8   1/ 5
AVG. MAXIMUM     45.4            41.8       3.6          28.1
AVG. MINUMUM     32.4            27.9       4.5          14.8
MEAN             38.9            34.8       4.1          21.5
DAYS MAX >= 90      0               0         0             0
DAYS MAX <= 32      2              20       -18            18
DAYS MIN <= 32     18              27        -9            29
DAYS MIN <= 0       0              19       -19            29


PRECIPITATION (INCHES)
RECORD
 MAXIMUM          1.73   2004
 MINIMUM          0.35   2002
TOTALS            0.97            1.22     -0.25          0.95
DAILY AVG.        0.03            0.04     -0.01          0.03
DAYS >=  0.01       12               4         8            10
DAYS >=  0.10        3               1         2             5
DAYS >=  0.50        0               0         0             0
DAYS >=  1.00        0               0         0             0
GREATEST
 24 HR. TOTAL     0.28   1/11



SNOWFALL (INCHES)
RECORD
 MAXIMUM           1.0   2011
 MINIMUM           0.0   2010
TOTALS               T             0.0       0.0          14.9
SINCE 7/1          4.0             0.0       4.0          23.9
DAYS >=  TRACE       1               0         0            16
DAYS >=  1.0         0               0         0             5
GREATEST
 24 HR. TOTAL        T   1/ 4


DEGREE DAYS
HEATING TOTAL      802             934      -132          1340
 SINCE 7/1        2989            3144      -155          3427
COOLING TOTAL        0               0         0             0
 SINCE 1/1           0               0         0             0

.............................................................

WIND (MPH)
AVERAGE WIND SPEED                     5.7
RESULTANT WIND SPEED/DIRECTION         4/238
HIGHEST WIND SPEED/DIRECTION          38/230      DATE          01/27
HIGHEST GUST SPEED/DIRECTION          50/230      DATE          01/27


WEATHER CONDITIONS. NUMBER OF DAYS WITH
THUNDERSTORM               0    MIXED PRECIP                           1
HEAVY RAIN                 0    RAIN                                   5
LIGHT RAIN                15    FREEZING RAIN                          0
LT FREEZING RAIN           0    HAIL                                   0
HEAVY SNOW                 0    SNOW                                   0
LIGHT SNOW                 0    SLEET                                  0
FOG                       16    FOG W/VIS <=1/4 MILE                   5
HAZE                       3

-  INDICATES NEGATIVE NUMBERS.
R  INDICATES RECORD WAS SET OR TIED.
MM INDICATES DATA IS MISSING.
T  INDICATES TRACE AMOUNT.

$$
