520
CXUS56 KPDT 011423 RRA
CLMPSC

CLIMATE REPORT
NATIONAL WEATHER SERVICE PENDLETON OREGON
720 AM PDT FRI APR 01 2016

....................................

...THE PASCO WA CLIMATE SUMMARY FOR THE MONTH OF MARCH 2016...

CLIMATE NORMAL PERIOD 1981 TO 2010
CLIMATE RECORD PERIOD 1942 TO 2016

WEATHER         OBSERVED          NORMAL  DEPART  LAST YEAR`S
                 VALUE   DATE(S)  VALUE   FROM    VALUE  DATE(S)
                                          NORMAL

................................................................

TEMPERATURE (F)
RECORD
 HIGH              80   3/30/2003
 LOW               15   3/12/2009
HIGHEST            74   3/31       31        43            79   3/27
LOWEST             23   3/18        7        16            15   3/ 1
AVG. MAXIMUM     60.2            59.1       1.1          64.8
AVG. MINUMUM     35.2            33.6       1.6          35.6
MEAN             47.7            46.4       1.3          50.2
DAYS MAX >= 90      0               0         0             0
DAYS MAX <= 32      0              18       -18             0
DAYS MIN <= 32     11              24       -13            12
DAYS MIN <= 0       0              18       -18            12


PRECIPITATION (INCHES)
RECORD
 MAXIMUM          1.43   2009
 MINIMUM          0.23   2013
TOTALS            1.18            0.79      0.39          0.49
DAILY AVG.        0.04            0.03      0.01          0.02
DAYS >=  0.01       13               2        11             6
DAYS >=  0.10        6               1         5             3
DAYS >=  0.50        0               0         0             0
DAYS >=  1.00        0               0         0             0
GREATEST
 24 HR. TOTAL     0.21   3/ 6



SNOWFALL (INCHES)
RECORD
 MAXIMUM           0.0   2012
 MINIMUM           0.0   2015
TOTALS             0.0             0.0       0.0           0.0
SINCE 7/1          4.2             0.0       4.2           0.9
DAYS >=  TRACE                       0         0
DAYS >=  1.0         0               0         0             0
GREATEST
 24 HR. TOTAL      0.0   3/31


DEGREE DAYS
HEATING TOTAL      529             579       -50           449
 SINCE 7/1        4047            4478      -431          3905
COOLING TOTAL        0               0         0             0
 SINCE 1/1           0               0         0             0

.............................................................

WIND (MPH)
AVERAGE WIND SPEED                     8.3
RESULTANT WIND SPEED/DIRECTION         7/232
HIGHEST WIND SPEED/DIRECTION          33/220      DATE          03/14
HIGHEST GUST SPEED/DIRECTION          42/270      DATE          03/13


WEATHER CONDITIONS. NUMBER OF DAYS WITH
THUNDERSTORM               0    MIXED PRECIP                           0
HEAVY RAIN                 0    RAIN                                   2
LIGHT RAIN                17    FREEZING RAIN                          0
LT FREEZING RAIN           0    HAIL                                   0
HEAVY SNOW                 0    SNOW                                   0
LIGHT SNOW                 0    SLEET                                  0
FOG                        3    FOG W/VIS <=1/4 MILE                   0
HAZE                       0

-  INDICATES NEGATIVE NUMBERS.
R  INDICATES RECORD WAS SET OR TIED.
MM INDICATES DATA IS MISSING.
T  INDICATES TRACE AMOUNT.

$$
