000
CXUS56 KPDT 011353
CLMPSC

CLIMATE REPORT
NATIONAL WEATHER SERVICE PENDLETON OREGON
644 AM PDT WED JUL 01 2015

....................................

...THE PASCO WA CLIMATE SUMMARY FOR THE MONTH OF JUNE 2015...

CLIMATE NORMAL PERIOD 1981 TO 2010
CLIMATE RECORD PERIOD 1942 TO 2015

WEATHER         OBSERVED          NORMAL  DEPART  LAST YEAR`S
                 VALUE   DATE(S)  VALUE   FROM    VALUE  DATE(S)
                                          NORMAL

................................................................

TEMPERATURE (F)
RECORD
 HIGH             111   6/28/2015
 LOW               37   6/ 7/2002
HIGHEST           111   6/28       43        68            94   6/23
LOWEST             45   6/14       14        31            43   6/22
AVG. MAXIMUM     92.7            82.9       9.8          82.9
AVG. MINUMUM     57.8            52.2       5.6          52.9
MEAN             75.2            67.6       7.6          67.9
DAYS MAX >= 90     19               3        16             1
DAYS MAX <= 32      0              17       -17             0
DAYS MIN <= 32      0              17       -17             0
DAYS MIN <= 0       0              17       -17             0


PRECIPITATION (INCHES)
RECORD
 MAXIMUM          1.77   2012
 MINIMUM             T   2015
TOTALS               T            0.68     -0.68          0.18
DAILY AVG.        0.00            0.02     -0.02          0.01
DAYS >=  0.01        0               2        -2             5
DAYS >=  0.10        0               1        -1             0
DAYS >=  0.50        0               0         0             0
DAYS >=  1.00        0               0         0             0
GREATEST
 24 HR. TOTAL        T   6/29



SNOWFALL (INCHES)
RECORD
 MAXIMUM           0.0   2014
 MINIMUM           0.0   2014
TOTALS             0.0             0.0       0.0           0.0
SINCE 7/1          0.9             0.0       0.9           4.7
DAYS >=  TRACE                       0         0
DAYS >=  1.0         0               0         0             0
GREATEST
 24 HR. TOTAL      0.0   6/30


DEGREE DAYS
HEATING TOTAL        1              38       -37            18
 SINCE 7/1        4392            5020      -628          5225
COOLING TOTAL      316             109       207           111
 SINCE 1/1         398             141       257           145

.............................................................

WIND (MPH)
AVERAGE WIND SPEED                     6.3
RESULTANT WIND SPEED/DIRECTION         4/209
HIGHEST WIND SPEED/DIRECTION          36/200      DATE          06/28
HIGHEST GUST SPEED/DIRECTION          47/210      DATE          06/28


WEATHER CONDITIONS. NUMBER OF DAYS WITH
THUNDERSTORM               1    MIXED PRECIP                           0
HEAVY RAIN                 0    RAIN                                   0
LIGHT RAIN                 3    FREEZING RAIN                          0
LT FREEZING RAIN           0    HAIL                                   0
HEAVY SNOW                 0    SNOW                                   0
LIGHT SNOW                 0    SLEET                                  0
FOG                        0    FOG W/VIS <=1/4 MILE                   0
HAZE                       3

-  INDICATES NEGATIVE NUMBERS.
R  INDICATES RECORD WAS SET OR TIED.
MM INDICATES DATA IS MISSING.
T  INDICATES TRACE AMOUNT.

$$
