000
CXUS51 KALY 011134
CLMPSF


CLIMATE REPORT
NATIONAL WEATHER SERVICE ALBANY NY
730 AM EDT SAT NOV 1 2014

...................................

...THE PITTSFIELD MA CLIMATE SUMMARY FOR THE MONTH OF OCTOBER 2014...

CLIMATE NORMAL PERIOD 1981 TO 2010
CLIMATE RECORD PERIOD 9999 TO 9999

WEATHER         OBSERVED          NORMAL  DEPART  LAST YEAR`S
                 VALUE   DATE(S)  VALUE   FROM    VALUE  DATE(S)
                                          NORMAL
................................................................
TEMPERATURE (F)
HIGHEST            74   10/15                         73  10/01
LOWEST             28   10/31                         25  10/29
AVG. MAXIMUM     58.6              57.8     0.8     60.2
AVG. MINIMUM     42.0              37.2     4.8     39.4
MEAN             50.3              47.5     2.8     49.8
DAYS MAX >= 90      0               0.0     0.0        0
DAYS MAX <= 32      0               0.0     0.0        0
DAYS MIN <= 32      7               8.6    -1.6        7
DAYS MIN <= 0       0               0.0     0.0        0

PRECIPITATION (INCHES)
TOTALS           5.23              4.71    0.52     1.73
DAILY AVG.       0.17              0.15    0.02     0.06
DAYS >= .01        18                                  8
DAYS >= .10        10                                  4
DAYS >= .50         3                                  1
DAYS >= 1.00        1                                  0
GREATEST
 24 HR. TOTAL    1.80   10/22 TO 10/23

DEGREE_DAYS
HEATING TOTAL     455               544     -89      464
 SINCE 7/1        732               836    -104      773
COOLING TOTAL       5                 1       4        0
 SINCE 1/1        238               290     -52      433

FREEZE DATES
EARLIEST      10/06             10/04
LATEST                          05/07
.................................................................

WIND (MPH)
AVERAGE WIND SPEED              6.8
HIGHEST WIND SPEED/DIRECTION    28/280    DATE  10/26
HIGHEST GUST SPEED/DIRECTION    40/300    DATE  10/26

SKY COVER
AVERAGE SKY COVER           0.60

AVERAGE RH (PERCENT)     79

WEATHER CONDITIONS. NUMBER OF DAYS WITH
THUNDERSTORM              1     MIXED PRECIP               0
HEAVY RAIN                6     RAIN                       8
LIGHT RAIN               20     FREEZING RAIN              0
LT FREEZING RAIN          0     HAIL                       0
HEAVY SNOW                0     SNOW                       0
LIGHT SNOW                0     SLEET                      0
FOG                      26     FOG W/VIS <= 1/4 MILE      4
HAZE                      1

-  INDICATES NEGATIVE NUMBERS.
R  INDICATES RECORD WAS SET OR TIED.
MM INDICATES DATA IS MISSING.
T  INDICATES TRACE AMOUNT.

$$
