000
CXUS56 KSGX 012153
CLMPSP


CLIMATE REPORT
NATIONAL WEATHER SERVICE SAN DIEGO, CA
153 PM PST MON FEB 1 2016

...................................

...THE PALM SPRINGS INTL AIRPORT CA CLIMATE SUMMARY FOR THE MONTH OF JANUARY 2016...

CLIMATE NORMAL PERIOD 1981 TO 2010
CLIMATE RECORD PERIOD 1893 TO 2016

WEATHER         OBSERVED          NORMAL  DEPART  LAST YEAR`S
                 VALUE   DATE(S)  VALUE   FROM    VALUE  DATE(S)
                                          NORMAL
................................................................
TEMPERATURE (F)
RECORD
 HIGH              95   01/18/1971
 LOW               19   01/22/1937
HIGHEST            76   01/29        70       6       84  01/07
LOWEST             37   01/13        44      -7       32  01/02
                                                          01/01
AVG. MAXIMUM     67.6              69.0    -1.4     73.3
AVG. MINIMUM     45.6              46.0    -0.4     50.2
MEAN             56.6              57.5    -0.9     61.7
DAYS MAX >= 90      0               0.1    -0.1        0
DAYS MAX <= 32      0               0.0     0.0        0
DAYS MAX >= 100     0                                  0
DAYS MAX >= 110     0                                  0
DAYS MIN <= 32      0               0.1    -0.1        2

PRECIPITATION (INCHES)
RECORD
 MAXIMUM         8.43   1943
 MINIMUM         0.00   2014
                        2000
TOTALS           2.26              1.00    1.26     0.22
DAILY AVG.       0.07              0.03    0.04     0.01
DAYS >= .01         4                MM      MM        2
DAYS >= .10         4                MM      MM        2
DAYS >= .50         2                MM      MM        0
DAYS >= 1.00        0                MM      MM        0
DAYS >= 1.50        0                                  0
DAYS >= 2.00        0                                  0
GREATEST
 24 HR. TOTAL    1.15   01/06 TO 01/07           01/25 TO 01/26
                                                          01/26 TO 01/26
                                                          01/26 TO 01/27
 STORM TOTAL       MM                                 MM
 (MM/DD(HH))            MM                    01/26(00) TO 01/26(00)
                                                 01/26(00) TO 01/26(00)7
                                                 01/27(00) TO 01/27(00)7

DEGREE_DAYS
HEATING TOTAL     252               241      11      114
 SINCE 7/1        654               627      27      362
COOLING TOTAL       0                 8      -8       18
 SINCE 1/1          0                 0       0       18

FREEZE DATES
RECORD
 EARLIEST     10/24/1951
 LATEST       03/13/1956
EARLIEST                        12/16
LATEST                          01/29
........................................................

WIND (MPH)
AVERAGE WIND SPEED              3.8
RESULTANT WIND SPEED/DIRECTION   1/344
HIGHEST WIND SPEED/DIRECTION    36/330    DATE  01/15
HIGHEST GUST SPEED/DIRECTION    43/310    DATE  01/31

SKY COVER
POSSIBLE SUNSHINE (PERCENT)   MM
AVERAGE SKY COVER           0.20
NUMBER OF DAYS FAIR           25
NUMBER OF DAYS PC              4
NUMBER OF DAYS CLOUDY          2

AVERAGE RH (PERCENT)     47

WEATHER CONDITIONS. NUMBER OF DAYS WITH
THUNDERSTORM              0     MIXED PRECIP               0
HEAVY RAIN                2     RAIN                       3
LIGHT RAIN                5     FREEZING RAIN              0
LT FREEZING RAIN          0     HAIL                       0
HEAVY SNOW                0     SNOW                       0
LIGHT SNOW                0     SLEET                      0
FOG                       4     FOG W/VIS <= 1/4 MILE      0
HAZE                      1

-  INDICATES NEGATIVE NUMBERS.
R  INDICATES RECORD WAS SET OR TIED.
MM INDICATES DATA IS MISSING.
T  INDICATES TRACE AMOUNT.

$$
