000
CXUS56 KSGX 012103
CLMPSP


CLIMATE REPORT
NATIONAL WEATHER SERVICE SAN DIEGO, CA
103 PM PST THU FEB 1 2018

...................................

...THE PALM SPRINGS INTL AIRPORT CA CLIMATE SUMMARY FOR THE MONTH OF JANUARY 2018...

CLIMATE NORMAL PERIOD 1981 TO 2010
CLIMATE RECORD PERIOD 1893 TO 2018

WEATHER         OBSERVED          NORMAL  DEPART  LAST YEAR`S
                 VALUE   DATE(S)  VALUE   FROM    VALUE  DATE(S)
                                          NORMAL
................................................................
TEMPERATURE (F)
RECORD
 HIGH              95   01/18/1971
 LOW               19   01/22/1937
HIGHEST            86   01/02        70      16       78  01/29
LOWEST             43   01/22        44      -1       37  01/25
                        01/21
AVG. MAXIMUM     76.4              69.0     7.4     65.0
AVG. MINIMUM     51.7              46.0     5.7     45.8
MEAN             64.1              57.5     6.6     55.4
DAYS MAX >= 90      0               0.1    -0.1        0
DAYS MAX <= 32      0               0.0     0.0        0
DAYS MAX >= 100     0                                  0
DAYS MAX >= 110     0                                  0
DAYS MIN <= 32      0               0.1    -0.1        0

PRECIPITATION (INCHES)
RECORD
 MAXIMUM         8.43   1943
 MINIMUM         0.00   2014
                        2000
TOTALS           1.45              1.00    0.45     3.53
DAILY AVG.       0.05              0.03    0.02     0.11
DAYS >= .01         2                MM      MM        9
DAYS >= .10         1                MM      MM        6
DAYS >= .50         1                MM      MM        2
DAYS >= 1.00        1                MM      MM        1
DAYS >= 1.50        0                                  1
DAYS >= 2.00        0                                  0
GREATEST
 24 HR. TOTAL    1.40   01/09 TO 01/09           01/22 TO 01/23
                                                          01/31 TO 01/31
                                                          01/31 TO 01/31
 STORM TOTAL       MM                                 MM
 (MM/DD(HH))            MM                    01/23(00) TO 01/23(00)
                                                 01/31(00) TO 01/31(00)1
                                                 01/31(00) TO 01/31(00)1

DEGREE_DAYS
HEATING TOTAL      70               241    -171      290
 SINCE 7/1        164               627    -463      573
COOLING TOTAL      49                 8      41        0
 SINCE 1/1         49                 0      49        0

FREEZE DATES
RECORD
 EARLIEST     10/24/1951
 LATEST       03/13/1956
EARLIEST                        12/16
LATEST                          01/29
..................................................

WIND (MPH)
AVERAGE WIND SPEED              4.2
RESULTANT WIND SPEED/DIRECTION   2/325
HIGHEST WIND SPEED/DIRECTION    29/330    DATE  01/20
HIGHEST GUST SPEED/DIRECTION    37/320    DATE  01/20

SKY COVER
POSSIBLE SUNSHINE (PERCENT)   MM
AVERAGE SKY COVER           0.10
NUMBER OF DAYS FAIR           29
NUMBER OF DAYS PC              1
NUMBER OF DAYS CLOUDY          1

AVERAGE RH (PERCENT)     38

WEATHER CONDITIONS. NUMBER OF DAYS WITH
THUNDERSTORM              0     MIXED PRECIP               0
HEAVY RAIN                1     RAIN                       2
LIGHT RAIN                5     FREEZING RAIN              0
LT FREEZING RAIN          0     HAIL                       0
HEAVY SNOW                0     SNOW                       0
LIGHT SNOW                0     SLEET                      0
FOG                       1     FOG W/VIS <= 1/4 MILE      0
HAZE                      0

-  INDICATES NEGATIVE NUMBERS.
R  INDICATES RECORD WAS SET OR TIED.
MM INDICATES DATA IS MISSING.
T  INDICATES TRACE AMOUNT.

$$
