000
CXUS55 KPUB 011641
CLMPUB


CLIMATE REPORT
NATIONAL WEATHER SERVICE PUEBLO
1036 AM MDT MON SEP 1 2014

...................................

...THE PUEBLO CO CLIMATE SUMMARY FOR THE MONTH OF AUGUST 2014...

CLIMATE NORMAL PERIOD 1981 TO 2010
CLIMATE RECORD PERIOD 1888 TO 2014

WEATHER         OBSERVED          NORMAL  DEPART  LAST YEAR`S
                 VALUE   DATE(S)  VALUE   FROM    VALUE  DATE(S)
                                          NORMAL
................................................................
TEMPERATURE (F)
RECORD
 HIGH             105   08/02/2008
 LOW               40   08/24/1968
HIGHEST            96   08/18        91       5       97  08/29
                        08/17
LOWEST             48   08/29        55      -7       55  08/15
                                                          08/10
AVG. MAXIMUM     89.3              89.4    -0.1     89.5
AVG. MINIMUM     57.4              57.5    -0.1     60.8
MEAN             73.4              73.4     0.0     75.2
DAYS MAX >= 90     17              17.0     0.0
DAYS MAX <= 32      0               0.0     0.0
DAYS MIN <= 32      0               0.0     0.0
DAYS MIN <= 0       0               0.0     0.0

PRECIPITATION (INCHES)
RECORD
 MAXIMUM         5.85   1955
 MINIMUM            T   1900
TOTALS           1.26              2.32   -1.06     3.92
DAILY AVG.       0.04              0.08   -0.04
DAYS >= .01         9               9.5    -0.5
DAYS >= .10         3               5.1    -2.1
DAYS >= .50         0               1.3    -1.3
DAYS >= 1.00        0               0.5    -0.5
GREATEST
 24 HR. TOTAL    0.47   08/07 TO 08/08

SNOWFALL (INCHES)
RECORDS
 TOTAL            0.0
TOTALS              TR              0.0     0.0      0.0
SINCE 7/1           T               0.0     0.0        T
SNOWDEPTH AVG.      0
DAYS >= 1.0         0               0.0     0.0
GREATEST
 SNOW DEPTH         0                                  0
 24 HR TOTAL        T   08/08                        0.0

DEGREE_DAYS
HEATING TOTAL       0                 4      -4        0
 SINCE 7/1          1                 5      -4        0
COOLING TOTAL     262               266      -4      321
 SINCE 1/1        875               811      64     1060
.................................................................

WIND (MPH)
AVERAGE WIND SPEED              7.2
HIGHEST WIND SPEED/DIRECTION    45/360    DATE  08/29
HIGHEST GUST SPEED/DIRECTION    56/350    DATE  08/29

SKY COVER
POSSIBLE SUNSHINE (PERCENT)   MM
AVERAGE SKY COVER           0.10
NUMBER OF DAYS FAIR           27
NUMBER OF DAYS PC              4
NUMBER OF DAYS CLOUDY          0

AVERAGE RH (PERCENT)     53

WEATHER CONDITIONS. NUMBER OF DAYS WITH
THUNDERSTORM             13     MIXED PRECIP               0
HEAVY RAIN                2     RAIN                       5
LIGHT RAIN               14     FREEZING RAIN              0
LT FREEZING RAIN          0     HAIL                       1
HEAVY SNOW                0     SNOW                       0
LIGHT SNOW                0     SLEET                      0
FOG                       0     FOG W/VIS <= 1/4 MILE      0
HAZE                      1

-  INDICATES NEGATIVE NUMBERS.
R  INDICATES RECORD WAS SET OR TIED.
MM INDICATES DATA IS MISSING.
T  INDICATES TRACE AMOUNT.

$$
