000
CXUS55 KPUB 011751 RRA
CLMPUB

CLIMATE REPORT
NATIONAL WEATHER SERVICE PUEBLO
1043 AM MST FRI DEC 1 2017

...................................

...THE PUEBLO CO CLIMATE SUMMARY FOR THE MONTH OF NOVEMBER 2017...

CLIMATE NORMAL PERIOD 1981 TO 2010
CLIMATE RECORD PERIOD 1888 TO 2017

WEATHER         OBSERVED          NORMAL  DEPART  LAST YEAR`S
                 VALUE   DATE(S)  VALUE   FROM    VALUE  DATE(S)
                                          NORMAL
................................................................
TEMPERATURE (F)
RECORD
 HIGH              85   11/08/2006
 LOW              -17   11/29/1896
HIGHEST            82   11/24        61      21       82  11/16
                        11/27
LOWEST             17   11/19        18      -1       14  11/19
                                                          11/30
AVG. MAXIMUM     62.6              56.1     6.5     63.8
AVG. MINIMUM     29.2              22.5     6.7     28.0
MEAN             45.9              39.3     6.6     45.9
DAYS MAX >= 90      0               0.0     0.0
DAYS MAX <= 32      0               1.2    -1.2
DAYS MIN <= 32     20              26.4    -6.4
DAYS MIN <= 0       0               0.3    -0.3

PRECIPITATION (INCHES)
RECORD
 MAXIMUM         2.48   1991
 MINIMUM         0.00   1989
                        1966
                        1904
TOTALS           0.31              0.47   -0.16     0.78
DAILY AVG.       0.01              0.02   -0.01
DAYS >= .01         3               3.9    -0.9
DAYS >= .10         1               1.4    -0.4
DAYS >= .50         0               0.1    -0.1
DAYS >= 1.00        0               0.0     0.0
GREATEST
 24 HR. TOTAL    0.22   11/07 TO 11/08

SNOWFALL (INCHES)
RECORDS
 TOTAL           29.3   1946
TOTALS            1.4               4.4    -3.0        T
SINCE 7/1         1.4               6.0    -4.6        T
SNOWDEPTH AVG.      0
DAYS >= 1.0         1               1.2    -0.2
GREATEST
 SNOW DEPTH         1   11/08                          0
 24 HR TOTAL      1.4   11/07 TO 11/08                 T

DEGREE_DAYS
HEATING TOTAL     564               771    -207      568
 SINCE 7/1       1021              1281    -260      782
COOLING TOTAL       0                 0       0        0
 SINCE 1/1       1027               897     130     1358
.................................................................

WIND (MPH)
AVERAGE WIND SPEED              6.5
HIGHEST WIND SPEED/DIRECTION    39/010    DATE  11/17
HIGHEST GUST SPEED/DIRECTION    50/020    DATE  11/28

SKY COVER
POSSIBLE SUNSHINE (PERCENT)   MM
AVERAGE SKY COVER           0.20
NUMBER OF DAYS FAIR           23
NUMBER OF DAYS PC              5
NUMBER OF DAYS CLOUDY          2

AVERAGE RH (PERCENT)     57

WEATHER CONDITIONS. NUMBER OF DAYS WITH
THUNDERSTORM              0     MIXED PRECIP               0
HEAVY RAIN                0     RAIN                       0
LIGHT RAIN                4     FREEZING RAIN              0
LT FREEZING RAIN          0     HAIL                       0
HEAVY SNOW                0     SNOW                       0
LIGHT SNOW                2     SLEET                      0
FOG                       8     FOG W/VIS <= 1/4 MILE      2
HAZE                      4

-  INDICATES NEGATIVE NUMBERS.
R  INDICATES RECORD WAS SET OR TIED.
MM INDICATES DATA IS MISSING.
T  INDICATES TRACE AMOUNT.

$$
