000
CXUS55 KPUB 011925
CLMPUB


CLIMATE REPORT
NATIONAL WEATHER SERVICE PUEBLO
124 PM MDT SUN MAY 1 2016

...................................

...THE PUEBLO CO CLIMATE SUMMARY FOR THE MONTH OF APRIL 2016...

CLIMATE NORMAL PERIOD 1981 TO 2010
CLIMATE RECORD PERIOD 1888 TO 2016

WEATHER         OBSERVED          NORMAL  DEPART  LAST YEAR`S
                 VALUE   DATE(S)  VALUE   FROM    VALUE  DATE(S)
                                          NORMAL
................................................................
TEMPERATURE (F)
RECORD
 HIGH              93   04/30/1992
                        04/21/1989
 LOW                2   04/12/1997
                        04/02/1975
                        04/08/1957
HIGHEST            84   04/23        69      15       83  04/30
LOWEST             22   04/01        30      -8       27  04/04
AVG. MAXIMUM     67.6              67.2     0.4     67.8
AVG. MINIMUM     37.5              33.9     3.6     36.4
MEAN             52.5              50.6     1.9     52.1
DAYS MAX >= 90      0               0.2    -0.2
DAYS MAX <= 32      0               0.1    -0.1
DAYS MIN <= 32      3              11.6    -8.6
DAYS MIN <= 0       0               0.0     0.0

PRECIPITATION (INCHES)
RECORD
 MAXIMUM         8.13   1900
 MINIMUM            T   1963
TOTALS           2.97              1.40    1.57     1.42
DAILY AVG.       0.10              0.05    0.05
DAYS >= .01         9               6.6     2.4
DAYS >= .10         7               3.6     3.4
DAYS >= .50         2               0.7     1.3
DAYS >= 1.00        1               0.2     0.8
GREATEST
 24 HR. TOTAL    1.21   04/28 TO 04/29

SNOWFALL (INCHES)
RECORDS
 TOTAL           21.2   1957
TOTALS            3.3               3.8    -0.5        T
SINCE 7/1        31.4              31.3     0.1     42.8
SNOWDEPTH AVG.      0
DAYS >= 1.0         1               1.0     0.0
GREATEST
 SNOW DEPTH         3   04/29                          0
 24 HR TOTAL      3.1   04/29 TO 04/29                 T

DEGREE_DAYS
HEATING TOTAL     366               435     -69      380
 SINCE 7/1       4473              5440    -967     5010
COOLING TOTAL       0                 2      -2        0
 SINCE 1/1          0                 2      -2        0
.................................................................

WIND (MPH)
AVERAGE WIND SPEED              9.5
HIGHEST WIND SPEED/DIRECTION    55/010    DATE  04/16
HIGHEST GUST SPEED/DIRECTION    67/030    DATE  04/05

SKY COVER
POSSIBLE SUNSHINE (PERCENT)   MM
AVERAGE SKY COVER           0.30
NUMBER OF DAYS FAIR           20
NUMBER OF DAYS PC              4
NUMBER OF DAYS CLOUDY          6

AVERAGE RH (PERCENT)     48

WEATHER CONDITIONS. NUMBER OF DAYS WITH
THUNDERSTORM              3     MIXED PRECIP               2
HEAVY RAIN                2     RAIN                       5
LIGHT RAIN               11     FREEZING RAIN              0
LT FREEZING RAIN          0     HAIL                       0
HEAVY SNOW                1     SNOW                       1
LIGHT SNOW                3     SLEET                      0
FOG                       7     FOG W/VIS <= 1/4 MILE      1
HAZE                      0

-  INDICATES NEGATIVE NUMBERS.
R  INDICATES RECORD WAS SET OR TIED.
MM INDICATES DATA IS MISSING.
T  INDICATES TRACE AMOUNT.

$$
