103
CXUS55 KPUB 012255
CLMPUB


CLIMATE REPORT
NATIONAL WEATHER SERVICE PUEBLO
453 PM MDT SUN OCT 1 2017

...................................

...THE PUEBLO CO CLIMATE SUMMARY FOR THE MONTH OF SEPTEMBER 2017...

CLIMATE NORMAL PERIOD 1981 TO 2010
CLIMATE RECORD PERIOD 1888 TO 2017

WEATHER         OBSERVED          NORMAL  DEPART  LAST YEAR`S
                 VALUE   DATE(S)  VALUE   FROM    VALUE  DATE(S)
                                          NORMAL
................................................................
TEMPERATURE (F)
RECORD
 HIGH             101   09/05/1995
 LOW               21   09/29/1999
HIGHEST            98   09/03        85      13       98  09/05
LOWEST             39   09/21        43      -4       40  09/26
AVG. MAXIMUM     81.1              81.6    -0.5     87.5
AVG. MINIMUM     52.4              47.7     4.7     52.0
MEAN             66.8              64.7     2.1     69.8
DAYS MAX >= 90     12               6.4     5.6
DAYS MAX <= 32      0               0.0     0.0
DAYS MIN <= 32      0               0.6    -0.6
DAYS MIN <= 0       0               0.0     0.0

PRECIPITATION (INCHES)
RECORD
 MAXIMUM         3.93   1909
 MINIMUM            T   1956
                        1916
                        1892
TOTALS           1.20              0.77    0.43     0.05
DAILY AVG.       0.04              0.03    0.01
DAYS >= .01         5               5.6    -0.6
DAYS >= .10         3               2.4     0.6
DAYS >= .50         0               0.3    -0.3
DAYS >= 1.00        0               0.0     0.0
GREATEST
 24 HR. TOTAL    0.82   09/27 TO 09/28

SNOWFALL (INCHES)
RECORDS
 TOTAL           14.0   1959
TOTALS            0.0               0.3    -0.3      0.0
SINCE 7/1         0.0               0.3    -0.3        T
SNOWDEPTH AVG.      0
DAYS >= 1.0         0               0.1    -0.1
GREATEST
 SNOW DEPTH         0   MM                             0
 24 HR TOTAL      0.0   09/30 TO 09/30               0.0

DEGREE_DAYS
HEATING TOTAL      87                93      -6       20
 SINCE 7/1         87                98     -11       20
COOLING TOTAL     146                83      63      172
 SINCE 1/1       1027               894     133     1337
.................................................................

WIND (MPH)
AVERAGE WIND SPEED              7.2
HIGHEST WIND SPEED/DIRECTION    36/020    DATE  09/23
HIGHEST GUST SPEED/DIRECTION    44/020    DATE  09/23

SKY COVER
POSSIBLE SUNSHINE (PERCENT)   MM
AVERAGE SKY COVER           0.30
NUMBER OF DAYS FAIR           20
NUMBER OF DAYS PC              4
NUMBER OF DAYS CLOUDY          6

AVERAGE RH (PERCENT)     51

WEATHER CONDITIONS. NUMBER OF DAYS WITH
THUNDERSTORM              4     MIXED PRECIP               0
HEAVY RAIN                0     RAIN                       3
LIGHT RAIN               12     FREEZING RAIN              0
LT FREEZING RAIN          0     HAIL                       0
HEAVY SNOW                0     SNOW                       0
LIGHT SNOW                0     SLEET                      0
FOG                       8     FOG W/VIS <= 1/4 MILE      1
HAZE                      2

-  INDICATES NEGATIVE NUMBERS.
R  INDICATES RECORD WAS SET OR TIED.
MM INDICATES DATA IS MISSING.
T  INDICATES TRACE AMOUNT.

$$
