996
CXUS55 KPUB 011737
CLMPUB


CLIMATE REPORT
NATIONAL WEATHER SERVICE PUEBLO
1037 AM MST SUN JAN 1 2017

...................................

...THE PUEBLO CO CLIMATE SUMMARY FOR THE MONTH OF DECEMBER 2016...

CLIMATE NORMAL PERIOD 1981 TO 2010
CLIMATE RECORD PERIOD 1888 TO 2016

WEATHER         OBSERVED          NORMAL  DEPART  LAST YEAR`S
                 VALUE   DATE(S)  VALUE   FROM    VALUE  DATE(S)
                                          NORMAL
................................................................
TEMPERATURE (F)
RECORD
 HIGH              82   12/17/1980
 LOW              -28   12/12/1961
HIGHEST            69   12/16        48      21       70  12/09
LOWEST            -19   12/18        13     -32        3  12/30
                        12/17
AVG. MAXIMUM     46.6              46.0     0.6     48.7
AVG. MINIMUM     13.7              14.2    -0.5     19.6
MEAN             30.1              30.1     0.0     34.1
DAYS MAX >= 90      0               0.0     0.0
DAYS MAX <= 32      7               4.9     2.1
DAYS MIN <= 32     31              30.4     0.6
DAYS MIN <= 0       3               2.6     0.4

PRECIPITATION (INCHES)
RECORD
 MAXIMUM         1.35   1913
 MINIMUM         0.00   1993
                        1970
                        1890
TOTALS           0.76              0.38    0.38     0.40
DAILY AVG.       0.02              0.01    0.01
DAYS >= .01         3               4.1    -1.1
DAYS >= .10         2               1.3     0.7
DAYS >= .50         0               0.0     0.0
DAYS >= 1.00        0               0.0     0.0
GREATEST
 24 HR. TOTAL    0.45   12/25 TO 12/25

SNOWFALL (INCHES)
RECORDS
 TOTAL           18.6   2011
TOTALS            4.4               5.5    -1.1      5.5
SINCE 7/1         4.4              11.5    -7.1     11.9
SNOWDEPTH AVG.      0
DAYS >= 1.0         2               2.0     0.0
GREATEST
 SNOW DEPTH         3   12/18                          3
 24 HR TOTAL      3.1   12/17 TO 12/17               3.3

DEGREE_DAYS
HEATING TOTAL    1075              1082      -7      947
 SINCE 7/1       1857              2363    -506     1821
COOLING TOTAL       0                 0       0        0
 SINCE 1/1       1358               897     461     1273
.................................................................

WIND (MPH)
AVERAGE WIND SPEED              8.0
HIGHEST WIND SPEED/DIRECTION    51/290    DATE  12/25
HIGHEST GUST SPEED/DIRECTION    63/280    DATE  12/25

SKY COVER
POSSIBLE SUNSHINE (PERCENT)   MM
AVERAGE SKY COVER           0.20
NUMBER OF DAYS FAIR           26
NUMBER OF DAYS PC              2
NUMBER OF DAYS CLOUDY          3

AVERAGE RH (PERCENT)     56

WEATHER CONDITIONS. NUMBER OF DAYS WITH
THUNDERSTORM              1     MIXED PRECIP               0
HEAVY RAIN                1     RAIN                       1
LIGHT RAIN                1     FREEZING RAIN              0
LT FREEZING RAIN          0     HAIL                       1
HEAVY SNOW                1     SNOW                       2
LIGHT SNOW                4     SLEET                      0
FOG                       6     FOG W/VIS <= 1/4 MILE      1
HAZE                      4

-  INDICATES NEGATIVE NUMBERS.
R  INDICATES RECORD WAS SET OR TIED.
MM INDICATES DATA IS MISSING.
T  INDICATES TRACE AMOUNT.

$$
