000
CXUS55 KPUB 012040 CCA
CLMPUB

CLIMATE REPORT
NATIONAL WEATHER SERVICE PUEBLO
833 AM MST WED MAR 1 2017

...................................

...THE PUEBLO CO CLIMATE SUMMARY FOR THE MONTH OF FEBRUARY 2017...

CLIMATE NORMAL PERIOD 1981 TO 2010
CLIMATE RECORD PERIOD 1888 TO 2017

WEATHER         OBSERVED          NORMAL  DEPART  LAST YEAR`S
                 VALUE   DATE(S)  VALUE   FROM    VALUE  DATE(S)
                                          NORMAL
................................................................
TEMPERATURE (F)
RECORD
 HIGH              82   02/10/2017
 LOW              -27   02/12/1899
HIGHEST            82R  02/10        54      28       81  02/18
LOWEST              9   02/25        16      -7        0  02/04
AVG. MAXIMUM     59.6              50.5     9.1     58.2
AVG. MINIMUM     24.5              17.3     7.2     22.7
MEAN             42.0              33.9     8.1     40.5
DAYS MAX >= 90      0               0.0     0.0
DAYS MAX <= 32      2               2.7    -0.7
DAYS MIN <= 32     24              26.9    -2.9
DAYS MIN <= 0       0               1.6    -1.6

PRECIPITATION (INCHES)
RECORD
 MAXIMUM         1.47   1897
 MINIMUM            T   2006
                        1994
                        1979
TOTALS           0.17              0.30   -0.13     0.33
DAILY AVG.       0.01              0.01    0.00
DAYS >= .01         1               3.7    -2.7
DAYS >= .10         1               1.0     0.0
DAYS >= .50         0               0.0     0.0
DAYS >= 1.00        0               0.0     0.0
GREATEST
 24 HR. TOTAL    0.17   02/13 TO 02/13

SNOWFALL (INCHES)
RECORDS
 TOTAL           23.5   2015
TOTALS              T               3.8    -3.8      5.8
SINCE 7/1        14.2              21.8    -7.6     24.2
SNOWDEPTH AVG.      0
DAYS >= 1.0         0               1.3    -1.3
GREATEST
 SNOW DEPTH         0                                  5
 24 HR TOTAL        T   02/28                        5.1

DEGREE_DAYS
HEATING TOTAL     634               871    -237      704
 SINCE 7/1       3500              4303    -803     3509
COOLING TOTAL       0                 0       0        0
 SINCE 1/1          0                 0       0        0
.................................................................

WIND (MPH)
AVERAGE WIND SPEED              9.5
HIGHEST WIND SPEED/DIRECTION    43/290    DATE  02/06
HIGHEST GUST SPEED/DIRECTION    56/280    DATE  02/06

SKY COVER
POSSIBLE SUNSHINE (PERCENT)   MM
AVERAGE SKY COVER           0.20
NUMBER OF DAYS FAIR           22
NUMBER OF DAYS PC              4
NUMBER OF DAYS CLOUDY          2

AVERAGE RH (PERCENT)     45

WEATHER CONDITIONS. NUMBER OF DAYS WITH
THUNDERSTORM              0     MIXED PRECIP               0
HEAVY RAIN                0     RAIN                       0
LIGHT RAIN                6     FREEZING RAIN              0
LT FREEZING RAIN          0     HAIL                       0
HEAVY SNOW                0     SNOW                       0
LIGHT SNOW                1     SLEET                      0
FOG                       2     FOG W/VIS <= 1/4 MILE      0
HAZE                      1

-  INDICATES NEGATIVE NUMBERS.
R  INDICATES RECORD WAS SET OR TIED.
MM INDICATES DATA IS MISSING.
T  INDICATES TRACE AMOUNT.

$$
