000
CXUS55 KPUB 011513
CLMPUB


CLIMATE REPORT
NATIONAL WEATHER SERVICE PUEBLO
909 AM MDT THU JUN 1 2017

...................................

...THE PUEBLO CO CLIMATE SUMMARY FOR THE MONTH OF MAY 2017...

CLIMATE NORMAL PERIOD 1981 TO 2010
CLIMATE RECORD PERIOD 1888 TO 2017

WEATHER         OBSERVED          NORMAL  DEPART  LAST YEAR`S
                 VALUE   DATE(S)  VALUE   FROM    VALUE  DATE(S)
                                          NORMAL
................................................................
TEMPERATURE (F)
RECORD
 HIGH             102   05/31/2002
                        05/30/2000
                        05/29/2000
 LOW               23   05/03/2013
                        05/03/2011
HIGHEST            89   05/24        80       9       91  05/21
LOWEST             32   05/04        40      -8       32  05/02
                        05/01
AVG. MAXIMUM     73.7              76.8    -3.1     75.8
AVG. MINIMUM     44.1              44.1     0.0     45.9
MEAN             58.9              60.4    -1.5     60.9
DAYS MAX >= 90      0               2.3    -2.3
DAYS MAX <= 32      0               0.0     0.0
DAYS MIN <= 32      2               1.0     1.0
DAYS MIN <= 0       0               0.0     0.0

PRECIPITATION (INCHES)
RECORD
 MAXIMUM         5.55   2015
 MINIMUM            T   2004
                        1899
TOTALS           3.00              1.51    1.49     2.76
DAILY AVG.       0.10              0.05    0.05
DAYS >= .01        11               7.9     3.1
DAYS >= .10         6               3.7     2.3
DAYS >= .50         1               0.7     0.3
DAYS >= 1.00        1               0.2     0.8
GREATEST
 24 HR. TOTAL    1.55   05/10 TO 05/11

SNOWFALL (INCHES)
RECORDS
 TOTAL           10.6   1990
TOTALS              T               0.5    -0.5        T
SINCE 7/1        28.2              31.8    -3.6     31.4
SNOWDEPTH AVG.      0
DAYS >= 1.0         0               0.1    -0.1
GREATEST
 SNOW DEPTH         0   MM                             0
 24 HR TOTAL        T   05/18 TO 05/18                 T

DEGREE_DAYS
HEATING TOTAL     194               173      21      150
 SINCE 7/1       4538              5613   -1075     4623
COOLING TOTAL      10                32     -22       30
 SINCE 1/1         10                34     -24       30
.................................................................

WIND (MPH)
AVERAGE WIND SPEED              8.9
HIGHEST WIND SPEED/DIRECTION    43/010    DATE  05/26
HIGHEST GUST SPEED/DIRECTION    54/220    DATE  05/16

SKY COVER
POSSIBLE SUNSHINE (PERCENT)   MM
AVERAGE SKY COVER           0.30
NUMBER OF DAYS FAIR           23
NUMBER OF DAYS PC              6
NUMBER OF DAYS CLOUDY          2

AVERAGE RH (PERCENT)     57

WEATHER CONDITIONS. NUMBER OF DAYS WITH
THUNDERSTORM              8     MIXED PRECIP               0
HEAVY RAIN                2     RAIN                       6
LIGHT RAIN               16     FREEZING RAIN              0
LT FREEZING RAIN          0     HAIL                       1
HEAVY SNOW                0     SNOW                       0
LIGHT SNOW                0     SLEET                      0
FOG                       6     FOG W/VIS <= 1/4 MILE      0
HAZE                      1

-  INDICATES NEGATIVE NUMBERS.
R  INDICATES RECORD WAS SET OR TIED.
MM INDICATES DATA IS MISSING.
T  INDICATES TRACE AMOUNT.

$$
