000
CXUS55 KPUB 012302 CCA
CLMPUB

CLIMATE REPORT...CORRECTION
NATIONAL WEATHER SERVICE PUEBLO
1248 PM MDT WED OCT 1 2014

...................................

...THE PUEBLO CO CLIMATE SUMMARY FOR THE MONTH OF SEPTEMBER 2014...

CLIMATE NORMAL PERIOD 1981 TO 2010
CLIMATE RECORD PERIOD 1888 TO 2014

WEATHER         OBSERVED          NORMAL  DEPART  LAST YEAR`S
                 VALUE   DATE(S)  VALUE   FROM    VALUE  DATE(S)
                                          NORMAL
................................................................
TEMPERATURE (F)
RECORD
 HIGH             101   09/05/1995
 LOW               21   09/29/1999
HIGHEST           100   09/03        85      15       97  09/05
                                                          09/04
LOWEST             39   09/13        43      -4       36  09/28
                        09/12
AVG. MAXIMUM     83.4              81.6     1.8     84.2
AVG. MINIMUM     51.0              47.7     3.3     54.9
MEAN             67.2              64.7     2.5     69.6
DAYS MAX >= 90     11               6.4     4.6
DAYS MAX <= 32      0               0.0     0.0
DAYS MIN <= 32      0               0.6    -0.6
DAYS MIN <= 0       0               0.0     0.0

PRECIPITATION (INCHES)
RECORD
 MAXIMUM         3.93   1909
 MINIMUM            T   1956
                        1916
                        1892
TOTALS           0.62              0.77   -0.15     1.27
DAILY AVG.       0.02              0.03   -0.01
DAYS >= .01         4               5.6    -1.6
DAYS >= .10         2               2.4    -0.4
DAYS >= .50         0               0.3    -0.3
DAYS >= 1.00        0               0.0     0.0
GREATEST
 24 HR. TOTAL    0.27   09/29 TO 09/29


SNOWFALL (INCHES)
RECORDS
 TOTAL           14.0   1959
TOTALS            0.0               0.3    -0.3      0.0
SINCE 7/1           T               0.3    -0.3        T
SNOWDEPTH AVG.      0
DAYS >= 1.0         0               0.1    -0.1
GREATEST
 SNOW DEPTH         0                                  0
 24 HR TOTAL      0.0   09/30 TO 09/30               0.0

DEGREE_DAYS
HEATING TOTAL      53                93     -40       25
 SINCE 7/1         54                98     -44       25
COOLING TOTAL     127                83      44      167
 SINCE 1/1       1002               894     108     1227
.................................................................

WIND (MPH)
AVERAGE WIND SPEED              7.4
HIGHEST WIND SPEED/DIRECTION    39/270    DATE  09/29
HIGHEST GUST SPEED/DIRECTION    48/360    DATE  09/07

SKY COVER
POSSIBLE SUNSHINE (PERCENT)   MM
AVERAGE SKY COVER           0.20
NUMBER OF DAYS FAIR           24
NUMBER OF DAYS PC              4
NUMBER OF DAYS CLOUDY          2

AVERAGE RH (PERCENT)     52

WEATHER CONDITIONS. NUMBER OF DAYS WITH
THUNDERSTORM              3     MIXED PRECIP               0
HEAVY RAIN                1     RAIN                       2
LIGHT RAIN                7     FREEZING RAIN              0
LT FREEZING RAIN          0     HAIL                       0
HEAVY SNOW                0     SNOW                       0
LIGHT SNOW                0     SLEET                      0
FOG                       4     FOG W/VIS <= 1/4 MILE      1
HAZE                      1

-  INDICATES NEGATIVE NUMBERS.
R  INDICATES RECORD WAS SET OR TIED.
MM INDICATES DATA IS MISSING.
T  INDICATES TRACE AMOUNT.

$$
