739
CXUS55 KPUB 012050
CLMPUB


CLIMATE REPORT
NATIONAL WEATHER SERVICE PUEBLO
244 PM MDT FRI JUL 1 2016

...................................

...THE PUEBLO CO CLIMATE SUMMARY FOR THE MONTH OF JUNE 2016...

CLIMATE NORMAL PERIOD 1981 TO 2010
CLIMATE RECORD PERIOD 1888 TO 2016

WEATHER         OBSERVED          NORMAL  DEPART  LAST YEAR`S
                 VALUE   DATE(S)  VALUE   FROM    VALUE  DATE(S)
                                          NORMAL
................................................................
TEMPERATURE (F)
RECORD
 HIGH             108   06/29/1990
 LOW               32   06/02/1919
HIGHEST           105   06/21        90      15      101  06/24
LOWEST             49   06/16        50      -1       50  06/08
                                                          06/07
AVG. MAXIMUM     92.8              87.2     5.6     88.5
AVG. MINIMUM     59.1              52.8     6.3     57.2
MEAN             76.0              70.0     6.0     72.8
DAYS MAX >= 90     21              13.0     8.0
DAYS MAX <= 32      0               0.0     0.0
DAYS MIN <= 32      0               0.0     0.0
DAYS MIN <= 0       0               0.0     0.0

PRECIPITATION (INCHES)
RECORD
 MAXIMUM         7.14   1921
 MINIMUM            T   1990
TOTALS           0.78              1.36   -0.58     1.22
DAILY AVG.       0.03              0.05   -0.02
DAYS >= .01         8               7.1     0.9
DAYS >= .10         3               3.2    -0.2
DAYS >= .50         0               0.8    -0.8
DAYS >= 1.00        0               0.1    -0.1
GREATEST
 24 HR. TOTAL    1.03   05/31 TO 06/01

SNOWFALL (INCHES)
RECORDS
 TOTAL              T   2014
                        2013
TOTALS              TR              0.0     0.0      0.0
SINCE 7/1        31.4              31.8    -0.4     42.8
SNOWDEPTH AVG.      0
DAYS >= 1.0         0               0.0     0.0
GREATEST
 SNOW DEPTH         0                                  0
 24 HR TOTAL        TR  06/13                        0.0

DEGREE_DAYS
HEATING TOTAL       1                25     -24        0
 SINCE 7/1       4624              5638   -1014     5254
COOLING TOTAL     339               175     164      243
 SINCE 1/1        369               209     160      247
.................................................................

WIND (MPH)
AVERAGE WIND SPEED              8.1
HIGHEST WIND SPEED/DIRECTION    47/150    DATE  06/23
HIGHEST GUST SPEED/DIRECTION    56/010    DATE  06/25

SKY COVER
POSSIBLE SUNSHINE (PERCENT)   MM
AVERAGE SKY COVER           0.10
NUMBER OF DAYS FAIR           30
NUMBER OF DAYS PC              0
NUMBER OF DAYS CLOUDY          0

AVERAGE RH (PERCENT)     48

WEATHER CONDITIONS. NUMBER OF DAYS WITH
THUNDERSTORM             10     MIXED PRECIP               0
HEAVY RAIN                2     RAIN                       2
LIGHT RAIN               12     FREEZING RAIN              0
LT FREEZING RAIN          0     HAIL                       1
HEAVY SNOW                0     SNOW                       0
LIGHT SNOW                0     SLEET                      0
FOG                       2     FOG W/VIS <= 1/4 MILE      0
HAZE                      2

-  INDICATES NEGATIVE NUMBERS.
R  INDICATES RECORD WAS SET OR TIED.
MM INDICATES DATA IS MISSING.
T  INDICATES TRACE AMOUNT.

$$
