000
CXUS56 KOTX 012321 CCA
CLMPUW

CLIMATE REPORT
NATIONAL WEATHER SERVICE SPOKANE, WA
451 AM PDT TUE AUG 1 2017

...................................

...THE PULLMAN-MOSCOW  AIRPORT CLIMATE SUMMARY FOR THE MONTH OF JULY 2017...

CLIMATE NORMAL PERIOD 1981 TO 2010
CLIMATE RECORD PERIOD 9999 TO 9999

WEATHER         OBSERVED          NORMAL  DEPART  LAST YEAR`S
                 VALUE   DATE(S)  VALUE   FROM    VALUE  DATE(S)
                                          NORMAL
................................................................
TEMPERATURE (F)
RECORD
 HIGH             104   07/18/1960
 LOW               32   07/31/1945
HIGHEST            96   07/06        MM      MM       96  07/29
LOWEST             44   07/17        MM      MM       45  07/24
                                                          07/16
                                                          07/14
AVG. MAXIMUM     87.2              81.7     5.5     79.6
AVG. MINIMUM     53.3              49.5     3.8     49.5
MEAN             70.3              65.6     4.7     64.6
DAYS MAX >= 90     12               4.3     7.7        7
DAYS MAX <= 32      0               0.0     0.0        0
DAYS MIN <= 32      0               0.0     0.0        0
DAYS MIN <= 0       0               0.0     0.0        0

PRECIPITATION (INCHES)
RECORD
 MAXIMUM         1.74   1983
 MINIMUM            T   1969
TOTALS           0.02              0.69   -0.67     0.75
DAILY AVG.       0.00              0.02   -0.02     0.02
DAYS >= .01         1                MM      MM        6
DAYS >= .10         0                MM      MM        2
DAYS >= .50         0                MM      MM        0
DAYS >= 1.00        0                MM      MM        0
GREATEST
 24 HR. TOTAL    0.02   07/15 TO 07/15           07/08 TO 07/09

DEGREE_DAYS
HEATING TOTAL       6                64     -58       65
 SINCE 7/1          6                64     -58       65
COOLING TOTAL     176                82      94       58
 SINCE 1/1        250               100     150      102
..........................................................

WIND (MPH)
AVERAGE WIND SPEED              4.3
HIGHEST WIND SPEED/DIRECTION    25/250    DATE  07/16
HIGHEST GUST SPEED/DIRECTION    35/270    DATE  07/15

SKY COVER
POSSIBLE SUNSHINE (PERCENT)   MM
AVERAGE SKY COVER           0.00
NUMBER OF DAYS FAIR           31
NUMBER OF DAYS PC              0
NUMBER OF DAYS CLOUDY          0

AVERAGE RH (PERCENT)     43

WEATHER CONDITIONS. NUMBER OF DAYS WITH
THUNDERSTORM              1     MIXED PRECIP               0
HEAVY RAIN                0     RAIN                       0
LIGHT RAIN                1     FREEZING RAIN              0
LT FREEZING RAIN          0     HAIL                       0
HEAVY SNOW                0     SNOW                       0
LIGHT SNOW                0     SLEET                      0
FOG                       0     FOG W/VIS <= 1/4 MILE      0
HAZE                     18

-  INDICATES NEGATIVE NUMBERS.
R  INDICATES RECORD WAS SET OR TIED.
MM INDICATES DATA IS MISSING.
T  INDICATES TRACE AMOUNT.

$$
