000
CXUS56 KOTX 011557
CLMPUW


CLIMATE REPORT
NATIONAL WEATHER SERVICE SPOKANE, WA
748 AM PST WED FEB 1 2017

...................................

...THE PULLMAN-MOSCOW  AIRPORT CLIMATE SUMMARY FOR THE MONTH OF JANUARY 2017...

CLIMATE NORMAL PERIOD 1981 TO 2010
CLIMATE RECORD PERIOD 9999 TO 9999

WEATHER         OBSERVED          NORMAL  DEPART  LAST YEAR`S
                 VALUE   DATE(S)  VALUE   FROM    VALUE  DATE(S)
                                          NORMAL
................................................................
TEMPERATURE (F)
RECORD
 HIGH              58   01/26/2015
 LOW              -29   01/26/1957
HIGHEST            40   01/20        MM      MM       47  01/22
LOWEST             -5   01/14        MM      MM       -3  01/02
                        01/12
                        01/05
AVG. MAXIMUM     28.2              36.5    -8.3     38.1
AVG. MINIMUM     15.9              26.7   -10.8     28.9
MEAN             22.0              31.6    -9.6     33.5
DAYS MAX >= 90      0               0.0     0.0        0
DAYS MAX <= 32     19               8.4    10.6        3
DAYS MIN <= 32     28              21.5     6.5       19
DAYS MIN <= 0       8               0.6     7.4        2

PRECIPITATION (INCHES)
RECORD
 MAXIMUM         8.60   1953
 MINIMUM         0.40   2005
TOTALS           1.50              1.82   -0.32     2.62
DAILY AVG.       0.05              0.06   -0.01     0.08
DAYS >= .01        12                MM      MM       14
DAYS >= .10         7                MM      MM        8
DAYS >= .50         0                MM      MM        1
DAYS >= 1.00        0                MM      MM        0
GREATEST
 24 HR. TOTAL    0.43   01/08 TO 01/09           01/12 TO 01/13


DEGREE_DAYS
HEATING TOTAL    1324              1035     289      969
 SINCE 7/1       3902              3859      43     3415
COOLING TOTAL       0                 0       0        0
 SINCE 1/1          0                 0       0        0
....................................................

WIND (MPH)
AVERAGE WIND SPEED              7.9
HIGHEST WIND SPEED/DIRECTION    31/160    DATE  01/18
HIGHEST GUST SPEED/DIRECTION    39/150    DATE  01/18

SKY COVER
POSSIBLE SUNSHINE (PERCENT)   MM
AVERAGE SKY COVER           0.60
NUMBER OF DAYS FAIR            7
NUMBER OF DAYS PC             12
NUMBER OF DAYS CLOUDY         12

AVERAGE RH (PERCENT)     81

WEATHER CONDITIONS. NUMBER OF DAYS WITH
THUNDERSTORM              0     MIXED PRECIP               0
HEAVY RAIN                0     RAIN                       1
LIGHT RAIN                6     FREEZING RAIN              0
LT FREEZING RAIN          4     HAIL                       0
HEAVY SNOW                2     SNOW                       4
LIGHT SNOW               14     SLEET                      0
FOG                      21     FOG W/VIS <= 1/4 MILE     14
HAZE                      5

-  INDICATES NEGATIVE NUMBERS.
R  INDICATES RECORD WAS SET OR TIED.
MM INDICATES DATA IS MISSING.
T  INDICATES TRACE AMOUNT.

$$
