000
CXUS56 KOTX 011425
CLMPUW


CLIMATE REPORT
NATIONAL WEATHER SERVICE SPOKANE, WA
625 AM PST WED MAR 1 2017

...................................

...THE PULLMAN-MOSCOW  AIRPORT CLIMATE SUMMARY FOR THE MONTH OF FEBRUARY 2017...

CLIMATE NORMAL PERIOD 1981 TO 2010
CLIMATE RECORD PERIOD 9999 TO 9999

WEATHER         OBSERVED          NORMAL  DEPART  LAST YEAR`S
                 VALUE   DATE(S)  VALUE   FROM    VALUE  DATE(S)
                                          NORMAL
................................................................
TEMPERATURE (F)
RECORD
 HIGH              66   02/25/1986
 LOW              -24   02/02/1996
HIGHEST            50   02/20        MM      MM       60  02/26
                        02/17
                        02/14
LOWEST             -3   02/02        MM      MM       25  02/02
AVG. MAXIMUM     39.9              41.6    -1.7     48.2
AVG. MINIMUM     27.1              28.1    -1.0     34.2
MEAN             33.5              34.9    -1.4     41.2
DAYS MAX >= 90      0               0.0     0.0        0
DAYS MAX <= 32      5               2.2     2.8        0
DAYS MIN <= 32     19              19.8    -0.8       10
DAYS MIN <= 0       1               0.0     1.0        0

PRECIPITATION (INCHES)
RECORD
 MAXIMUM         6.10   1961
 MINIMUM         0.05   2005
TOTALS           3.18              1.52    1.66     1.40
DAILY AVG.       0.11              0.05    0.06     0.05
DAYS >= .01        15                MM      MM       13
DAYS >= .10        10                MM      MM        4
DAYS >= .50         2                MM      MM        1
DAYS >= 1.00        0                MM      MM        0
GREATEST
 24 HR. TOTAL    0.76   02/15 TO 02/16           02/18 TO 02/18
                                                          02/18 TO 02/18
                                                          02/18 TO 02/18

SNOWFALL (INCHES)
RECORDS
 TOTAL           22.2   MM
TOTALS             MM                MM      MM       MM
SINCE 7/1         0.0                MM      MM        T
SNOWDEPTH AVG.      0                MM      MM       MM
DAYS >= 1.0         0                MM      MM        0
GREATEST
 SNOW DEPTH         0   MM                            MM  MM
 24 HR TOTAL       MM                                 MM

DEGREE_DAYS
HEATING TOTAL     875               844      31      683
 SINCE 7/1       4777              4703      74     4098
COOLING TOTAL       0                 0       0        0
 SINCE 1/1          0                 0       0        0
.........................................................

WIND (MPH)
AVERAGE WIND SPEED              8.9
HIGHEST WIND SPEED/DIRECTION    30/260    DATE  02/20
HIGHEST GUST SPEED/DIRECTION    40/250    DATE  02/20

SKY COVER
POSSIBLE SUNSHINE (PERCENT)   MM
AVERAGE SKY COVER           0.60
NUMBER OF DAYS FAIR            5
NUMBER OF DAYS PC             11
NUMBER OF DAYS CLOUDY         12

AVERAGE RH (PERCENT)     77

WEATHER CONDITIONS. NUMBER OF DAYS WITH
THUNDERSTORM              0     MIXED PRECIP               0
HEAVY RAIN                1     RAIN                       4
LIGHT RAIN               13     FREEZING RAIN              1
LT FREEZING RAIN          2     HAIL                       0
HEAVY SNOW                0     SNOW                       3
LIGHT SNOW                9     SLEET                      0
FOG                      18     FOG W/VIS <= 1/4 MILE      2
HAZE                      2

-  INDICATES NEGATIVE NUMBERS.
R  INDICATES RECORD WAS SET OR TIED.
MM INDICATES DATA IS MISSING.
T  INDICATES TRACE AMOUNT.

$$
