000
CXUS56 KOTX 020113
CLMPUW


CLIMATE REPORT
NATIONAL WEATHER SERVICE SPOKANE, WA
609 PM PDT SAT AUG 1 2015

...................................

...THE PULLMAN-MOSCOW  AIRPORT CLIMATE SUMMARY FOR THE MONTH OF JULY 2015...

CLIMATE NORMAL PERIOD 1981 TO 2010
CLIMATE RECORD PERIOD 9999 TO 9999

WEATHER         OBSERVED          NORMAL  DEPART  LAST YEAR`S
                 VALUE   DATE(S)  VALUE   FROM    VALUE  DATE(S)
                                          NORMAL
................................................................
TEMPERATURE (F)
RECORD
 HIGH             104   07/18/1960
 LOW               32   07/31/1945
HIGHEST           100   07/31        MM      MM       99  07/29
LOWEST             42   07/17        MM      MM       43  07/25
AVG. MAXIMUM     86.1              81.7     4.4     88.6
AVG. MINIMUM     53.2              49.5     3.7     52.5
MEAN             69.6              65.6     4.0     70.5
DAYS MAX >= 90     13               4.3     8.7       15
DAYS MAX <= 32      0               0.0     0.0        0
DAYS MIN <= 32      0               0.0     0.0        0
DAYS MIN <= 0       0               0.0     0.0        0

PRECIPITATION (INCHES)
RECORD
 MAXIMUM         1.74   1983
 MINIMUM            T   1969
TOTALS           0.54              0.69   -0.15     0.33
DAILY AVG.       0.02              0.02    0.00     0.01
DAYS >= .01         2                MM      MM        3
DAYS >= .10         1                MM      MM        2
DAYS >= .50         1                MM      MM        0
DAYS >= 1.00        0                MM      MM        0
GREATEST
 24 HR. TOTAL    0.54   07/10 TO 07/11           07/22 TO 07/23
                                                          07/23 TO 07/23
                                                          07/23 TO 07/23

SNOWFALL (INCHES)
RECORDS
 TOTAL              T   MM
TOTALS             MM                MM      MM       MM
SINCE 7/1          MM                MM      MM       MM
SNOWDEPTH AVG.     MM                MM      MM       MM
DAYS >= 1.0         0                MM      MM        0
GREATEST
 SNOW DEPTH        MM                                 MM  MM
 24 HR TOTAL       MM                                 MM

DEGREE_DAYS
HEATING TOTAL      19                64     -45       10
 SINCE 7/1         19                64     -45       10
COOLING TOTAL     169                82      87      189
 SINCE 1/1        274               100     174      191
....................................................

WIND (MPH)
AVERAGE WIND SPEED              5.8
HIGHEST WIND SPEED/DIRECTION    37/360    DATE  07/10
HIGHEST GUST SPEED/DIRECTION    46/360    DATE  07/10

SKY COVER
POSSIBLE SUNSHINE (PERCENT)    0
AVERAGE SKY COVER           0.10
NUMBER OF DAYS FAIR           25
NUMBER OF DAYS PC              6
NUMBER OF DAYS CLOUDY          0

AVERAGE RH (PERCENT)     43

WEATHER CONDITIONS. NUMBER OF DAYS WITH
THUNDERSTORM              0     MIXED PRECIP               0
HEAVY RAIN                1     RAIN                       1
LIGHT RAIN                2     FREEZING RAIN              0
LT FREEZING RAIN          0     HAIL                       0
HEAVY SNOW                0     SNOW                       0
LIGHT SNOW                0     SLEET                      0
FOG                       1     FOG W/VIS <= 1/4 MILE      0
HAZE                      5

-  INDICATES NEGATIVE NUMBERS.
R  INDICATES RECORD WAS SET OR TIED.
MM INDICATES DATA IS MISSING.
T  INDICATES TRACE AMOUNT.

$$
