000
CXUS51 KBOX 011525
CLMPVD


CLIMATE REPORT
NATIONAL WEATHER SERVICE TAUNTON MA
1112 AM EDT SAT NOV 1 2014

...................................

...THE PROVIDENCE RI CLIMATE SUMMARY FOR THE MONTH OF OCTOBER 2014...

CLIMATE NORMAL PERIOD 1981 TO 2010
CLIMATE RECORD PERIOD 1904 TO 2014

WEATHER         OBSERVED          NORMAL  DEPART  LAST YEAR`S
                 VALUE   DATE(S)  VALUE   FROM    VALUE
                                          NORMAL
.............................................................
TEMPERATURE (F)
RECORD
 HIGH              88   10/10/1949
 LOW               20   10/27/1976
HIGHEST            79   10/15
LOWEST             34   10/20
AVG. MAXIMUM     64.6              63.3     1.3
AVG. MINIMUM     47.6              43.9     3.7
MEAN             56.1              53.6     2.5
DAYS MAX >= 90      0               0.0     0.0
DAYS MAX <= 32      0               0.0     0.0
DAYS MIN <= 32      0               1.6    -1.6
DAYS MIN <= 0       0               0.0     0.0

PRECIPITATION (INCHES)
RECORD
 MAXIMUM        15.38   2005
 MINIMUM         0.15   1924
TOTALS           3.30              3.93   -0.63
DAYS >= .01        12               9.4     2.6
DAYS >= .10         8               6.4     1.6
DAYS >= .50         2               2.5    -0.5
DAYS >= 1.00        0               1.0    -1.0
GREATEST
 24 HR. TOTAL    0.94   10/22 TO 10/23

SNOWFALL (INCHES)
RECORDS
 TOTAL             MM   MM
 SNOW DEPTH        MM   MM
TOTALS            0.0               0.0     0.0
SINCE 7/1         0.0               0.0     0.0
SNOWDEPTH AVG.      0
DAYS >= 1.0         0               0.0     0.0
GREATEST
 SNOW DEPTH         0   MM
 24 HR TOTAL      0.0   10/31 TO 10/31

DEGREE_DAYS
HEATING TOTAL     278               361     -83
 SINCE 7/1        352               458    -106
COOLING TOTAL      12                 8       4
 SINCE 1/1        709               744     -35
..............................................................

WIND (MPH)
AVERAGE WIND SPEED              9.2
RESULTANT WIND SPEED/DIRECTION   3/268
HIGHEST WIND SPEED/DIRECTION    32/010    DATE  10/23
HIGHEST GUST SPEED/DIRECTION    45/010    DATE  10/23

SKY COVER
POSSIBLE SUNSHINE (PERCENT)   MM
AVERAGE SKY COVER           0.60
NUMBER OF DAYS FAIR            8
NUMBER OF DAYS PC             15
NUMBER OF DAYS CLOUDY          8

AVERAGE RH (PERCENT)     75

WEATHER CONDITIONS. NUMBER OF DAYS WITH
THUNDERSTORM              0     MIXED PRECIP               0
HEAVY RAIN                6     RAIN                       7
LIGHT RAIN               15     FREEZING RAIN              0
LT FREEZING RAIN          0     HAIL                       0
HEAVY SNOW                0     SNOW                       0
LIGHT SNOW                0     SLEET                      0
FOG                      16     FOG W/VIS <= 1/4 MILE      0
HAZE                      0

-  INDICATES NEGATIVE NUMBERS.
R  INDICATES RECORD WAS SET OR TIED.
MM INDICATES DATA IS MISSING.
T  INDICATES TRACE AMOUNT.

$$

SIPPRELL
