000
CXUS51 KBOX 012226
CLMPVD


CLIMATE REPORT
NATIONAL WEATHER SERVICE TAUNTON MA
616 PM EDT FRI AUG 1 2014

...................................

...THE PROVIDENCE RI CLIMATE SUMMARY FOR THE MONTH OF JULY 2014...

CLIMATE NORMAL PERIOD 1981 TO 2010
CLIMATE RECORD PERIOD 1904 TO 2014

WEATHER         OBSERVED          NORMAL  DEPART  LAST YEAR`S
                 VALUE   DATE(S)  VALUE   FROM    VALUE
                                          NORMAL
.............................................................
TEMPERATURE (F)
RECORD
 HIGH             102   07/06/2010
                        07/21/1991
                        08/09/2001
 LOW               48   07/01/1988
HIGHEST            91   07/08
LOWEST             58   07/31
                        07/30
AVG. MAXIMUM     82.9              82.8     0.1
AVG. MINIMUM     65.4              64.2     1.2
MEAN             74.1              73.5     0.6     78.4
DAYS MAX >= 90      3               4.1    -1.1
DAYS MAX <= 32      0               0.0     0.0
DAYS MIN <= 32      0               0.0     0.0
DAYS MIN <= 0       0               0.0     0.0

PRECIPITATION (INCHES)
RECORD
 MAXIMUM        10.52   2009
 MINIMUM         0.24   1952
TOTALS           3.59              3.29    0.30
DAYS >= .01         9               9.4    -0.4
DAYS >= .10         4               6.0    -2.0
DAYS >= .50         1               2.1    -1.1        1
DAYS >= 1.00        1               0.8     0.2
GREATEST
 24 HR. TOTAL    2.68   07/04 TO 07/04
                        07/04 TO 07/05

SNOWFALL (INCHES)
RECORDS
 TOTAL             MM   MM
 SNOW DEPTH        MM   MM
TOTALS            0.0               0.0     0.0
SINCE 7/1         0.0               0.0     0.0
SNOWDEPTH AVG.      0
DAYS >= 1.0         0               0.0     0.0
GREATEST
 SNOW DEPTH         0   MM
 24 HR TOTAL      0.0   07/31 TO 07/31

DEGREE_DAYS
HEATING TOTAL       0                 3      -3
 SINCE 7/1          0                 3      -3
COOLING TOTAL     289               266      23
 SINCE 1/1        403               424     -21
..............................................................

WIND (MPH)
AVERAGE WIND SPEED              8.8
RESULTANT WIND SPEED/DIRECTION   5/217
HIGHEST WIND SPEED/DIRECTION    24/200    DATE  07/13
HIGHEST GUST SPEED/DIRECTION    35/350    DATE  07/05

SKY COVER
POSSIBLE SUNSHINE (PERCENT)   MM
AVERAGE SKY COVER           0.50
NUMBER OF DAYS FAIR            5
NUMBER OF DAYS PC             21
NUMBER OF DAYS CLOUDY          5

AVERAGE RH (PERCENT)     70

WEATHER CONDITIONS. NUMBER OF DAYS WITH
THUNDERSTORM              0     MIXED PRECIP               0
HEAVY RAIN                3     RAIN                       5
LIGHT RAIN               12     FREEZING RAIN              0
LT FREEZING RAIN          0     HAIL                       0
HEAVY SNOW                0     SNOW                       0
LIGHT SNOW                0     SLEET                      0
FOG                      11     FOG W/VIS <= 1/4 MILE      0
HAZE                      6

-  INDICATES NEGATIVE NUMBERS.
R  INDICATES RECORD WAS SET OR TIED.
MM INDICATES DATA IS MISSING.
T  INDICATES TRACE AMOUNT.

$$
