000
CXUS51 KBOX 011418 CCA
CLMPVD

CLIMATE REPORT
NATIONAL WEATHER SERVICE TAUNTON MA
909 AM EST WED MAR 1 2017

...................................

...THE PROVIDENCE RI CLIMATE SUMMARY FOR THE MONTH OF FEBRUARY 2017...

CLIMATE NORMAL PERIOD 1981 TO 2010
CLIMATE RECORD PERIOD 1904 TO 2017

WEATHER         OBSERVED          NORMAL  DEPART  LAST YEAR`S
                 VALUE   DATE(S)  VALUE   FROM    VALUE
                                          NORMAL
.............................................................
TEMPERATURE (F)
RECORD
 HIGH              72   02/24/1985
                        02/18/1981
 LOW              -17   02/09/1934
HIGHEST            71   02/24
LOWEST              8   02/10
AVG. MAXIMUM     45.0              40.3     4.7
AVG. MINIMUM     26.4              23.6     2.8
MEAN             35.7              32.0     3.7
DAYS MAX >= 90      0               0.0     0.0
DAYS MAX <= 32      2               5.1    -3.1
DAYS MIN <= 32     22              23.5    -1.5
DAYS MIN <= 0       0               0.1    -0.1

PRECIPITATION (INCHES)
RECORD
 MAXIMUM         7.20   1984
 MINIMUM         0.39   1987
TOTALS           2.22              3.29   -1.07
DAYS >= .01        10               9.7     0.3
DAYS >= .10         5               5.9    -0.9
DAYS >= .50         2               2.3    -0.3
DAYS >= 1.00        1               0.8     0.2
GREATEST
 24 HR. TOTAL    1.04   02/09 TO 02/09

SNOWFALL (INCHES)
RECORDS
 TOTAL           31.8   2015
 SNOW DEPTH        22   02/18/2015
                        02/16/2015
                        02/15/2015
TOTALS           16.8               8.5     8.3
SINCE 7/1        38.2              27.7    10.5
SNOWDEPTH AVG.      3
DAYS >= 1.0         3               2.3     0.7
GREATEST
 SNOW DEPTH        11   02/11
                        02/10
 24 HR TOTAL     11.9   02/09 TO 02/09

DEGREE_DAYS
HEATING TOTAL     814               925    -111
 SINCE 7/1       3558              4062    -504
COOLING TOTAL       0                 0       0
 SINCE 1/1          0                 0       0
..............................................................

WIND (MPH)
AVERAGE WIND SPEED              9.1
RESULTANT WIND SPEED/DIRECTION   5/289
HIGHEST WIND SPEED/DIRECTION    43/020    DATE  02/09
HIGHEST GUST SPEED/DIRECTION    54/020    DATE  02/09

SKY COVER
POSSIBLE SUNSHINE (PERCENT)   MM
AVERAGE SKY COVER           0.50
NUMBER OF DAYS FAIR            8
NUMBER OF DAYS PC             12
NUMBER OF DAYS CLOUDY          8

AVERAGE RH (PERCENT)     64

WEATHER CONDITIONS. NUMBER OF DAYS WITH
THUNDERSTORM              1     MIXED PRECIP               0
HEAVY RAIN                0     RAIN                       4
LIGHT RAIN                8     FREEZING RAIN              0
LT FREEZING RAIN          0     HAIL                       0
HEAVY SNOW                2     SNOW                       2
LIGHT SNOW                6     SLEET                      2
FOG                      13     FOG W/VIS <= 1/4 MILE      5
HAZE                      7

-  INDICATES NEGATIVE NUMBERS.
R  INDICATES RECORD WAS SET OR TIED.
MM INDICATES DATA IS MISSING.
T  INDICATES TRACE AMOUNT.

$$

SIPPRELL/CORREIA
