000
CXUS51 KBOX 011242
CLMPVD


CLIMATE REPORT
NATIONAL WEATHER SERVICE TAUNTON MA
826 AM EDT TUE AUG 1 2017

...................................

...THE PROVIDENCE RI CLIMATE SUMMARY FOR THE MONTH OF JULY 2017...

CLIMATE NORMAL PERIOD 1981 TO 2010
CLIMATE RECORD PERIOD 1904 TO 2017

WEATHER         OBSERVED          NORMAL  DEPART  LAST YEAR`S
                 VALUE   DATE(S)  VALUE   FROM    VALUE
                                          NORMAL
.............................................................
TEMPERATURE (F)
RECORD
 HIGH             102   07/06/2010
 LOW               48   07/01/1988
HIGHEST            93   07/20
LOWEST             54   07/26
AVG. MAXIMUM     81.3              82.8    -1.5
AVG. MINIMUM     64.0              64.2    -0.2
MEAN             72.7              73.5    -0.8
DAYS MAX >= 90      4               4.1    -0.1
DAYS MAX <= 32      0               0.0     0.0
DAYS MIN <= 32      0               0.0     0.0
DAYS MIN <= 0       0               0.0     0.0

PRECIPITATION (INCHES)
RECORD
 MAXIMUM        10.52   2009
 MINIMUM         0.32   1952
TOTALS           3.46              3.29    0.17
DAYS >= .01         9               9.4    -0.4
DAYS >= .10         6               6.0     0.0
DAYS >= .50         4               2.1     1.9
DAYS >= 1.00        1               0.8     0.2
GREATEST
 24 HR. TOTAL    1.02   07/07 TO 07/07

SNOWFALL (INCHES)
RECORDS
 TOTAL             MM   MM
 SNOW DEPTH        MM   MM
TOTALS            0.0               0.0     0.0
SINCE 7/1         0.0               0.0     0.0
SNOWDEPTH AVG.      0
DAYS >= 1.0         0               0.0     0.0
GREATEST
 SNOW DEPTH         0   MM
 24 HR TOTAL      0.0   07/31 TO 07/31

DEGREE_DAYS
HEATING TOTAL       7                 3       4
 SINCE 7/1          7                 3       4
COOLING TOTAL     254               266     -12
 SINCE 1/1        481               424      57
..............................................................

WIND (MPH)
AVERAGE WIND SPEED              7.8
RESULTANT WIND SPEED/DIRECTION   1/215
HIGHEST WIND SPEED/DIRECTION    26/020    DATE  07/29
HIGHEST GUST SPEED/DIRECTION    31/020    DATE  07/29

SKY COVER
POSSIBLE SUNSHINE (PERCENT)   MM
AVERAGE SKY COVER           0.50
NUMBER OF DAYS FAIR            7
NUMBER OF DAYS PC             19
NUMBER OF DAYS CLOUDY          5

AVERAGE RH (PERCENT)     77

WEATHER CONDITIONS. NUMBER OF DAYS WITH
THUNDERSTORM              2     MIXED PRECIP               0
HEAVY RAIN                4     RAIN                       5
LIGHT RAIN               14     FREEZING RAIN              0
LT FREEZING RAIN          0     HAIL                       0
HEAVY SNOW                0     SNOW                       0
LIGHT SNOW                0     SLEET                      0
FOG                      15     FOG W/VIS <= 1/4 MILE      1
HAZE                      3

-  INDICATES NEGATIVE NUMBERS.
R  INDICATES RECORD WAS SET OR TIED.
MM INDICATES DATA IS MISSING.
T  INDICATES TRACE AMOUNT.

$$

SIPPRELL
