000
CXUS51 KBOX 011341
CLMPVD


CLIMATE REPORT
NATIONAL WEATHER SERVICE TAUNTON MA
804 AM EST MON DEC 1 2014

...................................

...THE PROVIDENCE RI CLIMATE SUMMARY FOR THE MONTH OF NOVEMBER 2014...

CLIMATE NORMAL PERIOD 1981 TO 2010
CLIMATE RECORD PERIOD 1904 TO 2014

WEATHER         OBSERVED          NORMAL  DEPART  LAST YEAR`S
                 VALUE   DATE(S)  VALUE   FROM    VALUE
                                          NORMAL
.............................................................
TEMPERATURE (F)
RECORD
 HIGH              81   11/02/1950
 LOW                6   11/24/1989
HIGHEST            68   11/05
LOWEST             19   11/22
AVG. MAXIMUM     50.9              53.2    -2.3
AVG. MINIMUM     32.9              35.7    -2.8
MEAN             41.9              44.5    -2.6
DAYS MAX >= 90      0               0.0     0.0
DAYS MAX <= 32      0               0.1    -0.1
DAYS MIN <= 32     14              10.7     3.3
DAYS MIN <= 0       0               0.0     0.0

PRECIPITATION (INCHES)
RECORD
 MAXIMUM        11.01   1983
 MINIMUM         0.31   2001
                        1917
TOTALS           5.45              4.51    0.94
DAYS >= .01        10              10.1    -0.1
DAYS >= .10         7               6.6     0.4
DAYS >= .50         3               3.2    -0.2
DAYS >= 1.00        3               1.4     1.6
GREATEST
 24 HR. TOTAL    1.54   11/26 TO 11/27

SNOWFALL (INCHES)
RECORDS
 TOTAL             MM   MM
 SNOW DEPTH        MM   MM
TOTALS            1.6               1.5     0.1
SINCE 7/1         1.6               1.5     0.1
SNOWDEPTH AVG.      0
DAYS >= 1.0         1               0.3     0.7
GREATEST
 SNOW DEPTH         T   11/14
                        11/28
 24 HR TOTAL      1.0   11/14 TO 11/14

DEGREE_DAYS
HEATING TOTAL     684               617      67
 SINCE 7/1       1036              1075     -39
COOLING TOTAL       0                 0       0
 SINCE 1/1        709               744     -35
..............................................................

WIND (MPH)
AVERAGE WIND SPEED              8.9
RESULTANT WIND SPEED/DIRECTION   5/275
HIGHEST WIND SPEED/DIRECTION    37/360    DATE  11/02
HIGHEST GUST SPEED/DIRECTION    45/210    DATE  11/24

SKY COVER
POSSIBLE SUNSHINE (PERCENT)   MM
AVERAGE SKY COVER           0.60
NUMBER OF DAYS FAIR            5
NUMBER OF DAYS PC             15
NUMBER OF DAYS CLOUDY         10

AVERAGE RH (PERCENT)     64

WEATHER CONDITIONS. NUMBER OF DAYS WITH
THUNDERSTORM              0     MIXED PRECIP               0
HEAVY RAIN                3     RAIN                       5
LIGHT RAIN               14     FREEZING RAIN              0
LT FREEZING RAIN          0     HAIL                       0
HEAVY SNOW                0     SNOW                       1
LIGHT SNOW                5     SLEET                      1
FOG                      13     FOG W/VIS <= 1/4 MILE      2
HAZE                      1

-  INDICATES NEGATIVE NUMBERS.
R  INDICATES RECORD WAS SET OR TIED.
MM INDICATES DATA IS MISSING.
T  INDICATES TRACE AMOUNT.

$$

SIPPRELL
