284
CXUS53 KLOT 011249
CLMPWK


CLIMATE REPORT
NATIONAL WEATHER SERVICE CHICAGO IL
630 AM CST THU DEC 1 2016

...................................

...THE CHICAGO EXECUTIVE CLIMATE SUMMARY FOR THE MONTH OF NOVEMBER 2016...

CLIMATE NORMAL PERIOD 1981 TO 2010
CLIMATE RECORD PERIOD 1996 TO 2016

WEATHER         OBSERVED          NORMAL  DEPART  LAST YEAR`S
                 VALUE   DATE(S)  VALUE   FROM    VALUE
                                          NORMAL
.............................................................
TEMPERATURE (F)
RECORD
 HIGH              76   11/01/2016
 LOW               10   11/22/2015
                        11/18/2014
                        01/05/1999
HIGHEST            76R  11/01                         72
LOWEST             22   11/21                         10
AVG. MAXIMUM     55.0              48.1     6.9     54.0
AVG. MINIMUM     38.0              32.0     6.0     35.3
MEAN             46.5              40.0     6.5     44.7

PRECIPITATION (INCHES)
RECORD
 MAXIMUM         5.02   2003
 MINIMUM         0.35   1999
TOTALS           1.88              2.89   -1.01     2.84

DEGREE_DAYS
HEATING TOTAL     552               749    -197      604
 SINCE 7/1        854              1270    -416     1012
COOLING TOTAL       3                 0       3        0
 SINCE 1/1       1071               789     282      769
..............................................................

WIND (MPH)
AVERAGE WIND SPEED              7.6
HIGHEST WIND SPEED/DIRECTION    30/200    DATE  11/18
HIGHEST GUST SPEED/DIRECTION    41/320    DATE  11/19

AVERAGE RH (PERCENT)     71


-  INDICATES NEGATIVE NUMBERS.
R  INDICATES RECORD WAS SET OR TIED.
MM INDICATES DATA IS MISSING.
T  INDICATES TRACE AMOUNT.

$$
