000
CXUS53 KLOT 011548
CLMPWK


CLIMATE REPORT
NATIONAL WEATHER SERVICE CHICAGO IL
828 AM CST SUN MAR 1 2015

...................................

...THE CHICAGO EXECUTIVE CLIMATE SUMMARY FOR THE MONTH OF FEBRUARY 2015...

CLIMATE NORMAL PERIOD 1981 TO 2010
CLIMATE RECORD PERIOD 1996 TO 2015

WEATHER         OBSERVED          NORMAL  DEPART  LAST YEAR`S
                 VALUE   DATE(S)  VALUE   FROM    VALUE
                                          NORMAL
.............................................................
TEMPERATURE (F)
RECORD
 HIGH              72   MM
 LOW              -12   02/28/2015
HIGHEST            43   02/07        MM      MM       49
LOWEST            -12R  02/28        MM      MM       -4
AVG. MAXIMUM     23.8              35.2   -11.4     25.9
AVG. MINIMUM      6.0              20.4   -14.4      9.0
MEAN             14.9              27.8   -12.9     17.4

PRECIPITATION (INCHES)
RECORD
 MAXIMUM         2.51   2011
 MINIMUM         0.06   2003
TOTALS              TR             0.95   -0.95     0.92

DEGREE_DAYS
HEATING TOTAL    1393              1041     352     1327
 SINCE 7/1       5128              4738     390     5359
COOLING TOTAL       0                 0       0        0
 SINCE 1/1          0                 0       0        0
..............................................................

WIND (MPH)
AVERAGE WIND SPEED              9.1
HIGHEST WIND SPEED/DIRECTION    30/330    DATE  02/14
HIGHEST GUST SPEED/DIRECTION    41/330    DATE  02/14

AVERAGE RH (PERCENT)     65


-  INDICATES NEGATIVE NUMBERS.
R  INDICATES RECORD WAS SET OR TIED.
MM INDICATES DATA IS MISSING.
T  INDICATES TRACE AMOUNT.

$$
