000
CXUS51 KGYX 022358
CLMPWM

PWMCLMPWM 000
TTAA00 KGYX 012148


CLIMATE REPORT
NATIONAL WEATHER SERVICE GRAY ME
758 PM EDT SAT AUG 2 2014

...................................

...THE PORTLAND ME CLIMATE SUMMARY FOR THE MONTH OF JULY 2014...

CLIMATE NORMAL PERIOD 1981 TO 2010
CLIMATE RECORD PERIOD 1941 TO 2014 /FOR TEMPERATURES/
CLIMATE RECORD PERIOD 1871 TO 2014 /FOR PRECIPITATION/
CLIMATE RECORD PERIOD 1882 TO 2014 /FOR SNOWFALL/

WEATHER         OBSERVED          NORMAL  DEPART  LAST YEAR`S
                 VALUE   DATE(S)  VALUE   FROM    VALUE  DATE(S)
                                          NORMAL
................................................................
TEMPERATURE (F)
RECORD
 HIGH             100   07/22/2011
 LOW               40   07/07/1965
                        07/03/1962
HIGHEST            87   07/23        91      -4       95  07/19
LOWEST             54   07/21        50       4       56  07/25
                                                          07/02
AVG. MAXIMUM     78.4              78.8    -0.4     79.7
AVG. MINIMUM     61.3              59.4     1.9     63.4
MEAN             69.8              69.1     0.7     71.6
DAYS MAX >= 90      0               1.5    -1.5        5
DAYS MAX <= 32      0               0.0     0.0        0
DAYS MIN <= 32      0               0.0     0.0        0
DAYS MIN <= 0       0               0.0     0.0        0

PRECIPITATION (INCHES)
RECORD
 MAXIMUM        10.84   1915
 MINIMUM         0.61   1965
TOTALS           6.12              3.61    2.51     3.36
DAILY AVG.       0.20              0.12    0.08     0.11
DAYS >= .01        15              11.0     4.0       14
DAYS >= .10        10               6.8     3.2        8
DAYS >= .50         5               2.6     2.4        2
DAYS >= 1.00        1               0.8     0.2        1
GREATEST
 24 HR. TOTAL    1.96   07/04 TO 07/05

SNOWFALL (INCHES)
TOTALS            0.0               0.0     0.0      0.0
SINCE 7/1         0.0               0.0     0.0
SNOWDEPTH AVG.      0
DAYS >= TRACE       0               0.0     0.0
DAYS >= 1.0         0               0.0     0.0
GREATEST
 SNOW DEPTH         0
 24 HR TOTAL      0.0   07/31

DEGREE_DAYS
HEATING TOTAL       0                17     -17        7
 SINCE 7/1          0                17     -17        7
COOLING TOTAL     159               144      15      217
 SINCE 1/1        215               208       7      315
.................................................................

WIND (MPH)
AVERAGE WIND SPEED              6.9
HIGHEST WIND SPEED/DIRECTION    30/280    DATE  07/02
HIGHEST GUST SPEED/DIRECTION    43/310    DATE  07/05

SKY COVER
AVERAGE SKY COVER           0.50

AVERAGE RH (PERCENT)     75

WEATHER CONDITIONS. NUMBER OF DAYS WITH
THUNDERSTORM              0     HEAVY RAIN                 6
RAIN                      7     LIGHT RAIN                16
FREEZING RAIN             0     LT FREEZING RAIN           0
HEAVY SNOW                0     SNOW                       0
LIGHT SNOW                0     FOG                       17
FOG W/VIS <= 1/4 MILE     4     HAZE                       3

-  INDICATES NEGATIVE NUMBERS.
R  INDICATES RECORD WAS SET OR TIED.
MM INDICATES DATA IS MISSING.
T  INDICATES TRACE AMOUNT.

&&

FOR THE THIRD STRAIGHT MONTH PORTLAND EXPERIENCED TEMPERATURES
SLIGHTLY ABOVE NORMAL. FOR MOST OF THE FIRST TEN DAYS OF THE MONTH
PORTLAND SAW WARM WEATHER. HURRICANE ARTHUR PASSING BY OFFSHORE
BROUGHT HEAVY RAIN AROUND THE FOURTH OF JULY. MOST OF THE LAST HALF
OF THE MONTH SAW BELOW NORMAL TEMPERATURES WITH BRIEF PERIODS OF
WARMER WEATHER.

DAILY HIGH TEMPERATURES WERE SLIGHTLY BELOW NORMAL IN JULY BUT THIS
WAS OFFSET BY LOW TEMPERATURES WHICH WERE THE NINTH WARMEST EVER
RECORDED IN THE MONTH OF JULY. OVERALL THE AVERAGE TEMPERATURE FOR
THE MONTH WAS 69.8 DEGREES WHICH WAS 0.7 DEGREES ABOVE NORMAL.
ALTHOUGH JULY WAS ABOVE NORMAL... IT WAS THE COOLEST JULY SINCE 2009
(AVERAGE TEMPERATURE 66.2). THE WARMEST JULY ON RECORD WAS 2011 WITH
AN AVERAGE TEMPERATURE OF 72.7 DEGREES. THE COOLEST JULY WAS 1962
WITH AN AVERAGE OF ONLY 64.0 DEGREES.

THE TABLE BELOW LISTS THE WARMEST AVERAGE LOW TEMPERATURES FOR THE
MONTH OF JULY. 7 OF THE TOP TEN WARMEST AVERAGE LOWS HAVE OCCURRED
SINCE 1999.

TOP TEN WARMEST AVERAGE LOW TEMPERATURES IN JULY
RANK    AVE LOW     YEAR
1       63.4        2013
2       62.8        2011
3       62.6        2006
4       62.5        1994
5       62.4        2010
6       61.9        1973
7       61.8        1999
8       61.5        2012
9       61.3        2014 <===
        61.3        1988

THE WARMEST TEMPERATURE OF THE MONTH WAS 87 DEGREES ON THE 23RD.
THIS WAS ALSO THE WARMEST TEMPERATURE OF THE YEAR... AND THE ONLY
TIME THIS YEAR THAT THE TEMPERATURE HAS RISEN ABOVE 85 DEGREES.
NEVER BEFORE HAS PORTLAND WAITED THIS LONG IN THE YEAR TO RISE ABOVE
85 DEGREES. THE PREVIOUS RECORD WAS IN 1996 WHEN THE TEMPERATURE
FIRST ROSE ABOVE 85 ON JULY 18. IF THE TEMPERATURE DOES NOT RISE
ABOVE 87 DEGREES THE REST OF THE YEAR... THEN THIS WILL TIE AS THE
SECOND COOLEST YEARLY HIGH TEMPERATURE AT PORTLAND. THE RECORD WAS
1996 WHEN THE WARMEST TEMPERATURE OF THE YEAR WAS 86 DEGREES.

PORTLAND HAS NOT REACHED 90 DEGREES THIS YEAR. IF THIS TREND
CONTINUES IT WILL BE THE FIRST TIME SINCE 2008 THAT PORTLAND DID
NOT REACH 90 DEGREES. NORMALLY PORTLAND SEES 4.6 DAYS PER YEAR AT 90
OR ABOVE. ONLY 6 TIMES HAS PORTLAND FAILED TO REACH 90 DEGREES IN A
YEAR. THIS IS ROUGHLY 8 PERCENT OF ALL YEARS IN THE PREVIOUS 73
YEARS OF TEMPERATURE RECORDS AT PORTLAND. BELOW IS A LIST OF THE
COOLEST YEARLY MAXIMUM TEMPERATURES AT PORTLAND.

COOLEST YEARLY MAXIMUM TEMPERATURES
RANK    TEMP    YEAR
1       86      1996
2       87      2014 <===
        87      1972
4       88      2008
        88      1986
        88      1974
        88      1962
7       90      2000
        90      1992

6.12 INCHES OF RAIN FELL IN JULY 2014. THIS WAS 2.51 INCHES ABOVE
NORMAL AND THE 6TH RAINIEST JULY ON RECORD. THE HEAVIEST RAIN FELL
FROM THE 2ND THROUGH THE 5TH WHEN 2.96 INCHES WAS RECORDED... MOSTLY
DUE TO HURRICANE ARTHUR PASSING BY OFFSHORE. THE WETTEST JULY ON
RECORD WAS 1915 WHEN 10.84 INCHES OF RAIN FELL. THE DRIEST WAS 1965
WITH ONLY 0.61 INCHES RECORDED. THE FOLLOWING TABLE LISTS THE TOP
TEN WETTEST JULY`S ON RECORD.

MOST RAIN IN JULY
RANK    INCHES  YEAR
1       10.84   1915
2       8.60    2009
3       7.48    1976
4       6.78    1884
5       6.19    1996
6       6.12    2014 <===
7       6.00    1876
8       5.94    1939
9       5.90    1979
10      5.89    1988

THERE WERE 15 DAYS WHICH RECORDED MEASURABLE RAIN THIS JULY. THAT IS
THE MOST RAINY DAYS IN JULY SINCE 2009 AND TIES SEVERAL OTHER YEARS
AS THE 9TH MOST RAINY DAYS IN JULY SINCE PRECIPITATION RECORDS BEGAN
IN PORTLAND IN 1871. THE TABLE BELOW LISTS THE MOST DAYS WITH
MEASURABLE RAIN IN JULY IN PORTLAND.

MOST DAYS WITH MEASURABLE RAIN IN JULY
RANK    DAYS    YEAR
1       19      1927
2       18      2009
        18      1938
        18      1932
5       17      1915
6       16      1931
        16      1918
        16      1901
9       15      2014 <===
        15      2000
        15      1992
        15      1954
        15      1896
        15      1889
        15      1884
        15      1880
        15      1879

THE FOLLOWING DAILY RECORDS WERE SET OR TIED IN JULY 2014...
DATE  RECORD                              PREVIOUS
4     1.41 - MAXIMUM RAINFALL             1.26 IN 1974

$$

KIMBLE
