000
CXUS56 KSGX 011554
CLMRAL


CLIMATE REPORT
NATIONAL WEATHER SERVICE SAN DIEGO, CA
754 AM PST THU DEC 1 2016

...................................

...THE RIVERSIDE MUNI AIRPORT CA CLIMATE SUMMARY FOR THE MONTH OF NOVEMBER 2016...

CLIMATE NORMAL PERIOD 1981 TO 2010
CLIMATE RECORD PERIOD 1893 TO 2016

WEATHER         OBSERVED          NORMAL  DEPART  LAST YEAR`S
                 VALUE   DATE(S)  VALUE   FROM    VALUE  DATE(S)
                                          NORMAL
................................................................
TEMPERATURE (F)
RECORD
 HIGH              99   11/04/2010
                        11/03/2010
                        11/02/1924
 LOW               23   11/12/1950
                        11/11/1950
HIGHEST            94   11/08        74      20       90  11/01
LOWEST             40   11/30        46      -6       35  11/30
                        11/28
                        11/26
AVG. MAXIMUM     78.4              73.8     4.6     74.1
AVG. MINIMUM     50.7              46.9     3.8     46.3
MEAN             64.6              60.3     4.3     60.2
DAYS MAX >= 90      4               1.3     2.7        1
DAYS MAX <= 32      0               0.0     0.0        0
DAYS MAX >= 100     0                                  0
DAYS MAX >= 110     0                                  0
DAYS MIN <= 32      0               0.3    -0.3        0

PRECIPITATION (INCHES)
RECORD
 MAXIMUM         5.72   1965
 MINIMUM         0.00   2007
                        1995
                        1991
TOTALS           0.96              1.00   -0.04     0.30
DAILY AVG.       0.03              0.03    0.00     0.01
DAYS >= .01         4                MM      MM        3
DAYS >= .10         3                MM      MM        1
DAYS >= .50         0                MM      MM        0
DAYS >= 1.00        0                MM      MM        0
DAYS >= 1.50        0                                  0
DAYS >= 2.00        0                                  0
GREATEST
 24 HR. TOTAL    0.53   11/26 TO 11/27           11/02 TO 11/03
                                                          11/30 TO 11/30
                                                          11/30 TO 11/30
 STORM TOTAL       MM                                 MM
 (MM/DD(HH))            MM                    11/03(00) TO 11/03(00)
                                                 11/30(00) TO 11/30(00)0
                                                 11/30(00) TO 11/30(00)0

DEGREE_DAYS
HEATING TOTAL     101               165     -64      161
 SINCE 7/1        104               200     -96      162
COOLING TOTAL      96                25      71       25
 SINCE 1/1       2298              1754     544     2422

FREEZE DATES
RECORD
 EARLIEST     10/21/1949
 LATEST       04/28/1894
EARLIEST                        12/04
LATEST                          02/24
.................................................

WIND (MPH)
AVERAGE WIND SPEED              4.5
RESULTANT WIND SPEED/DIRECTION   2/048
HIGHEST WIND SPEED/DIRECTION    30/260    DATE  11/26
HIGHEST GUST SPEED/DIRECTION    39/250    DATE  11/26

SKY COVER
POSSIBLE SUNSHINE (PERCENT)   MM
AVERAGE SKY COVER           0.20
NUMBER OF DAYS FAIR           25
NUMBER OF DAYS PC              4
NUMBER OF DAYS CLOUDY          1

AVERAGE RH (PERCENT)     46

WEATHER CONDITIONS. NUMBER OF DAYS WITH
THUNDERSTORM              0     MIXED PRECIP               0
HEAVY RAIN                2     RAIN                       4
LIGHT RAIN                4     FREEZING RAIN              0
LT FREEZING RAIN          0     HAIL                       0
HEAVY SNOW                0     SNOW                       0
LIGHT SNOW                0     SLEET                      0
FOG                       7     FOG W/VIS <= 1/4 MILE      0
HAZE                      2

-  INDICATES NEGATIVE NUMBERS.
R  INDICATES RECORD WAS SET OR TIED.
MM INDICATES DATA IS MISSING.
T  INDICATES TRACE AMOUNT.

$$
