000
CXUS56 KSGX 011646
CLMRAL


CLIMATE REPORT
NATIONAL WEATHER SERVICE SAN DIEGO, CA
946 AM PDT MON SEP 1 2014

...................................

...THE RIVERSIDE MUNI AIRPORT CA CLIMATE SUMMARY FOR THE MONTH OF AUGUST 2014...

CLIMATE NORMAL PERIOD 1981 TO 2010
CLIMATE RECORD PERIOD 1893 TO 2014

WEATHER         OBSERVED          NORMAL  DEPART  LAST YEAR`S
                 VALUE   DATE(S)  VALUE   FROM    VALUE  DATE(S)
                                          NORMAL
................................................................
TEMPERATURE (F)
RECORD
 HIGH             113   08/05/1997
                        08/24/1926
 LOW               40   08/27/1902
HIGHEST           100   08/30        95       5      104  08/29
                        08/29
                        08/01
LOWEST             61   08/07        64      -3       58  08/10
                        08/06                             08/01
                        08/05
AVG. MAXIMUM     93.4              94.3    -0.9     94.2
AVG. MINIMUM     65.4              64.5     0.9     64.5
MEAN             79.4              79.4     0.0     79.4
DAYS MAX >= 90     24              24.0     0.0       26
DAYS MAX <= 32      0               0.0     0.0        0
DAYS MAX >= 100     3                                  4
DAYS MAX >= 110     0                                  0
DAYS MIN <= 32      0               0.0     0.0        0

PRECIPITATION (INCHES)
RECORD
 MAXIMUM         2.33   1983
 MINIMUM         0.00   2011
                        2010
                        2009
TOTALS           0.14              0.08    0.06     0.06
DAILY AVG.       0.00              0.00    0.00     0.00
DAYS >= .01         3                MM      MM        2
DAYS >= .10         0                MM      MM        0
DAYS >= .50         0                MM      MM        0
DAYS >= 1.00        0                MM      MM        0
DAYS >= 1.50        0                                  0
DAYS >= 2.00        0                                  0
GREATEST
 24 HR. TOTAL    0.09   08/20 TO 08/20           08/14 TO 08/14
                                                          08/13 TO 08/14
                                                          08/14 TO 08/14
 STORM TOTAL       MM                                 MM
 (MM/DD(HH))            MM                    08/14(00) TO 08/14(00)
                                                 08/14(00) TO 08/14(00)4
                                                 08/14(00) TO 08/14(00)4

SNOWFALL (INCHES)
RECORDS
 24 HR TOTAL      0.0   08/01/2000 TO 08/01/2000
                        08/01/2000 TO 08/01/2000
TOTALS            0.0                MM      MM      0.0
 LIQUID EQUIV    0.00                MM      MM     0.00
SINCE 7/1         0.0                MM      MM      0.0
 LIQUID 7/1      0.00                MM      MM     0.00
SNOWDEPTH AVG.      0                MM      MM        0
DAYS >= TRACE       0                MM      MM        0
DAYS >= 1.0         0                MM      MM        0
GREATEST
 SNOW DEPTH         0   MM                             0  MM
 24 HR TOTAL      0.0   08/31 TO 08/31           08/31 TO 08/31
                                                          08/14 TO 08/14
                                                          08/14 TO 08/14
 STORM TOTAL       MM                                 MM
 (MM/DD(HH))            MM                    08/31(00) TO 08/31(00)
                                                 08/14(00) TO 08/14(00)4
                                                 08/14(00) TO 08/14(00)4

DEGREE_DAYS
HEATING TOTAL       0                 0       0        0
 SINCE 7/1          0                 0       0        0
COOLING TOTAL     450               446       4      452
 SINCE 1/1       1591              1258     333     1469

FREEZE DATES
RECORD
 EARLIEST     10/21/1949
 LATEST       04/28/1894
EARLIEST                        12/04
LATEST                          02/24
.....................................................

WIND (MPH)
AVERAGE WIND SPEED              4.5
RESULTANT WIND SPEED/DIRECTION   3/273
HIGHEST WIND SPEED/DIRECTION    23/250    DATE  08/28
HIGHEST GUST SPEED/DIRECTION    30/250    DATE  08/28

SKY COVER
POSSIBLE SUNSHINE (PERCENT)   MM
AVERAGE SKY COVER           0.10
NUMBER OF DAYS FAIR           28
NUMBER OF DAYS PC              2
NUMBER OF DAYS CLOUDY          1

AVERAGE RH (PERCENT)     53

WEATHER CONDITIONS. NUMBER OF DAYS WITH
THUNDERSTORM              0     MIXED PRECIP               0
HEAVY RAIN                0     RAIN                       1
LIGHT RAIN                3     FREEZING RAIN              0
LT FREEZING RAIN          0     HAIL                       0
HEAVY SNOW                0     SNOW                       0
LIGHT SNOW                0     SLEET                      0
FOG                      10     FOG W/VIS <= 1/4 MILE      0
HAZE                     11

-  INDICATES NEGATIVE NUMBERS.
R  INDICATES RECORD WAS SET OR TIED.
MM INDICATES DATA IS MISSING.
T  INDICATES TRACE AMOUNT.

$$
