000
CXUS56 KSGX 011853
CLMRAL


CLIMATE REPORT
NATIONAL WEATHER SERVICE SAN DIEGO, CA
1153 AM PDT TUE SEP 1 2015

...................................

...THE RIVERSIDE MUNI AIRPORT CA CLIMATE SUMMARY FOR THE MONTH OF AUGUST 2015...

CLIMATE NORMAL PERIOD 1981 TO 2010
CLIMATE RECORD PERIOD 1893 TO 2015

WEATHER         OBSERVED          NORMAL  DEPART  LAST YEAR`S
                 VALUE   DATE(S)  VALUE   FROM    VALUE  DATE(S)
                                          NORMAL
................................................................
TEMPERATURE (F)
RECORD
 HIGH             113   08/05/1997
                        08/24/1926
 LOW               40   08/27/1902
HIGHEST           108   08/15        95      13      100  08/30
                                                          08/29
                                                          08/01
LOWEST             61   08/11        64      -3       61  08/07
                        08/10                             08/06
                        08/09                             08/05
AVG. MAXIMUM     95.5              94.3     1.2     93.4
AVG. MINIMUM     67.4              64.5     2.9     65.4
MEAN             81.5              79.4     2.1     79.4
DAYS MAX >= 90     26              24.0     2.0       24
DAYS MAX <= 32      0               0.0     0.0        0
DAYS MAX >= 100     9                                  3
DAYS MAX >= 110     0                                  0
DAYS MIN <= 32      0               0.0     0.0        0

PRECIPITATION (INCHES)
RECORD
 MAXIMUM         2.33   1983
 MINIMUM         0.00   2011
                        2010
                        2009
TOTALS           0.01              0.08   -0.07     0.14
DAILY AVG.       0.00              0.00    0.00     0.00
DAYS >= .01         1                MM      MM        3
DAYS >= .10         0                MM      MM        0
DAYS >= .50         0                MM      MM        0
DAYS >= 1.00        0                MM      MM        0
DAYS >= 1.50        0                                  0
DAYS >= 2.00        0                                  0
GREATEST
 24 HR. TOTAL    0.01   08/06 TO 08/06           08/20 TO 08/20
                                                          08/31 TO 08/31
                                                          08/31 TO 08/31
 STORM TOTAL       MM                                 MM
 (MM/DD(HH))            MM                    08/20(00) TO 08/20(00)
                                                 08/31(00) TO 08/31(00)1
                                                 08/31(00) TO 08/31(00)1

DEGREE_DAYS
HEATING TOTAL       0                 0       0        0
 SINCE 7/1          0                 0       0        0
COOLING TOTAL     518               446      72      450
 SINCE 1/1       1603              1258     345     1591

FREEZE DATES
RECORD
 EARLIEST     10/21/1949
 LATEST       04/28/1894
EARLIEST                        12/04
LATEST                          02/24
..................................................

WIND (MPH)
AVERAGE WIND SPEED              4.6
RESULTANT WIND SPEED/DIRECTION   3/272
HIGHEST WIND SPEED/DIRECTION    20/260    DATE  08/15
HIGHEST GUST SPEED/DIRECTION    27/270    DATE  08/13

SKY COVER
POSSIBLE SUNSHINE (PERCENT)   MM
AVERAGE SKY COVER           0.10
NUMBER OF DAYS FAIR           28
NUMBER OF DAYS PC              2
NUMBER OF DAYS CLOUDY          0

AVERAGE RH (PERCENT)     51

WEATHER CONDITIONS. NUMBER OF DAYS WITH
THUNDERSTORM              0     MIXED PRECIP               0
HEAVY RAIN                0     RAIN                       0
LIGHT RAIN                0     FREEZING RAIN              0
LT FREEZING RAIN          0     HAIL                       0
HEAVY SNOW                0     SNOW                       0
LIGHT SNOW                0     SLEET                      0
FOG                       7     FOG W/VIS <= 1/4 MILE      0
HAZE                     11

-  INDICATES NEGATIVE NUMBERS.
R  INDICATES RECORD WAS SET OR TIED.
MM INDICATES DATA IS MISSING.
T  INDICATES TRACE AMOUNT.

$$
