000
CXUS53 KUNR 011616
CLMRAP


CLIMATE REPORT
NATIONAL WEATHER SERVICE RAPID CITY SD
1013 AM MDT FRI JUL 1 2016

...................................

...THE RAPID CITY AIRPORT SD CLIMATE SUMMARY FOR THE MONTH OF JUNE 2016...

CLIMATE NORMAL PERIOD 1981 TO 2010
CLIMATE RECORD PERIOD 1942 TO 2016

WEATHER         OBSERVED          NORMAL  DEPART  LAST YEAR`S
                 VALUE   DATE(S)  VALUE   FROM    VALUE  DATE(S)
                                          NORMAL
................................................................
TEMPERATURE (F)
RECORD
 HIGH             109   06/26/2012
                        06/29/2002
 LOW               31   06/02/1951
HIGHEST           103   06/11                         91  06/09
LOWEST             38   06/01                         49  06/01
AVG. MAXIMUM     87.1              77.8     9.3     78.0
AVG. MINIMUM     54.2              51.2     3.0     56.2
MEAN             70.7              64.5     6.2     67.1
DAYS MAX >= 90      8                                  2
DAYS MAX <= 32      0                                  0
DAYS MIN <= 32      0                                  0
DAYS MIN <= 0       0                                  0

PRECIPITATION (INCHES)
RECORD
 MAXIMUM         7.12   2015
 MINIMUM         0.42   2002
TOTALS           1.22              2.53   -1.31     7.12
DAILY AVG.       0.04              0.08   -0.04     0.24
DAYS >= .01         3                                 17
DAYS >= .10         1                                 12
DAYS >= .50         1                                  5
DAYS >= 1.00        1                                  2
GREATEST
 24 HR. TOTAL    1.18   06/13 TO 06/13              1.79

SNOWFALL (INCHES)
RECORDS
 TOTAL            3.6   1951
TOTALS            0.0               0.0     0.0      0.0
SINCE 7/1        36.3              41.1    -4.8     49.2
SNOWDEPTH AVG.      0                MM      MM        0
DAYS >= 1.0         0               0.0     0.0        0
GREATEST
 SNOW DEPTH         0   MM                             0  MM
 24 HR TOTAL      0.0   06/30 TO 06/30               0.0

DEGREE_DAYS
HEATING TOTAL      10                99     -89       27
 SINCE 7/1       6324              7153    -829     6815
COOLING TOTAL     186                84     102       96
 SINCE 1/1        186                99      87       96
.................................................................

WIND (MPH)
AVERAGE WIND SPEED              11.2
HIGHEST WIND SPEED/DIRECTION    49/280    DATE  06/13
HIGHEST GUST SPEED/DIRECTION    63/310    DATE  06/13

AVERAGE RH (PERCENT)     54

WEATHER CONDITIONS. NUMBER OF DAYS WITH
THUNDERSTORM              0     MIXED PRECIP               0
HEAVY RAIN                1     RAIN                       1
LIGHT RAIN               11     FREEZING RAIN              0
LT FREEZING RAIN          0     HAIL                       0
HEAVY SNOW                0     SNOW                       0
LIGHT SNOW                0     SLEET                      0
FOG                       4     FOG W/VIS <= 1/4 MILE      1
HAZE                      2

-  INDICATES NEGATIVE NUMBERS.
R  INDICATES RECORD WAS SET OR TIED.
MM INDICATES DATA IS MISSING.
T  INDICATES TRACE AMOUNT.

$$
