000
CXUS53 KUNR 011604
CLMRAP


CLIMATE REPORT
NATIONAL WEATHER SERVICE RAPID CITY SD
1004 AM MDT TUE JUL 1 2014

...................................

...THE RAPID CITY AIRPORT SD CLIMATE SUMMARY FOR THE MONTH OF JUNE 2014...

CLIMATE NORMAL PERIOD 1981 TO 2010
CLIMATE RECORD PERIOD 1942 TO 2014

WEATHER         OBSERVED          NORMAL  DEPART  LAST YEAR`S
                 VALUE   DATE(S)  VALUE   FROM    VALUE  DATE(S)
                                          NORMAL
................................................................
TEMPERATURE (F)
RECORD
 HIGH             109   06/26/2012
                        06/29/2002
 LOW               31   06/02/1951
HIGHEST            84   06/26                         89  06/27
LOWEST             41   06/12                         38  06/06
                        06/09
AVG. MAXIMUM     72.9              77.8    -4.9     77.5
AVG. MINIMUM     49.4              51.2    -1.8     51.2
MEAN             61.2              64.5    -3.3     64.4
DAYS MAX >= 90      0                                  0
DAYS MAX <= 32      0                                  0
DAYS MIN <= 32      0                                  0
DAYS MIN <= 0       0                                  0

PRECIPITATION (INCHES)
RECORD
 MAXIMUM         7.00   1968
 MINIMUM         0.42   2002
TOTALS           5.25              2.53    2.72     2.16
DAILY AVG.       0.17              0.08    0.09     0.07
DAYS >= .01        17                                  8
DAYS >= .10        15                                  4
DAYS >= .50         3                                  1
DAYS >= 1.00        0                                  1
GREATEST
 24 HR. TOTAL    0.95   06/26 TO 06/27              1.14

SNOWFALL (INCHES)
RECORDS
 TOTAL            3.6   1951
TOTALS            0.0               0.0     0.0      0.0
SINCE 7/1        63.8              41.1    22.7     76.7
SNOWDEPTH AVG.      0                MM      MM        0
DAYS >= 1.0         0               0.0     0.0        0
GREATEST
 SNOW DEPTH         0   MM                             0  MM
 24 HR TOTAL      0.0   06/30 TO 06/30               0.0

DEGREE_DAYS
HEATING TOTAL     128                99      29       80
 SINCE 7/1       7767              7153     614     7184
COOLING TOTAL      22                84     -62       70
 SINCE 1/1         42                99     -57       78
.................................................................

WIND (MPH)
AVERAGE WIND SPEED              8.9
HIGHEST WIND SPEED/DIRECTION    48/340    DATE  06/13
HIGHEST GUST SPEED/DIRECTION    63/340    DATE  06/13

AVERAGE RH (PERCENT)     73

WEATHER CONDITIONS. NUMBER OF DAYS WITH
THUNDERSTORM              0     MIXED PRECIP               0
HEAVY RAIN               12     RAIN                      13
LIGHT RAIN               18     FREEZING RAIN              0
LT FREEZING RAIN          0     HAIL                       0
HEAVY SNOW                0     SNOW                       0
LIGHT SNOW                0     SLEET                      0
FOG                      16     FOG W/VIS <= 1/4 MILE      2
HAZE                      1

-  INDICATES NEGATIVE NUMBERS.
R  INDICATES RECORD WAS SET OR TIED.
MM INDICATES DATA IS MISSING.
T  INDICATES TRACE AMOUNT.

$$
