000
CXUS51 KPHI 011248
CLMRDG


CLIMATE REPORT
NATIONAL WEATHER SERVICE MOUNT HOLLY NJ
847 AM EDT FRI JUL 1 2016

...................................

...THE READING CLIMATE SUMMARY FOR THE MONTH OF JUNE 2016...

CLIMATE NORMAL PERIOD 1981 TO 2010
CLIMATE RECORD PERIOD 1869 TO 2016

WEATHER         OBSERVED          NORMAL  DEPART  LAST YEAR`S
                 VALUE   DATE(S)  VALUE   FROM    VALUE  DATE(S)
                                          NORMAL
................................................................
TEMPERATURE (F)
RECORD
 HIGH             102   06/26/1952
 LOW               36   06/11/1972
HIGHEST            92                MM      MM       93
LOWEST             51                MM      MM       51
AVG. MAXIMUM     82.7              81.2     1.5     80.5
AVG. MINIMUM     61.1              59.8     1.3     62.5
MEAN             71.9              70.5     1.4     71.5
DAYS MAX >= 90      3               2.6     0.4        3
DAYS MAX <= 32      0               0.0     0.0        0
DAYS MIN <= 32      0               0.0     0.0        0
DAYS MIN <= 0       0               0.0     0.0        0

PRECIPITATION (INCHES)
RECORD
 MAXIMUM        15.73   1972
 MINIMUM         0.54   1923
TOTALS           1.82              3.78   -1.96     6.22
DAILY AVG.       0.06              0.13   -0.07     0.21
DAYS >= .01        10                MM      MM       18
DAYS >= .10         7                MM      MM       13
DAYS >= .50         0                MM      MM        6
DAYS >= 1.00        0                MM      MM        1
GREATEST
 24 HR. TOTAL    0.45   06/08 TO 06/08              1.87
                        06/07 TO 06/08
                        06/08 TO 06/08

SNOWFALL (INCHES)
RECORDS
 TOTAL             MM   5
 24 HR TOTAL       MM
TOTALS             MM                MM      MM       MM
SINCE 7/1          MM                MM      MM       MM
SNOWDEPTH AVG.     MM                MM      MM       MM
DAYS >= 1.0         0                MM      MM        0
GREATEST
 SNOW DEPTH        MM                                 MM  MM
 24 HR TOTAL       MM                                 MM

DEGREE_DAYS
HEATING TOTAL       9                24     -15       21
 SINCE 7/1       4503              5392    -889     5683
COOLING TOTAL     226               189      37      225
 SINCE 1/1        320               249      71      384
.................................................................

WIND (MPH)
AVERAGE WIND SPEED              6.2
HIGHEST WIND SPEED/DIRECTION    32/300    DATE  06/12
HIGHEST GUST SPEED/DIRECTION    42/280    DATE  06/08

SKY COVER
POSSIBLE SUNSHINE (PERCENT)   MM
AVERAGE SKY COVER           0.30
NUMBER OF DAYS FAIR           17
NUMBER OF DAYS PC              9
NUMBER OF DAYS CLOUDY          4

AVERAGE RH (PERCENT)     62

WEATHER CONDITIONS. NUMBER OF DAYS WITH
THUNDERSTORM              0     MIXED PRECIP               0
HEAVY RAIN                4     RAIN                       7
LIGHT RAIN               11     FREEZING RAIN              0
LT FREEZING RAIN          0     HEAVY SNOW                 0
SNOW                      0     LIGHT SNOW                 0
SLEET                     0     FOG                       12
FOG W/VIS <= 1/4 MILE     0     HAZE                       4

-  INDICATES NEGATIVE NUMBERS.
R  INDICATES RECORD WAS SET OR TIED.
MM INDICATES DATA IS MISSING.
T  INDICATES TRACE AMOUNT.

$$
