590
CXUS56 KPDT 011539 RRA
CLMRDM

CLIMATE REPORT
NATIONAL WEATHER SERVICE PENDLETON OREGON
738 AM PST MON JAN 01 2018

....................................

...THE REDMOND OR CLIMATE SUMMARY FOR THE MONTH OF DECEMBER 2017...

CLIMATE NORMAL PERIOD 1981 TO 2010
CLIMATE RECORD PERIOD 1949 TO 2017

WEATHER         OBSERVED          NORMAL  DEPART  LAST YEAR`S
                 VALUE   DATE(S)  VALUE   FROM    VALUE  DATE(S)
                                          NORMAL

................................................................

TEMPERATURE (F)
RECORD
 HIGH              67  12/ 3/1965
 LOW              -28  12/ 8/1972
HIGHEST            62  12/29       55         7            49  12/ 3
LOWEST              4  12/12        2         2            -7  12/17
AVG. MAXIMUM     40.1            40.5      -0.4          35.8
AVG. MINUMUM     16.4            20.7      -4.3          12.5
MEAN             28.2            30.6      -2.4          24.1
DAYS MAX >= 90      0               0         0             0
DAYS MAX <= 32      8               7         1            10
DAYS MIN <= 32     31              27         4            31
DAYS MIN <= 0       0               3        -3            31


PRECIPITATION (INCHES)
RECORD
 MAXIMUM          5.48   1964
 MINIMUM             T   1976
TOTALS            0.12            1.16     -1.04          1.74
DAILY AVG.        0.00            0.04     -0.04          0.06
DAYS >=  0.01        3               9        -6             9
DAYS >=  0.10        0               3        -3             4
DAYS >=  0.50        0               0         0             1
DAYS >=  1.00        0               0         0             0
GREATEST
 24 HR. TOTAL     0.06  12/24



SNOWFALL (INCHES)
RECORD
 MAXIMUM          22.7   1992
 MINIMUM           0.0   1999
TOTALS             0.2             5.1      -4.9           8.0
SINCE 7/1          0.2             7.7      -7.5           8.0
DAYS >=  TRACE       7               3         4            12
DAYS >=  1.0         0               1        -1             1
GREATEST
 24 HR. TOTAL      0.2  12/24


DEGREE DAYS
HEATING TOTAL     1132            1068        64          1259
 SINCE 7/1        2711            2843      -132          2723
COOLING TOTAL        0               0         0             0
 SINCE 1/1         434             216       218           240

.............................................................

WIND (MPH)
AVERAGE WIND SPEED                     4.5
RESULTANT WIND SPEED/DIRECTION         3/260
HIGHEST WIND SPEED/DIRECTION          36/220      DATE          12/19
HIGHEST GUST SPEED/DIRECTION          49/220      DATE          12/19


WEATHER CONDITIONS. NUMBER OF DAYS WITH
THUNDERSTORM               0    MIXED PRECIP                           1
HEAVY RAIN                 0    RAIN                                   1
LIGHT RAIN                 3    FREEZING RAIN                          0
LT FREEZING RAIN           0    HAIL                                   0
HEAVY SNOW                 0    SNOW                                   0
LIGHT SNOW                 9    SLEET                                  0
FOG                       15    FOG W/VIS <=1/4 MILE                   9
HAZE                       2

-  INDICATES NEGATIVE NUMBERS.
R  INDICATES RECORD WAS SET OR TIED.
MM INDICATES DATA IS MISSING.
T  INDICATES TRACE AMOUNT.

$$
