000
CXUS56 KPDT 011510
CLMRDM

CLIMATE REPORT
NATIONAL WEATHER SERVICE PENDLETON OREGON
708 AM PST WED MAR 01 2017

....................................

...THE REDMOND OR CLIMATE SUMMARY FOR THE MONTH OF FEBRUARY 2017...

CLIMATE NORMAL PERIOD 1981 TO 2010
CLIMATE RECORD PERIOD 1949 TO 2017

WEATHER         OBSERVED          NORMAL  DEPART  LAST YEAR`S
                 VALUE   DATE(S)  VALUE   FROM    VALUE  DATE(S)
                                          NORMAL

................................................................

TEMPERATURE (F)
RECORD
 HIGH              73   2/23/1995
 LOW              -19   2/ 5/1989
HIGHEST            57   2/14       58        -1            67   2/ 8
LOWEST             16   2/24        6        10            15   2/23
AVG. MAXIMUM     44.1            46.8      -2.7          55.4
AVG. MINUMUM     25.8            23.7       2.1          26.9
MEAN             35.0            35.2      -0.2          41.2
DAYS MAX >= 90      0               0         0             0
DAYS MAX <= 32      2               4        -2             0
DAYS MIN <= 32     21              24        -3            24
DAYS MIN <= 0       0               4        -4            24


PRECIPITATION (INCHES)
RECORD
 MAXIMUM          2.37   1986
 MINIMUM             T   1990
TOTALS            1.14            0.65      0.49          0.12
DAILY AVG.        0.04            0.02      0.02          0.00
DAYS >=  0.01       14               7         7             4
DAYS >=  0.10        4               2         2             0
DAYS >=  0.50        0               0         0             0
DAYS >=  1.00        0               0         0             0
GREATEST
 24 HR. TOTAL     0.41   2/ 7



SNOWFALL (INCHES)
RECORD
 MAXIMUM          16.7   1986
 MINIMUM           0.0   1963
TOTALS             9.9             3.2       6.7             T
SINCE 7/1         46.5            15.1      31.4           7.9
DAYS >=  TRACE      12               2        10             1
DAYS >=  1.0         2               1         1             0
GREATEST
 24 HR. TOTAL      4.9   2/ 7


DEGREE DAYS
HEATING TOTAL      834             834         0           686
 SINCE 7/1        4877            4704       173          4270
COOLING TOTAL        0               0         0             0
 SINCE 1/1           0               0         0             0

.............................................................

WIND (MPH)
AVERAGE WIND SPEED                     7.2
RESULTANT WIND SPEED/DIRECTION         5/244
HIGHEST WIND SPEED/DIRECTION          35/200      DATE          02/20
HIGHEST GUST SPEED/DIRECTION          49/210      DATE          02/20


WEATHER CONDITIONS. NUMBER OF DAYS WITH
THUNDERSTORM               0    MIXED PRECIP                           0
HEAVY RAIN                 0    RAIN                                   1
LIGHT RAIN                12    FREEZING RAIN                          0
LT FREEZING RAIN           2    HAIL                                   0
HEAVY SNOW                 1    SNOW                                   2
LIGHT SNOW                10    SLEET                                  0
FOG                        9    FOG W/VIS <=1/4 MILE                   3
HAZE                       6

-  INDICATES NEGATIVE NUMBERS.
R  INDICATES RECORD WAS SET OR TIED.
MM INDICATES DATA IS MISSING.
T  INDICATES TRACE AMOUNT.

$$
