000
CXUS56 KPDT 012132
CLMRDM

CLIMATE REPORT
NATIONAL WEATHER SERVICE PENDLETON OREGON
129 PM PST THU JAN 01 2015

....................................

...THE REDMOND OR CLIMATE SUMMARY FOR THE MONTH OF DECEMBER 2014...

CLIMATE NORMAL PERIOD 1981 TO 2010
CLIMATE RECORD PERIOD 1949 TO 2014

WEATHER         OBSERVED          NORMAL  DEPART  LAST YEAR`S
                 VALUE   DATE(S)  VALUE   FROM    VALUE  DATE(S)
                                          NORMAL

................................................................

TEMPERATURE (F)
RECORD
 HIGH              67  12/ 3/1965
 LOW              -28  12/ 8/1972
HIGHEST            60  12/10       55         5            60  12/ 1
LOWEST             -9  12/31        2       -11           -27  12/ 8
AVG. MAXIMUM     40.9            40.5       0.4          42.0
AVG. MINUMUM     25.0            20.7       4.3          15.8
MEAN             32.9            30.6       2.3          28.9
DAYS MAX >= 90      0               0         0             0
DAYS MAX <= 32      7               7         0             8
DAYS MIN <= 32     25              27        -2            29
DAYS MIN <= 0       3               3         0            29


PRECIPITATION (INCHES)
RECORD
 MAXIMUM          5.48   1964
 MINIMUM             T   1976
TOTALS            1.58            1.16      0.42          0.37
DAILY AVG.        0.05            0.04      0.01          0.01
DAYS >=  0.01       12               9         3             4
DAYS >=  0.10        6               3         3             1
DAYS >=  0.50        0               0         0             0
DAYS >=  1.00        0               0         0             0
GREATEST
 24 HR. TOTAL     0.29  12/24



SNOWFALL (INCHES)
RECORD
 MAXIMUM          22.7   1992
 MINIMUM           0.0   1999
TOTALS             5.1             5.1       0.0           1.3
SINCE 7/1          5.1             7.7      -2.6           1.3
DAYS >=  TRACE       5               3         2             7
DAYS >=  1.0         2               1         0             1
GREATEST
 24 HR. TOTAL      3.5  12/29


DEGREE DAYS
HEATING TOTAL      922            1068      -146          1109
 SINCE 7/1        2509            2843      -334          2895
COOLING TOTAL        0               0         0             0
 SINCE 1/1         311             216        95           350

.............................................................

WIND (MPH)
AVERAGE WIND SPEED                     6.0
RESULTANT WIND SPEED/DIRECTION         5/230
HIGHEST WIND SPEED/DIRECTION          45/170      DATE          12/11
HIGHEST GUST SPEED/DIRECTION          60/170      DATE          12/11


WEATHER CONDITIONS. NUMBER OF DAYS WITH
THUNDERSTORM               0    MIXED PRECIP                        0
HEAVY RAIN                 0    RAIN                                1
LIGHT RAIN                12    FREEZING RAIN                       1
LT FREEZING RAIN           4    HAIL                                0
HEAVY SNOW                 0    SNOW                                2
LIGHT SNOW                 6    SLEET                               0
FOG                       19    FOG W/VIS <=1/4 MILE                9
HAZE                       0

-  INDICATES NEGATIVE NUMBERS.
R  INDICATES RECORD WAS SET OR TIED.
MM INDICATES DATA IS MISSING.
T  INDICATES TRACE AMOUNT.

$$
