000
CXUS56 KPDT 012333
CLMRDM

CLIMATE REPORT
NATIONAL WEATHER SERVICE PENDLETON OREGON
330 PM PST SUN MAR 01 2015

....................................

...THE REDMOND OR CLIMATE SUMMARY FOR THE MONTH OF FEBRUARY 2015...

CLIMATE NORMAL PERIOD 1981 TO 2010
CLIMATE RECORD PERIOD 1949 TO 2015

WEATHER         OBSERVED          NORMAL  DEPART  LAST YEAR`S
                 VALUE   DATE(S)  VALUE   FROM    VALUE  DATE(S)
                                          NORMAL

................................................................

TEMPERATURE (F)
RECORD
 HIGH              73   2/23/1995
 LOW              -19   2/ 5/1989
HIGHEST            65   2/24       58         7            59   2/15
LOWEST             10   2/23        6         4            -4   2/ 7
AVG. MAXIMUM     53.1            46.8       6.3          40.0
AVG. MINUMUM     28.0            23.7       4.3          20.7
MEAN             40.6            35.2       5.4          30.4
DAYS MAX >= 90      0               0         0             0
DAYS MAX <= 32      0               4        -4             8
DAYS MIN <= 32     22              24        -2            23
DAYS MIN <= 0       0               4        -4            23


PRECIPITATION (INCHES)
RECORD
 MAXIMUM          2.37   1986
 MINIMUM             T   1990
TOTALS            0.70            0.65      0.05          1.39
DAILY AVG.        0.03            0.02      0.01          0.05
DAYS >=  0.01        7               7         0            13
DAYS >=  0.10        3               2         1             5
DAYS >=  0.50        0               0         0             0
DAYS >=  1.00        0               0         0             0
GREATEST
 24 HR. TOTAL     0.21   2/ 2



SNOWFALL (INCHES)
RECORD
 MAXIMUM          16.7   1986
 MINIMUM           0.0   1963
TOTALS             0.0             3.2      -3.2           7.2
SINCE 7/1          5.3            15.1      -9.8           8.5
DAYS >=  TRACE                       2        -1             5
DAYS >=  1.0         0               1         0             3
GREATEST
 24 HR. TOTAL      0.0   2/28


DEGREE DAYS
HEATING TOTAL      677             834      -157           963
 SINCE 7/1        4068            4704      -636          4793
COOLING TOTAL        0               0         0             0
 SINCE 1/1           0               0         0             0

.............................................................

WIND (MPH)
AVERAGE WIND SPEED                     6.5
RESULTANT WIND SPEED/DIRECTION         4/209
HIGHEST WIND SPEED/DIRECTION          36/190      DATE          02/06
HIGHEST GUST SPEED/DIRECTION          53/160      DATE          02/06


WEATHER CONDITIONS. NUMBER OF DAYS WITH
THUNDERSTORM               0    MIXED PRECIP                        0
HEAVY RAIN                 0    RAIN                                2
LIGHT RAIN                11    FREEZING RAIN                       0
LT FREEZING RAIN           0    HAIL                                0
HEAVY SNOW                 0    SNOW                                0
LIGHT SNOW                 1    SLEET                               0
FOG                        7    FOG W/VIS <=1/4 MILE                2
HAZE                       0

-  INDICATES NEGATIVE NUMBERS.
R  INDICATES RECORD WAS SET OR TIED.
MM INDICATES DATA IS MISSING.
T  INDICATES TRACE AMOUNT.

$$
