000
CXUS56 KPDT 011421
CLMRDM

CLIMATE REPORT
NATIONAL WEATHER SERVICE PENDLETON OREGON
719 AM PDT MON MAY 01 2017

....................................

...THE REDMOND OR CLIMATE SUMMARY FOR THE MONTH OF APRIL 2017...

CLIMATE NORMAL PERIOD 1981 TO 2010
CLIMATE RECORD PERIOD 1949 TO 2017

WEATHER         OBSERVED          NORMAL  DEPART  LAST YEAR`S
                 VALUE   DATE(S)  VALUE   FROM    VALUE  DATE(S)
                                          NORMAL

................................................................

TEMPERATURE (F)
RECORD
 HIGH              89   4/29/1968
 LOW               10   4/18/1972
HIGHEST            68   4/ 5       74        -6            83   4/19
LOWEST             18   4/15       15         3            24   4/26
AVG. MAXIMUM     56.9            59.6      -2.7          67.8
AVG. MINUMUM     29.8            29.1       0.7          32.4
MEAN             43.3            44.4      -1.1          50.1
DAYS MAX >= 90      0               0         0             0
DAYS MAX <= 32      0               2        -2             0
DAYS MIN <= 32     20              20         0            15
DAYS MIN <= 0       0               2        -2            15

PRECIPITATION (INCHES)
RECORD
 MAXIMUM          1.99   2005
 MINIMUM             T   1968
TOTALS            0.89            0.73      0.16          0.29
DAILY AVG.        0.03            0.02      0.01          0.01
DAYS >=  0.01       14               7         7             6
DAYS >=  0.10        3               2         1             1
DAYS >=  0.50        0               0         0             0
DAYS >=  1.00        0               0         0             0
GREATEST
 24 HR. TOTAL     0.18   4/18

SNOWFALL (INCHES)
RECORD
 MAXIMUM           8.9   1967
 MINIMUM           0.0   2000
TOTALS               T             0.3      -0.3           0.0
SINCE 7/1         48.0            16.6      31.4           8.2
DAYS >=  TRACE       1               0         0
DAYS >=  1.0         0               0         0             0
GREATEST
 24 HR. TOTAL        T   4/ 8

DEGREE DAYS
HEATING TOTAL      643             620        23           440
 SINCE 7/1        6197            6073       124          5440
COOLING TOTAL        0               0         0             0
 SINCE 1/1           0               0         0             0

.............................................................

WIND (MPH)
AVERAGE WIND SPEED                     7.3
RESULTANT WIND SPEED/DIRECTION         5/242
HIGHEST WIND SPEED/DIRECTION          39/200      DATE          04/07
HIGHEST GUST SPEED/DIRECTION          51/210      DATE          04/07


WEATHER CONDITIONS. NUMBER OF DAYS WITH
THUNDERSTORM               0    MIXED PRECIP                           0
HEAVY RAIN                 1    RAIN                                   5
LIGHT RAIN                21    FREEZING RAIN                          0
LT FREEZING RAIN           0    HAIL                                   0
HEAVY SNOW                 0    SNOW                                   0
LIGHT SNOW                 1    SLEET                                  0
FOG                        7    FOG W/VIS <=1/4 MILE                   0
HAZE                       2

-  INDICATES NEGATIVE NUMBERS.
R  INDICATES RECORD WAS SET OR TIED.
MM INDICATES DATA IS MISSING.
T  INDICATES TRACE AMOUNT.

$$
