093
CXUS56 KPDT 011440 RRA
CLMRDM

CLIMATE REPORT
NATIONAL WEATHER SERVICE PENDLETON OREGON
639 AM PST WED FEB 01 2017

....................................

...THE REDMOND OR CLIMATE SUMMARY FOR THE MONTH OF JANUARY 2017...

CLIMATE NORMAL PERIOD 1981 TO 2010
CLIMATE RECORD PERIOD 1949 TO 2017

WEATHER         OBSERVED          NORMAL  DEPART  LAST YEAR`S
                 VALUE   DATE(S)  VALUE   FROM    VALUE  DATE(S)
                                          NORMAL

................................................................

TEMPERATURE (F)
RECORD
 HIGH              69   1/25/2015
 LOW              -27   1/22/1962
HIGHEST            45   1/27       55       -10            57   1/27
LOWEST            -14   1/ 5        5       -19             1   1/ 1
AVG. MAXIMUM     31.2            42.4      -11.          43.2
AVG. MINUMUM     13.0            23.1      -10.          25.2
MEAN             22.1            32.8      -10.          34.2
DAYS MAX >= 90      0               0         0             0
DAYS MAX <= 32     13               6         7             5
DAYS MIN <= 32     30              26         4            25
DAYS MIN <= 0       6               3         3            25


PRECIPITATION (INCHES)
RECORD
 MAXIMUM          3.07   1970
 MINIMUM          0.13   1984
TOTALS            1.62            0.97      0.65          1.22
DAILY AVG.        0.05            0.03      0.02          0.04
DAYS >=  0.01       15               8         7            15
DAYS >=  0.10        4               3         1             5
DAYS >=  0.50        0               0         0             0
DAYS >=  1.00        0               0         0             0
GREATEST
 24 HR. TOTAL     0.41   1/ 7



SNOWFALL (INCHES)
RECORD
 MAXIMUM          28.8   1950
 MINIMUM             T   2014
TOTALS            28.6             4.1      24.5             T
SINCE 7/1         36.6            11.8      24.8           7.9
DAYS >=  TRACE      11               2         9             4
DAYS >=  1.0         6               1         5             0
GREATEST
 24 HR. TOTAL      7.8   1/ 4


DEGREE DAYS
HEATING TOTAL     1320             999       321           946
 SINCE 7/1        4043            3842       201          3584
COOLING TOTAL        0               0         0             0
 SINCE 1/1           0               0         0             0

.............................................................

WIND (MPH)
AVERAGE WIND SPEED                     5.3
RESULTANT WIND SPEED/DIRECTION         4/204
HIGHEST WIND SPEED/DIRECTION          30/150      DATE          01/18
HIGHEST GUST SPEED/DIRECTION          38/150      DATE          01/18


WEATHER CONDITIONS. NUMBER OF DAYS WITH
THUNDERSTORM               0    MIXED PRECIP                           0
HEAVY RAIN                 0    RAIN                                   0
LIGHT RAIN                 6    FREEZING RAIN                          1
LT FREEZING RAIN           1    HAIL                                   0
HEAVY SNOW                 4    SNOW                                   4
LIGHT SNOW                18    SLEET                                  0
FOG                       16    FOG W/VIS <=1/4 MILE                   3
HAZE                      13

-  INDICATES NEGATIVE NUMBERS.
R  INDICATES RECORD WAS SET OR TIED.
MM INDICATES DATA IS MISSING.
T  INDICATES TRACE AMOUNT.

$$
