000
CXUS53 KLOT 011131
CLMRFD


CLIMATE REPORT
NATIONAL WEATHER SERVICE CHICAGO IL
625 AM CDT MON AUG 1 2016

...................................

...THE ROCKFORD IL CLIMATE SUMMARY FOR THE MONTH OF JULY 2016...

CLIMATE NORMAL PERIOD 1981 TO 2010
CLIMATE RECORD PERIOD 1905 TO 2016

WEATHER         OBSERVED          NORMAL  DEPART  LAST YEAR`S
                 VALUE   DATE(S)  VALUE   FROM    VALUE  DATE(S)
                                          NORMAL
................................................................
TEMPERATURE (F)
RECORD
 HIGH             112   07/14/1936
 LOW               43   07/05/1967
                        07/21/1944
                        07/31/1918
HIGHEST            94   07/24                         91  07/17
                        07/21
LOWEST             53   07/03                         51  07/02
AVG. MAXIMUM     84.5              84.5     0.0     82.5
AVG. MINIMUM     65.3              63.0     2.3     62.2
MEAN             74.9              73.8     1.1     72.4
DAYS MAX >= 90      3               5.7    -2.7        4
DAYS MAX <= 32      0               0.0     0.0        0
DAYS MIN <= 32      0               0.0     0.0        0
DAYS MIN <= 0       0               0.0     0.0        0

PRECIPITATION (INCHES)
RECORD
 MAXIMUM        11.81   1952
 MINIMUM         0.05   1937
TOTALS           7.87              3.95    3.92     3.50
DAILY AVG.       0.25              0.13    0.12     0.11
DAYS >= .01        11               9.4     1.6        5
DAYS >= .10         8               6.4     1.6        4
DAYS >= .50         5               2.7     2.3        2
DAYS >= 1.00        4               0.9     3.1        1
GREATEST
 24 HR. TOTAL    1.64   07/23 TO 07/23

DEGREE_DAYS
HEATING TOTAL       0                 3      -3        5
 SINCE 7/1          0                 3      -3        5
COOLING TOTAL     314               274      40      241
 SINCE 1/1        615               504     111      453
.................................................................

WIND (MPH)
AVERAGE WIND SPEED              6.9
HIGHEST WIND SPEED/DIRECTION    33/010    DATE  07/06
HIGHEST GUST SPEED/DIRECTION    46/010    DATE  07/06

SKY COVER
POSSIBLE SUNSHINE (PERCENT)   MM
AVERAGE SKY COVER           0.60
NUMBER OF DAYS FAIR            3
NUMBER OF DAYS PC             22
NUMBER OF DAYS CLOUDY          6

AVERAGE RH (PERCENT)     72

WEATHER CONDITIONS. NUMBER OF DAYS WITH
THUNDERSTORM             10     MIXED PRECIP               0
HEAVY RAIN                5     RAIN                       6
LIGHT RAIN               11     FREEZING RAIN              0
LT FREEZING RAIN          0     HAIL                       0
HEAVY SNOW                0     SNOW                       0
LIGHT SNOW                0     SLEET                      0
FOG                      15     FOG W/VIS <= 1/4 MILE      1
HAZE                      3

-  INDICATES NEGATIVE NUMBERS.
R  INDICATES RECORD WAS SET OR TIED.
MM INDICATES DATA IS MISSING.
T  INDICATES TRACE AMOUNT.

$$
