000
CXUS53 KLOT 011249
CLMRFD


CLIMATE REPORT
NATIONAL WEATHER SERVICE CHICAGO IL
630 AM CST THU DEC 1 2016

...................................

...THE ROCKFORD IL CLIMATE SUMMARY FOR THE MONTH OF NOVEMBER 2016...

CLIMATE NORMAL PERIOD 1981 TO 2010
CLIMATE RECORD PERIOD 1905 TO 2016

WEATHER         OBSERVED          NORMAL  DEPART  LAST YEAR`S
                 VALUE   DATE(S)  VALUE   FROM    VALUE  DATE(S)
                                          NORMAL
................................................................
TEMPERATURE (F)
RECORD
 HIGH              78   11/07/1915
 LOW              -10   11/26/1977
HIGHEST            77   11/01                         72  11/05
                                                          11/04
                                                          11/02
LOWEST             19   11/21                          7  11/22
AVG. MAXIMUM     55.4              47.6     7.8     52.4
AVG. MINIMUM     36.3              30.3     6.0     34.1
MEAN             45.9              38.9     7.0     43.3
DAYS MAX >= 90      0               0.0     0.0        0
DAYS MAX <= 32      0               2.3    -2.3        2
DAYS MIN <= 32      9              16.8    -7.8       14
DAYS MIN <= 0       0               0.0     0.0        0

PRECIPITATION (INCHES)
RECORD
 MAXIMUM         7.88   1934
 MINIMUM         0.09   1917
TOTALS           2.67              2.58    0.09     5.55
DAILY AVG.       0.09              0.09    0.00     0.19
DAYS >= .01         8              10.2    -2.2       12
DAYS >= .10         4               5.3    -1.3        9
DAYS >= .50         3               1.8     1.2        3
DAYS >= 1.00        1               0.5     0.5        2
GREATEST
 24 HR. TOTAL    1.46   11/27 TO 11/28

SNOWFALL (INCHES)
RECORDS
 TOTAL           14.8   1947
TOTALS              T               1.7    -1.7      8.8
SINCE 7/1           T               1.8    -1.8      8.8
SNOWDEPTH AVG.      0                                  1
DAYS >= 1.0         0               0.5    -0.5
GREATEST
 SNOW DEPTH         0   MM
 24 HR TOTAL        T   11/30 TO 11/30
                        11/24 TO 11/24
                        11/22 TO 11/22

DEGREE_DAYS
HEATING TOTAL     572               782    -210      644
 SINCE 7/1        869              1335    -466     1031
COOLING TOTAL       4                 0       4        0
 SINCE 1/1       1103               820     283      825
.................................................

WIND (MPH)
AVERAGE WIND SPEED              8.2
HIGHEST WIND SPEED/DIRECTION    35/320    DATE  11/19
HIGHEST GUST SPEED/DIRECTION    43/310    DATE  11/19


WEATHER CONDITIONS. NUMBER OF DAYS WITH
THUNDERSTORM              3     MIXED PRECIP               1
HEAVY RAIN                2     RAIN                       3
LIGHT RAIN                7     FREEZING RAIN              0
LT FREEZING RAIN          0     HAIL                       0
HEAVY SNOW                0     SNOW                       2
LIGHT SNOW                4     SLEET                      1
FOG                      17     FOG W/VIS <= 1/4 MILE      3
HAZE                      5

-  INDICATES NEGATIVE NUMBERS.
R  INDICATES RECORD WAS SET OR TIED.
MM INDICATES DATA IS MISSING.
T  INDICATES TRACE AMOUNT.

&&

DAILY RECORDS
* RECORD HIGHEST MINIMUM TEMPERATURE OF 60 DEGREES ON THE 1ST
* TIED RECORD HIGHEST MAXIMUM TEMPERATURE OF 73 DEGREES ON THE 17TH
* RECORD HIGHEST DAILY PRECIPITATION OF 1.03 INCHES ON THE 28TH

MONTHLY RECORD
* 3RD WARMEST NOVEMBER ON RECORD SINCE 1905 AT 45.9 DEGREES

$$
