971
CXUS53 KLOT 011436
CLMRFD


CLIMATE REPORT
NATIONAL WEATHER SERVICE CHICAGO IL
917 AM CDT FRI JUL 1 2016

...................................

...THE ROCKFORD IL CLIMATE SUMMARY FOR THE MONTH OF JUNE 2016...

CLIMATE NORMAL PERIOD 1981 TO 2010
CLIMATE RECORD PERIOD 1905 TO 2016

WEATHER         OBSERVED          NORMAL  DEPART  LAST YEAR`S
                 VALUE   DATE(S)  VALUE   FROM    VALUE  DATE(S)
                                          NORMAL
................................................................
TEMPERATURE (F)
RECORD
 HIGH             106   06/01/1934


 LOW               35   06/05/1945
                        06/04/1945
HIGHEST            93   06/25        91       2       91  06/10
                        06/20
LOWEST             49   06/08        63     -14       43  06/02
                                                          06/01
AVG. MAXIMUM     83.3              81.1     2.2     79.2
AVG. MINIMUM     60.2              58.5     1.7     59.3
MEAN             71.7              69.8     1.9     69.3
DAYS MAX >= 90      7               3.4     3.6        1
DAYS MAX <= 32      0               0.0     0.0        0
DAYS MIN <= 32      0               0.0     0.0        0
DAYS MIN <= 0       0               0.0     0.0        0

PRECIPITATION (INCHES)
RECORD
 MAXIMUM        11.85   1993
 MINIMUM         0.34   1922
TOTALS           2.19              4.65   -2.46     4.64
DAILY AVG.       0.07              0.16   -0.09     0.15
DAYS >= .01         8              10.4    -2.4       14
DAYS >= .10         4               7.2    -3.2       11
DAYS >= .50         2               3.1    -1.1        3
DAYS >= 1.00        1               1.3    -0.3        0
GREATEST
 24 HR. TOTAL    1.30   06/14 TO 06/15

DEGREE_DAYS
HEATING TOTAL       6                31     -25       16
 SINCE 7/1       5541              6569   -1028     6973
COOLING TOTAL     216               175      41      152
 SINCE 1/1        301               230      71      212
.................................................................

WIND (MPH)
AVERAGE WIND SPEED              7.8
HIGHEST WIND SPEED/DIRECTION    29/320    DATE  06/06
HIGHEST GUST SPEED/DIRECTION    39/310    DATE  06/06

SKY COVER
POSSIBLE SUNSHINE (PERCENT)   MM
AVERAGE SKY COVER           0.50
NUMBER OF DAYS FAIR           10
NUMBER OF DAYS PC             15
NUMBER OF DAYS CLOUDY          5

AVERAGE RH (PERCENT)     65

WEATHER CONDITIONS. NUMBER OF DAYS WITH
THUNDERSTORM              4     MIXED PRECIP               0
HEAVY RAIN                1     RAIN                       2
LIGHT RAIN                9     FREEZING RAIN              0
LT FREEZING RAIN          0     HAIL                       0
HEAVY SNOW                0     SNOW                       0
LIGHT SNOW                0     SLEET                      0
FOG                      11     FOG W/VIS <= 1/4 MILE      1
HAZE                      1

-  INDICATES NEGATIVE NUMBERS.
R  INDICATES RECORD WAS SET OR TIED.
MM INDICATES DATA IS MISSING.
T  INDICATES TRACE AMOUNT.

$$
