000
CXUS53 KGRB 011030
CLMRHI


CLIMATE REPORT
NATIONAL WEATHER SERVICE GREEN BAY
529 AM CDT SUN MAY 1 2016

...................................

...THE RHINELANDER WI CLIMATE SUMMARY FOR THE MONTH OF APRIL 2016...

CLIMATE NORMAL PERIOD 1981 TO 2010
CLIMATE RECORD PERIOD 1908 TO 2016

WEATHER         OBSERVED          NORMAL  DEPART  LAST YEAR`S
                 VALUE   DATE(S)  VALUE   FROM    VALUE  DATE(S)
                                          NORMAL
................................................................
TEMPERATURE (F)
RECORD
 HIGH              92   04/28/1952
 LOW               -4   04/06/2003
                        04/06/1982
HIGHEST            79   04/17        75       4       74  04/17
LOWEST             11   04/09        12      -1       17  04/04
                                                          04/03
AVG. MAXIMUM     50.6              53.3    -2.7     54.2
AVG. MINIMUM     29.8              29.8     0.0     29.8
MEAN             40.2              41.6    -1.4     42.0
DAYS MAX >= 90      0               0.0     0.0        0
DAYS MAX <= 32      4               1.4     2.6        1
DAYS MIN <= 32     17              17.7    -0.7       21
DAYS MIN <= 0       0               0.1    -0.1        0

PRECIPITATION (INCHES)
RECORD
 MAXIMUM         6.33   2002
 MINIMUM         0.33   1946
TOTALS           2.78              2.58    0.20     3.25
DAILY AVG.       0.09              0.09    0.00     0.11
DAYS >= .01        11                MM      MM       10
DAYS >= .10         6                MM      MM        9
DAYS >= .50         2                MM      MM        2
DAYS >= 1.00        0                MM      MM        1
GREATEST
 STORM TOTAL       MM
 (MM/DD(HH))            MM

SNOWFALL (INCHES)
RECORDS
 TOTAL           28.1   2014
TOTALS           11.9                MM      MM     13.9
SINCE 7/1        55.9                MM      MM     89.3
DAYS >= TRACE      12                MM      MM        8
DAYS >= 1.0         4                MM      MM        3
GREATEST
 SNOW DEPTH         6   04/08                          5  04/06
 24 HR TOTAL      4.9   MM

DEGREE_DAYS
HEATING TOTAL     736               705      31      685
 SINCE 7/1       7358              8500   -1142     9156
COOLING TOTAL       0                 1      -1        0
 SINCE 1/1          0                 1      -1        0
.................................................................

WIND (MPH)
AVERAGE WIND SPEED              7.9
HIGHEST WIND SPEED/DIRECTION    25/270    DATE  04/11
HIGHEST GUST SPEED/DIRECTION    32/270    DATE  04/11

SKY COVER
POSSIBLE SUNSHINE (PERCENT)   MM
AVERAGE SKY COVER           0.60
NUMBER OF DAYS FAIR            5
NUMBER OF DAYS PC             13
NUMBER OF DAYS CLOUDY         12

AVERAGE RH (PERCENT)     62

WEATHER CONDITIONS. NUMBER OF DAYS WITH
THUNDERSTORM              0     MIXED PRECIP               0
HEAVY RAIN                1     RAIN                       2
LIGHT RAIN                7     FREEZING RAIN              0
LT FREEZING RAIN          1     HAIL                       0
HEAVY SNOW                1     SNOW                       5
LIGHT SNOW               12     SLEET                      0
FOG                      12     FOG W/VIS <= 1/4 MILE      3
HAZE                      5

-  INDICATES NEGATIVE NUMBERS.
R  INDICATES RECORD WAS SET OR TIED.
MM INDICATES DATA IS MISSING.
T  INDICATES TRACE AMOUNT.

$$
