252
CXUS53 KGRB 010719
CLMRHI


CLIMATE REPORT
NATIONAL WEATHER SERVICE GREEN BAY
217 AM CDT FRI JUL 1 2016

...................................

...THE RHINELANDER WI CLIMATE SUMMARY FOR THE MONTH OF JUNE 2016...

CLIMATE NORMAL PERIOD 1981 TO 2010
CLIMATE RECORD PERIOD 1908 TO 2016

WEATHER         OBSERVED          NORMAL  DEPART  LAST YEAR`S
                 VALUE   DATE(S)  VALUE   FROM    VALUE  DATE(S)
                                          NORMAL
................................................................
TEMPERATURE (F)
RECORD
 HIGH             104   06/29/1931
 LOW               28   06/05/2001
HIGHEST            88   06/25        87       1       81  06/24
LOWEST             32   06/08        35      -3       35  06/06
                                                          06/02
AVG. MAXIMUM     75.6              74.3     1.3     72.7
AVG. MINIMUM     51.3              50.3     1.0     48.2
MEAN             63.4              62.3     1.1     60.4
DAYS MAX >= 90      0               0.5    -0.5        0
DAYS MAX <= 32      0               0.0     0.0        0
DAYS MIN <= 32      1               0.5     0.5        0
DAYS MIN <= 0       0               0.0     0.0        0

PRECIPITATION (INCHES)
RECORD
 MAXIMUM        11.72   1946
 MINIMUM         0.47   2006
TOTALS           7.02              3.89    3.13     3.56
DAILY AVG.       0.23              0.13    0.10     0.12
DAYS >= .01        13                MM      MM       15
DAYS >= .10        10                MM      MM        9
DAYS >= .50         5                MM      MM        3
DAYS >= 1.00        2                MM      MM        0
GREATEST
 STORM TOTAL       MM
 (MM/DD(HH))            MM

SNOWFALL (INCHES)
RECORDS
 TOTAL              T   1945
TOTALS            0.0                MM      MM      0.0
SINCE 7/1        55.7                MM      MM     89.3
DAYS >= TRACE       0                MM      MM        0
DAYS >= 1.0         0                MM      MM        0
GREATEST
 SNOW DEPTH         0   MM                             0  MM
 24 HR TOTAL      0.0   06/30 TO 06/30

DEGREE_DAYS
HEATING TOTAL      92               134     -42      132
 SINCE 7/1       7793              9020   -1227     9605
COOLING TOTAL      53                53       0        3
 SINCE 1/1         68                65       3        8
.................................................................

WIND (MPH)
AVERAGE WIND SPEED              6.9
HIGHEST WIND SPEED/DIRECTION    37/280    DATE  06/10
HIGHEST GUST SPEED/DIRECTION    55/270    DATE  06/10

SKY COVER
POSSIBLE SUNSHINE (PERCENT)   MM
AVERAGE SKY COVER           0.40
NUMBER OF DAYS FAIR           14
NUMBER OF DAYS PC             11
NUMBER OF DAYS CLOUDY          5

AVERAGE RH (PERCENT)     69

WEATHER CONDITIONS. NUMBER OF DAYS WITH
THUNDERSTORM              2     MIXED PRECIP               0
HEAVY RAIN                7     RAIN                       6
LIGHT RAIN               18     FREEZING RAIN              0
LT FREEZING RAIN          0     HAIL                       0
HEAVY SNOW                0     SNOW                       0
LIGHT SNOW                0     SLEET                      0
FOG                      23     FOG W/VIS <= 1/4 MILE      4
HAZE                      0

-  INDICATES NEGATIVE NUMBERS.
R  INDICATES RECORD WAS SET OR TIED.
MM INDICATES DATA IS MISSING.
T  INDICATES TRACE AMOUNT.

$$
