000
CXUS53 KGRB 011421 CCA
CLMRHI

CLIMATE REPORT...CORRECTED SEASONAL SNOWFALL TOTAL
NATIONAL WEATHER SERVICE GREEN BAY
159 AM CST THU FEB 1 2018

...................................

...THE RHINELANDER WI CLIMATE SUMMARY FOR THE MONTH OF JANUARY 2018...

CLIMATE NORMAL PERIOD 1981 TO 2010
CLIMATE RECORD PERIOD 1908 TO 2018

WEATHER         OBSERVED          NORMAL  DEPART  LAST YEAR`S
                 VALUE   DATE(S)  VALUE   FROM    VALUE  DATE(S)
                                          NORMAL
................................................................
TEMPERATURE (F)
RECORD
 HIGH              53   01/25/1981
 LOW              -41   01/28/1915
HIGHEST            43   01/26        39       4       43  01/19
LOWEST            -24   01/14       -26       2      -20  01/13
                                                          01/06
AVG. MAXIMUM     23.3              21.3     2.0     25.4
AVG. MINIMUM      5.0               3.2     1.8      9.7
MEAN             14.1              12.2     1.9     17.6
DAYS MAX >= 90      0               0.0     0.0        0
DAYS MAX <= 32     20              26.4    -6.4       21
DAYS MIN <= 32     31              30.8     0.2       28
DAYS MIN <= 0      12              12.4    -0.4       10

PRECIPITATION (INCHES)
RECORD
 MAXIMUM         3.54   1950
 MINIMUM         0.14   1985
TOTALS           1.19              1.11    0.08     1.93
DAILY AVG.       0.04              0.04    0.00     0.06
DAYS >= .01         8                MM      MM       13
DAYS >= .10         4                MM      MM        5
DAYS >= .50         0                MM      MM        1
DAYS >= 1.00        0                MM      MM        0
GREATEST
 STORM TOTAL       MM
 (MM/DD(HH))            MM

SNOWFALL (INCHES)
RECORDS
 TOTAL           31.5   1935
TOTALS           15.2                MM      MM     17.1
SINCE 7/1        42.5                MM      MM     43.3
DAYS >= TRACE      16                MM      MM       15
DAYS >= 1.0         5                MM      MM        5
GREATEST
 SNOW DEPTH        14   01/23                         20  01/11
 24 HR TOTAL      6.1   01/22 TO 01/22

DEGREE_DAYS
HEATING TOTAL    1571              1635     -64     1465
 SINCE 7/1       5148              5261    -113     4397
COOLING TOTAL       0                 0       0        0
 SINCE 1/1          0                 0       0        0
.................................................................

WIND (MPH)
AVERAGE WIND SPEED              8.0
HIGHEST WIND SPEED/DIRECTION    28/270    DATE  01/31
HIGHEST GUST SPEED/DIRECTION    38/030    DATE  01/22

SKY COVER
POSSIBLE SUNSHINE (PERCENT)   MM
AVERAGE SKY COVER           0.60
NUMBER OF DAYS FAIR            6
NUMBER OF DAYS PC             15
NUMBER OF DAYS CLOUDY         10

AVERAGE RH (PERCENT)     78

WEATHER CONDITIONS. NUMBER OF DAYS WITH
THUNDERSTORM              0     MIXED PRECIP               0
HEAVY RAIN                0     RAIN                       0
LIGHT RAIN                2     FREEZING RAIN              0
LT FREEZING RAIN          0     HAIL                       0
HEAVY SNOW                3     SNOW                       3
LIGHT SNOW               16     SLEET                      0
FOG                      19     FOG W/VIS <= 1/4 MILE      5
HAZE                      8

-  INDICATES NEGATIVE NUMBERS.
R  INDICATES RECORD WAS SET OR TIED.
MM INDICATES DATA IS MISSING.
T  INDICATES TRACE AMOUNT.

$$
