000
CXUS53 KGRB 010846
CLMRHI


CLIMATE REPORT
NATIONAL WEATHER SERVICE GREEN BAY
343 AM CDT THU JUN 1 2017

...................................

...THE RHINELANDER WI CLIMATE SUMMARY FOR THE MONTH OF MAY 2017...

CLIMATE NORMAL PERIOD 1981 TO 2010
CLIMATE RECORD PERIOD 1908 TO 2017

WEATHER         OBSERVED          NORMAL  DEPART  LAST YEAR`S
                 VALUE   DATE(S)  VALUE   FROM    VALUE  DATE(S)
                                          NORMAL
................................................................
TEMPERATURE (F)
RECORD
 HIGH              99   05/31/1934
 LOW               18   05/02/1911
HIGHEST            77   05/27        84      -7       89  05/06
LOWEST             22   05/08        27      -5       25  05/15
                                                          05/05
AVG. MAXIMUM     63.6              65.3    -1.7     67.8
AVG. MINIMUM     40.5              40.5     0.0     40.6
MEAN             52.1              52.9    -0.8     54.2
DAYS MAX >= 90      0               0.1    -0.1        0
DAYS MAX <= 32      0               0.0     0.0        0
DAYS MIN <= 32      5               6.4    -1.4        7
DAYS MIN <= 0       0               0.0     0.0        0

PRECIPITATION (INCHES)
RECORD
 MAXIMUM         7.50   1991
 MINIMUM         0.56   1986
TOTALS           6.22              3.49    2.73     2.90
DAILY AVG.       0.20              0.11    0.09     0.09
DAYS >= .01        16                MM      MM       14
DAYS >= .10        10                MM      MM        9
DAYS >= .50         3                MM      MM        2
DAYS >= 1.00        2                MM      MM        0
GREATEST
 STORM TOTAL       MM
 (MM/DD(HH))            MM

SNOWFALL (INCHES)
RECORDS
 TOTAL           11.0   1960
TOTALS            0.0                MM      MM        T
SINCE 7/1        65.8                MM      MM     55.7
DAYS >= TRACE       0                MM      MM        1
DAYS >= 1.0         0                MM      MM        0
GREATEST
 SNOW DEPTH         0   MM                             0  MM
 24 HR TOTAL      0.0   05/31 TO 05/31

DEGREE_DAYS
HEATING TOTAL     397               386      11      343
 SINCE 7/1       7676              8886   -1210     7701
COOLING TOTAL       2                11      -9       15
 SINCE 1/1          2                12     -10       15
.................................................................

WIND (MPH)
AVERAGE WIND SPEED              7.0
HIGHEST WIND SPEED/DIRECTION    36/250    DATE  05/17
HIGHEST GUST SPEED/DIRECTION    59/260    DATE  05/17

SKY COVER
POSSIBLE SUNSHINE (PERCENT)   MM
AVERAGE SKY COVER           0.50
NUMBER OF DAYS FAIR            7
NUMBER OF DAYS PC             14
NUMBER OF DAYS CLOUDY         10

AVERAGE RH (PERCENT)     67

WEATHER CONDITIONS. NUMBER OF DAYS WITH
THUNDERSTORM              3     MIXED PRECIP               0
HEAVY RAIN                7     RAIN                       8
LIGHT RAIN               19     FREEZING RAIN              0
LT FREEZING RAIN          0     HAIL                       0
HEAVY SNOW                0     SNOW                       0
LIGHT SNOW                1     SLEET                      0
FOG                      17     FOG W/VIS <= 1/4 MILE      2
HAZE                      1

-  INDICATES NEGATIVE NUMBERS.
R  INDICATES RECORD WAS SET OR TIED.
MM INDICATES DATA IS MISSING.
T  INDICATES TRACE AMOUNT.

$$
