000
CXUS53 KGRB 010624
CLMRHI


CLIMATE REPORT
NATIONAL WEATHER SERVICE GREEN BAY
123 AM CDT TUE JUL 1 2014

...................................

...THE RHINELANDER WI CLIMATE SUMMARY FOR THE MONTH OF JUNE 2014...

CLIMATE NORMAL PERIOD 1981 TO 2010
CLIMATE RECORD PERIOD 1908 TO 2014

WEATHER         OBSERVED          NORMAL  DEPART  LAST YEAR`S
                 VALUE   DATE(S)  VALUE   FROM    VALUE  DATE(S)
                                          NORMAL
................................................................
TEMPERATURE (F)
RECORD
 HIGH             104   06/29/1931
 LOW               28   06/05/2001
HIGHEST            85   06/17        87      -2       83  06/26
                                                          06/25
                                                          06/24
LOWEST             37   06/14        35       2       32  06/03
AVG. MAXIMUM     74.4              74.3     0.1     71.4
AVG. MINIMUM     53.0              50.3     2.7     49.1
MEAN             63.7              62.3     1.4     60.3
DAYS MAX >= 90      0               0.5    -0.5        0
DAYS MAX <= 32      0               0.0     0.0        0
DAYS MIN <= 32      0               0.5    -0.5        1
DAYS MIN <= 0       0               0.0     0.0        0

PRECIPITATION (INCHES)
RECORD
 MAXIMUM        11.72   1946
 MINIMUM         0.48   2006
TOTALS           6.73              3.89    2.84     5.30
DAILY AVG.       0.22              0.13    0.09     0.18
DAYS >= .01        16                MM      MM       16
DAYS >= .10        10                MM      MM        9
DAYS >= .50         5                MM      MM        5
DAYS >= 1.00        2                MM      MM        1
GREATEST
 STORM TOTAL       MM
 (MM/DD(HH))            MM

SNOWFALL (INCHES)
RECORDS
 TOTAL              T   MM
TOTALS            0.0                MM      MM      0.0
SINCE 7/1       110.3                MM      MM     83.8
DAYS >= TRACE       0                MM      MM        0
DAYS >= 1.0         0                MM      MM        0
GREATEST
 SNOW DEPTH         0   MM                             0  MM
 24 HR TOTAL      0.0   06/30 TO 06/30

DEGREE_DAYS
HEATING TOTAL      93               134     -41      174
 SINCE 7/1      10431              9020    1411     9185
COOLING TOTAL      62                53       9       40
 SINCE 1/1         69                65       4       54
.................................................................

WIND (MPH)
AVERAGE WIND SPEED              7.0
HIGHEST WIND SPEED/DIRECTION    29/260    DATE  06/12
HIGHEST GUST SPEED/DIRECTION    40/270    DATE  06/12

SKY COVER
POSSIBLE SUNSHINE (PERCENT)   MM
AVERAGE SKY COVER           0.50
NUMBER OF DAYS FAIR            8
NUMBER OF DAYS PC             17
NUMBER OF DAYS CLOUDY          5

AVERAGE RH (PERCENT)     73

WEATHER CONDITIONS. NUMBER OF DAYS WITH
THUNDERSTORM              0     MIXED PRECIP               0
HEAVY RAIN                7     RAIN                      10
LIGHT RAIN               17     FREEZING RAIN              0
LT FREEZING RAIN          0     HAIL                       0
HEAVY SNOW                0     SNOW                       0
LIGHT SNOW                0     SLEET                      0
FOG                      18     FOG W/VIS <= 1/4 MILE      4
HAZE                      0

-  INDICATES NEGATIVE NUMBERS.
R  INDICATES RECORD WAS SET OR TIED.
MM INDICATES DATA IS MISSING.
T  INDICATES TRACE AMOUNT.

$$
