000
CXUS53 KGRB 012343
CLMRHI


CLIMATE REPORT
NATIONAL WEATHER SERVICE GREEN BAY
542 PM CST MON FEB 1 2016

...................................

...THE RHINELANDER WI CLIMATE SUMMARY FOR THE MONTH OF JANUARY 2016...

CLIMATE NORMAL PERIOD 1981 TO 2010
CLIMATE RECORD PERIOD 1908 TO 2016

WEATHER         OBSERVED          NORMAL  DEPART  LAST YEAR`S
                 VALUE   DATE(S)  VALUE   FROM    VALUE  DATE(S)
                                          NORMAL
................................................................
TEMPERATURE (F)
RECORD
 HIGH              53   01/25/1981
 LOW              -41   01/28/1915
HIGHEST            41   01/30        39       2       36  01/24
LOWEST            -20   01/11       -26       6      -24  01/13
AVG. MAXIMUM     22.5              21.3     1.2     18.9
AVG. MINIMUM      7.2               3.2     4.0      3.5
MEAN             14.8              12.2     2.6     11.2
DAYS MAX >= 90      0               0.0     0.0        0
DAYS MAX <= 32     26              26.4    -0.4       28
DAYS MIN <= 32     31              30.8     0.2       31
DAYS MIN <= 0      11              12.4    -1.4       12

PRECIPITATION (INCHES)
RECORD
 MAXIMUM         3.54   1950
 MINIMUM         0.14   1985
TOTALS           0.76              1.11   -0.35     0.68
DAILY AVG.       0.02              0.04   -0.02     0.02
DAYS >= .01        14                MM      MM       11
DAYS >= .10         2                MM      MM        3
DAYS >= .50         0                MM      MM        0
DAYS >= 1.00        0                MM      MM        0
GREATEST
 STORM TOTAL       MM
 (MM/DD(HH))            MM

SNOWFALL (INCHES)
RECORDS
 TOTAL           31.5   1935
TOTALS            7.4                MM      MM      9.4
SINCE 7/1        24.2                MM      MM     63.5
DAYS >= TRACE      22                MM      MM       26
DAYS >= 1.0         2                MM      MM        3
GREATEST
 SNOW DEPTH        10   01/30                         16  01/14
                        01/29                             01/13
                        01/28                             01/12
 24 HR TOTAL      1.3   MM

DEGREE_DAYS
HEATING TOTAL    1550              1635     -85     1659
 SINCE 7/1       4376              5261    -885     5612
COOLING TOTAL       0                 0       0        0
 SINCE 1/1          0                 0       0        0
.................................................................

WIND (MPH)
AVERAGE WIND SPEED              7.4
HIGHEST WIND SPEED/DIRECTION    25/200    DATE  01/27
HIGHEST GUST SPEED/DIRECTION    40/200    DATE  01/27

SKY COVER
POSSIBLE SUNSHINE (PERCENT)   MM
AVERAGE SKY COVER           0.70
NUMBER OF DAYS FAIR            5
NUMBER OF DAYS PC              7
NUMBER OF DAYS CLOUDY         19

AVERAGE RH (PERCENT)     78

WEATHER CONDITIONS. NUMBER OF DAYS WITH
THUNDERSTORM              0     MIXED PRECIP               0
HEAVY RAIN                0     RAIN                       0
LIGHT RAIN                3     FREEZING RAIN              0
LT FREEZING RAIN          0     HAIL                       0
HEAVY SNOW                0     SNOW                       2
LIGHT SNOW               22     SLEET                      0
FOG                      21     FOG W/VIS <= 1/4 MILE      0
HAZE                     13

-  INDICATES NEGATIVE NUMBERS.
R  INDICATES RECORD WAS SET OR TIED.
MM INDICATES DATA IS MISSING.
T  INDICATES TRACE AMOUNT.

$$
