000
CXUS53 KGRB 011222
CLMRHI


CLIMATE REPORT
NATIONAL WEATHER SERVICE GREEN BAY
621 AM CST THU JAN 1 2015

...................................

...THE RHINELANDER WI CLIMATE SUMMARY FOR THE MONTH OF DECEMBER 2014...

CLIMATE NORMAL PERIOD 1981 TO 2010
CLIMATE RECORD PERIOD 1908 TO 2014

WEATHER         OBSERVED          NORMAL  DEPART  LAST YEAR`S
                 VALUE   DATE(S)  VALUE   FROM    VALUE  DATE(S)
                                          NORMAL
................................................................
TEMPERATURE (F)
RECORD
 HIGH              62   12/02/1998
 LOW              -34   12/18/1983
                        12/27/1924
HIGHEST            43   12/15        42       1       35  12/28
LOWEST            -21   12/30       -17      -4      -24  12/31
AVG. MAXIMUM     25.6              25.3     0.3     16.3
AVG. MINIMUM     11.5               8.4     3.1     -1.1
MEAN             18.5              16.8     1.7      7.6
DAYS MAX >= 90      0               0.0     0.0        0
DAYS MAX <= 32     25              23.0     2.0       29
DAYS MIN <= 32     29              30.3    -1.3       31
DAYS MIN <= 0       7               9.1    -2.1       18

PRECIPITATION (INCHES)
RECORD
 MAXIMUM         3.46   1987
 MINIMUM         0.03   1913
TOTALS           2.02              1.44    0.58     1.66
DAILY AVG.       0.07              0.05    0.02     0.05
DAYS >= .01        13                MM      MM       19
DAYS >= .10         4                MM      MM        4
DAYS >= .50         1                MM      MM        0
DAYS >= 1.00        0                MM      MM        0
GREATEST
 STORM TOTAL       MM
 (MM/DD(HH))            MM

SNOWFALL (INCHES)
RECORDS
 TOTAL           46.0   1968
TOTALS           19.0                MM      MM     23.1
SINCE 7/1        54.1                MM      MM     32.9
DAYS >= TRACE      17                MM      MM       25
DAYS >= 1.0         5                MM      MM        8
GREATEST
 SNOW DEPTH        16   12/29                         14  12/26
                                                          12/25
 24 HR TOTAL      7.2   MM

DEGREE_DAYS
HEATING TOTAL    1432              1492     -60     1771
 SINCE 7/1       3953              3626     327     3998
COOLING TOTAL       0                 0       0        0
 SINCE 1/1        148               261    -113      281
.................................................................

WIND (MPH)
AVERAGE WIND SPEED              6.7
HIGHEST WIND SPEED/DIRECTION    24/250    DATE  12/31
HIGHEST GUST SPEED/DIRECTION    34/260    DATE  12/31

SKY COVER
POSSIBLE SUNSHINE (PERCENT)   MM
AVERAGE SKY COVER           0.80
NUMBER OF DAYS FAIR            5
NUMBER OF DAYS PC              7
NUMBER OF DAYS CLOUDY         19

AVERAGE RH (PERCENT)     87

WEATHER CONDITIONS. NUMBER OF DAYS WITH
THUNDERSTORM              0     MIXED PRECIP               0
HEAVY RAIN                0     RAIN                       0
LIGHT RAIN                3     FREEZING RAIN              0
LT FREEZING RAIN          4     HAIL                       0
HEAVY SNOW                2     SNOW                       4
LIGHT SNOW               14     SLEET                      0
FOG                      24     FOG W/VIS <= 1/4 MILE     10
HAZE                      5

-  INDICATES NEGATIVE NUMBERS.
R  INDICATES RECORD WAS SET OR TIED.
MM INDICATES DATA IS MISSING.
T  INDICATES TRACE AMOUNT.

$$
