000
CXUS51 KAKQ 011208
CLMRIC


CLIMATE REPORT
NATIONAL WEATHER SERVICE WAKEFIELD, VA
808 AM EDT SAT JUL 1 2017

...................................

...THE RICHMOND VA CLIMATE SUMMARY FOR THE MONTH OF JUNE 2017...

CLIMATE NORMAL PERIOD 1981 TO 2010
CLIMATE RECORD PERIOD 1871 TO 2017

WEATHER         OBSERVED          NORMAL  DEPART  LAST YEAR`S
                 VALUE   DATE(S)  VALUE   FROM    VALUE  DATE(S)
                                          NORMAL
................................................................
TEMPERATURE (F)
RECORD
 HIGH             104   06/26/1952
 LOW               40   06/02/1967
HIGHEST            94   06/11        96      -2       94  06/12
LOWEST             53   06/09        53       0       49  06/09
AVG. MAXIMUM     85.6              86.1    -0.5     84.5
AVG. MINIMUM     64.6              64.5     0.1     64.5
MEAN             75.1              75.3    -0.2     74.5
DAYS MAX >= 90      8               9.2    -1.2        3
DAYS MAX <= 32      0               0.0     0.0        0
DAYS MIN <= 32      0               0.0     0.0        0
DAYS MIN <= 0       0               0.0     0.0        0

PRECIPITATION (INCHES)
RECORD
 MAXIMUM         9.93   2004
 MINIMUM         0.38   1980
TOTALS           2.33              3.93   -1.60     7.81
DAILY AVG.       0.08              0.13   -0.05     0.26
DAYS >= .01         9              10.0    -1.0        9
DAYS >= .10         4               6.0    -2.0        7
DAYS >= .50         2               2.6    -0.6        5
DAYS >= 1.00        0               1.1    -1.1        2
GREATEST
 24 HR. TOTAL    0.87   06/14 TO 06/14

DEGREE_DAYS
HEATING TOTAL       2
 SINCE 7/1       3171              3773    -602     3325
COOLING TOTAL     315               315       0      295
 SINCE 1/1        538               476      62      404
.................................................................

WIND (MPH)
AVERAGE WIND SPEED              7.9
HIGHEST WIND SPEED/DIRECTION    29/210    DATE  06/24
HIGHEST GUST SPEED/DIRECTION    39/200    DATE  06/24

SKY COVER
POSSIBLE SUNSHINE (PERCENT)   MM
AVERAGE SKY COVER           0.60

AVERAGE RH (PERCENT)     71

WEATHER CONDITIONS. NUMBER OF DAYS WITH
THUNDERSTORM              0     MIXED PRECIP               0
HEAVY RAIN                3     RAIN                       5
LIGHT RAIN                9     FREEZING RAIN              0
LT FREEZING RAIN          0     HAIL                       0
HEAVY SNOW                0     SNOW                       0
LIGHT SNOW                0     SLEET                      0
FOG                       8     FOG W/VIS <= 1/4 MILE      1
HAZE                      1

-  INDICATES NEGATIVE NUMBERS.
R  INDICATES RECORD WAS SET OR TIED.
MM INDICATES DATA IS MISSING.
T  INDICATES TRACE AMOUNT.

$$
