000
CXUS51 KAKQ 011339
CLMRIC


CLIMATE REPORT
NATIONAL WEATHER SERVICE WAKEFIELD, VA
937 AM EDT FRI JUL 1 2016

...................................

...THE RICHMOND VA CLIMATE SUMMARY FOR THE MONTH OF JUNE 2016...

CLIMATE NORMAL PERIOD 1981 TO 2010
CLIMATE RECORD PERIOD 1871 TO 2016

WEATHER         OBSERVED          NORMAL  DEPART  LAST YEAR`S
                 VALUE   DATE(S)  VALUE   FROM    VALUE  DATE(S)
                                          NORMAL
................................................................
TEMPERATURE (F)
RECORD
 HIGH             104   06/26/1952
 LOW               40   06/02/1967
HIGHEST            94   06/12        96      -2      100  06/23
LOWEST             49   06/09        53      -4       59  06/29
                                                          06/04
                                                          06/03
AVG. MAXIMUM     84.5              86.1    -1.6     87.8
AVG. MINIMUM     64.5              64.5     0.0     68.1
MEAN             74.5              75.3    -0.8     77.9
DAYS MAX >= 90      3               9.2    -6.2       15
DAYS MAX <= 32      0               0.0     0.0        0
DAYS MIN <= 32      0               0.0     0.0        0
DAYS MIN <= 0       0               0.0     0.0        0

PRECIPITATION (INCHES)
RECORD
 MAXIMUM         9.93   2004
 MINIMUM         0.38   1980
TOTALS           7.81              3.93    3.88     5.91
DAILY AVG.       0.26              0.13    0.13     0.20
DAYS >= .01         9              10.0    -1.0       17
DAYS >= .10         7               6.0     1.0       11
DAYS >= .50         5               2.6     2.4        5
DAYS >= 1.00        2               1.1     0.9        1
GREATEST
 24 HR. TOTAL    3.63   06/03 TO 06/03
                        06/02 TO 06/03
                        06/03 TO 06/03

DEGREE_DAYS
HEATING TOTAL       0
 SINCE 7/1       3325              3773    -448     3852
COOLING TOTAL     295               315     -20      401
 SINCE 1/1        404               476     -72      663
.................................................................

WIND (MPH)
AVERAGE WIND SPEED              7.5
HIGHEST WIND SPEED/DIRECTION    41/320    DATE  06/16
HIGHEST GUST SPEED/DIRECTION    60/310    DATE  06/16

SKY COVER
POSSIBLE SUNSHINE (PERCENT)   MM
AVERAGE SKY COVER           0.60

AVERAGE RH (PERCENT)     69

WEATHER CONDITIONS. NUMBER OF DAYS WITH
THUNDERSTORM              6     MIXED PRECIP               0
HEAVY RAIN                7     RAIN                       8
LIGHT RAIN               10     FREEZING RAIN              0
LT FREEZING RAIN          0     HAIL                       0
HEAVY SNOW                0     SNOW                       0
LIGHT SNOW                0     SLEET                      0
FOG                      14     FOG W/VIS <= 1/4 MILE      2
HAZE                      4

-  INDICATES NEGATIVE NUMBERS.
R  INDICATES RECORD WAS SET OR TIED.
MM INDICATES DATA IS MISSING.
T  INDICATES TRACE AMOUNT.

$$
