000
CXUS51 KAKQ 011438
CLMRIC


CLIMATE REPORT
NATIONAL WEATHER SERVICE WAKEFIELD, VA
1037 AM EDT TUE JUL 1 2014

...................................

...THE RICHMOND VA CLIMATE SUMMARY FOR THE MONTH OF JUNE 2014...

CLIMATE NORMAL PERIOD 1981 TO 2010
CLIMATE RECORD PERIOD 1871 TO 2014

WEATHER         OBSERVED          NORMAL  DEPART  LAST YEAR`S
                 VALUE   DATE(S)  VALUE   FROM    VALUE  DATE(S)
                                          NORMAL
................................................................
TEMPERATURE (F)
RECORD
 HIGH             104   06/26/1952
 LOW               40   06/02/1967
HIGHEST            97   06/18        85      12       MM  MM
LOWEST             50   06/02        63     -13       MM  MM
AVG. MAXIMUM     87.3              86.1     1.2       MM
AVG. MINIMUM     65.8              64.5     1.3       MM
MEAN             76.6              75.3     1.3       MM
DAYS MAX >= 90     11               9.2     1.8       MM
DAYS MAX <= 32      0               0.0     0.0       MM
DAYS MIN <= 32      0               0.0     0.0       MM
DAYS MIN <= 0       0               0.0     0.0       MM

PRECIPITATION (INCHES)
RECORD
 MAXIMUM         9.93   2004
 MINIMUM         0.38   1980
TOTALS           3.39              3.93   -0.54       MM
DAILY AVG.       0.11              0.13   -0.02       MM
DAYS >= .01         9              10.0    -1.0       MM
DAYS >= .10         6               6.0     0.0       MM
DAYS >= .50         2               2.6    -0.6       MM
DAYS >= 1.00        1               1.1    -0.1       MM
GREATEST
 24 HR. TOTAL    1.87   06/11 TO 06/12

DEGREE_DAYS
HEATING TOTAL       0
 SINCE 7/1       3780              3773       7       MM
COOLING TOTAL     355               315      40       MM
 SINCE 1/1        563               476      87       MM
.................................................................

WIND (MPH)
AVERAGE WIND SPEED              5.7
HIGHEST WIND SPEED/DIRECTION    30/360    DATE  06/19
HIGHEST GUST SPEED/DIRECTION    38/360    DATE  06/19

SKY COVER
POSSIBLE SUNSHINE (PERCENT)   MM
AVERAGE SKY COVER           0.60

AVERAGE RH (PERCENT)     66

WEATHER CONDITIONS. NUMBER OF DAYS WITH
THUNDERSTORM              6     MIXED PRECIP               0
HEAVY RAIN                4     RAIN                       6
LIGHT RAIN               10     FREEZING RAIN              0
LT FREEZING RAIN          0     HAIL                       0
HEAVY SNOW                0     SNOW                       0
LIGHT SNOW                0     SLEET                      0
FOG                      12     FOG W/VIS <= 1/4 MILE      0
HAZE                      1

-  INDICATES NEGATIVE NUMBERS.
R  INDICATES RECORD WAS SET OR TIED.
MM INDICATES DATA IS MISSING.
T  INDICATES TRACE AMOUNT.

$$
