000
CXUS55 KGJT 012024 CCA
CLMRIL

CLIMATE REPORT...COR TO SNOWFALL DAYS
NATIONAL WEATHER SERVICE GRAND JUNCTION CO
124 PM MST THU DEC 1 2016

...................................

...THE RIFLE CO CLIMATE SUMMARY FOR THE MONTH OF NOVEMBER 2016...

CLIMATE NORMAL PERIOD 1981 TO 2010
CLIMATE RECORD PERIOD 9999 TO 9999

WEATHER         OBSERVED          NORMAL  DEPART  LAST YEAR`S
                 VALUE   DATE(S)  VALUE   FROM    VALUE  DATE(S)
                                          NORMAL
................................................................
TEMPERATURE (F)
HIGHEST            70   11/10        MM      MM       69  11/03
                        11/04                             11/02
LOWEST             12   11/30        MM      MM       11  11/30
AVG. MAXIMUM     56.1              48.0     8.1     48.5
AVG. MINIMUM     27.2              23.2     4.0     24.0
MEAN             41.7              35.6     6.1     36.2
DAYS MAX >= 90      0               0.0     0.0        0
DAYS MAX <= 32      0               1.8    -1.8        2
DAYS MIN <= 32     25              27.1    -2.1       25
DAYS MIN <= 0       0               0.4    -0.4        0

PRECIPITATION (INCHES)
TOTALS           0.47              1.10   -0.63     1.53
DAILY AVG.       0.02              0.04   -0.02     0.05
DAYS >= .01         8                MM      MM        9
DAYS >= .10         1                MM      MM        5
DAYS >= .50         0                MM      MM        0
DAYS >= 1.00        0                MM      MM        0
GREATEST
 24 HR. TOTAL    0.17   11/21 TO 11/21              0.40
                        11/21 TO 11/22

SNOWFALL (INCHES)
TOTALS             MM                MM      MM       MM
SINCE 7/1          MM                MM      MM       MM
SNOWDEPTH AVG.     MM                MM      MM       MM
DAYS >= 1.0        MM                MM      MM       MM
GREATEST
 SNOW DEPTH        MM                                 MM  MM
 24 HR TOTAL       MM                                 MM

DEGREE_DAYS
HEATING TOTAL     692               882    -190      853
 SINCE 7/1       1134              1526    -392     1188
COOLING TOTAL       0                 0       0        0
 SINCE 1/1        675               541     134      633
.................................................................

WIND (MPH)
AVERAGE WIND SPEED              4.1
HIGHEST WIND SPEED/DIRECTION    39/260    DATE  11/17
HIGHEST GUST SPEED/DIRECTION    44/250    DATE  11/17

SKY COVER
POSSIBLE SUNSHINE (PERCENT)   MM
AVERAGE SKY COVER           0.30
NUMBER OF DAYS FAIR           21
NUMBER OF DAYS PC              5
NUMBER OF DAYS CLOUDY          4

AVERAGE RH (PERCENT)     59

WEATHER CONDITIONS. NUMBER OF DAYS WITH
THUNDERSTORM              0     MIXED PRECIP               0
HEAVY RAIN                0     RAIN                       1
LIGHT RAIN                8     FREEZING RAIN              0
LT FREEZING RAIN          0     HAIL                       0
HEAVY SNOW                0     SNOW                       1
LIGHT SNOW                4     SLEET                      0
FOG                       7     FOG W/VIS <= 1/4 MILE      0
HAZE                      1

-  INDICATES NEGATIVE NUMBERS.
R  INDICATES RECORD WAS SET OR TIED.
MM INDICATES DATA IS MISSING.
T  INDICATES TRACE AMOUNT.

$$
