000
CXUS55 KGJT 011555
CLMRIL


CLIMATE REPORT
NATIONAL WEATHER SERVICE GRAND JUNCTION CO
840 AM MST MON FEB 1 2016

...................................

...THE RIFLE CO CLIMATE SUMMARY FOR THE MONTH OF JANUARY 2016...

CLIMATE NORMAL PERIOD 1981 TO 2010
CLIMATE RECORD PERIOD 9999 TO 9999

WEATHER         OBSERVED          NORMAL  DEPART  LAST YEAR`S
                 VALUE   DATE(S)  VALUE   FROM    VALUE  DATE(S)
                                          NORMAL
................................................................
TEMPERATURE (F)
HIGHEST            45   01/30        MM      MM       55  01/26
LOWEST             -8   01/01        MM      MM       -2  01/01
AVG. MAXIMUM     32.1              35.8    -3.7     41.2
AVG. MINIMUM     10.1              12.2    -2.1     19.2
MEAN             21.1              24.0    -2.9     30.2
DAYS MAX >= 90      0               0.0     0.0        0
DAYS MAX <= 32     15               8.4     6.6        4
DAYS MIN <= 32     31              30.8     0.2       30
DAYS MIN <= 0       7               3.3     3.7        2

PRECIPITATION (INCHES)
TOTALS           1.07              0.81    0.26     0.47
DAILY AVG.       0.03              0.03    0.00     0.02
DAYS >= .01        11                MM      MM        5
DAYS >= .10         4                MM      MM        3
DAYS >= .50         0                MM      MM        0
DAYS >= 1.00        0                MM      MM        0
GREATEST
 24 HR. TOTAL    0.26   01/31 TO 01/31              0.26

SNOWFALL (INCHES)
TOTALS             MM                MM      MM       MM
SINCE 7/1          MM                MM      MM       MM
SNOWDEPTH AVG.     MM                MM      MM       MM
DAYS >= 1.0        MM                MM      MM       MM
GREATEST
 SNOW DEPTH        MM                                 MM  MM
 24 HR TOTAL       MM                                 MM

DEGREE_DAYS
HEATING TOTAL    1354              1271      83     1072
 SINCE 7/1       3884              4035    -151     3585
COOLING TOTAL       0                 0       0        0
 SINCE 1/1          0                 0       0        0
.................................................................

WIND (MPH)
AVERAGE WIND SPEED              2.6
HIGHEST WIND SPEED/DIRECTION    33/320    DATE  01/30
HIGHEST GUST SPEED/DIRECTION    42/320    DATE  01/30

SKY COVER
POSSIBLE SUNSHINE (PERCENT)   MM
AVERAGE SKY COVER           0.50
NUMBER OF DAYS FAIR           13
NUMBER OF DAYS PC              7
NUMBER OF DAYS CLOUDY         11

AVERAGE RH (PERCENT)     72

WEATHER CONDITIONS. NUMBER OF DAYS WITH
THUNDERSTORM              0     MIXED PRECIP               0
HEAVY RAIN                0     RAIN                       1
LIGHT RAIN                1     FREEZING RAIN              0
LT FREEZING RAIN          0     HAIL                       0
HEAVY SNOW                1     SNOW                       5
LIGHT SNOW               15     SLEET                      0
FOG                      14     FOG W/VIS <= 1/4 MILE      4
HAZE                      1

-  INDICATES NEGATIVE NUMBERS.
R  INDICATES RECORD WAS SET OR TIED.
MM INDICATES DATA IS MISSING.
T  INDICATES TRACE AMOUNT.

$$
