000
CXUS55 KGJT 011028
CLMRIL


CLIMATE REPORT
NATIONAL WEATHER SERVICE GRAND JUNCTION CO
420 AM MDT MON SEP 1 2014

...................................

...THE RIFLE CO CLIMATE SUMMARY FOR THE MONTH OF AUGUST 2014...

CLIMATE NORMAL PERIOD 1981 TO 2010
CLIMATE RECORD PERIOD 9999 TO 9999

WEATHER         OBSERVED          NORMAL  DEPART  LAST YEAR`S
                 VALUE   DATE(S)  VALUE   FROM    VALUE  DATE(S)
                                          NORMAL
................................................................
TEMPERATURE (F)
HIGHEST            92   08/18        MM      MM       95  08/29
                                                          08/19
                                                          08/17
LOWEST             45   08/24        MM      MM       47  08/11
AVG. MAXIMUM     83.0              87.9    -4.9     87.6
AVG. MINIMUM     54.2              52.9     1.3     55.4
MEAN             68.6              70.4    -1.8     71.5
DAYS MAX >= 90      7              11.6    -4.6       10
DAYS MAX <= 32      0               0.0     0.0        0
DAYS MIN <= 32      0               0.0     0.0        0
DAYS MIN <= 0       0               0.0     0.0        0

PRECIPITATION (INCHES)
TOTALS           2.65              1.40    1.25     0.33
DAILY AVG.       0.09              0.05    0.04     0.01
DAYS >= .01        15                MM      MM        7
DAYS >= .10         8                MM      MM        1
DAYS >= .50         2                MM      MM        0
DAYS >= 1.00        0                MM      MM        0
GREATEST
 24 HR. TOTAL    0.65   08/26 TO 08/27              0.19

SNOWFALL (INCHES)
TOTALS             MM                MM      MM       MM
SINCE 7/1          MM                MM      MM       MM
SNOWDEPTH AVG.     MM                MM      MM       MM
DAYS >= 1.0         0                MM      MM       MM
GREATEST
 SNOW DEPTH        MM                                 MM  MM
 24 HR TOTAL       MM                                 MM

DEGREE_DAYS
HEATING TOTAL      17                 6      11        0
 SINCE 7/1         17                 7      10        0
COOLING TOTAL     136               173     -37      209
 SINCE 1/1        529               516      13      706
.................................................................

WIND (MPH)
AVERAGE WIND SPEED              5.5
HIGHEST WIND SPEED/DIRECTION    40/250    DATE  08/26
HIGHEST GUST SPEED/DIRECTION    49/240    DATE  08/26

SKY COVER
POSSIBLE SUNSHINE (PERCENT)   MM
AVERAGE SKY COVER           0.20
NUMBER OF DAYS FAIR           24
NUMBER OF DAYS PC              6
NUMBER OF DAYS CLOUDY          1

AVERAGE RH (PERCENT)     54

WEATHER CONDITIONS. NUMBER OF DAYS WITH
THUNDERSTORM             16     MIXED PRECIP               0
HEAVY RAIN                5     RAIN                       9
LIGHT RAIN               19     FREEZING RAIN              0
LT FREEZING RAIN          0     HAIL                       0
HEAVY SNOW                0     SNOW                       0
LIGHT SNOW                0     SLEET                      0
FOG                       8     FOG W/VIS <= 1/4 MILE      0
HAZE                      0

-  INDICATES NEGATIVE NUMBERS.
R  INDICATES RECORD WAS SET OR TIED.
MM INDICATES DATA IS MISSING.
T  INDICATES TRACE AMOUNT.

$$
