000
CXUS51 KRNK 011527
CLMRNK


CLIMATE REPORT
NATIONAL WEATHER SERVICE BLACKSBURG VA
1011 AM EST SUN MAR 1 2015

...................................

...THE BLACKSBURG VA CLIMATE SUMMARY FOR THE MONTH OF FEBRUARY 2015...

CLIMATE NORMAL PERIOD 1981 TO 2010
CLIMATE RECORD PERIOD 1952 TO 2015

WEATHER         OBSERVED          NORMAL  DEPART  LAST YEAR`S
                 VALUE   DATE(S)  VALUE   FROM    VALUE
                                          NORMAL
.............................................................
TEMPERATURE (F)
RECORD
 HIGH              75   02/27/1977
 LOW              -12   02/04/1970
HIGHEST            63   02/08                         63
LOWEST             -5   02/20                         11
AVG. MAXIMUM     37.4              44.9    -7.5     43.9
AVG. MINIMUM     15.4              23.6    -8.2     22.9
MEAN             26.4              34.2    -7.8     33.4
DAYS MAX >= 90      0               0.0     0.0
DAYS MAX <= 32      9               3.9     5.1
DAYS MIN <= 32     26              23.8     2.2
DAYS MIN <= 0       2               0.1     1.9

PRECIPITATION (INCHES)
RECORD
 MAXIMUM         6.31   2003
 MINIMUM         0.36   1968
TOTALS           2.12              2.81   -0.69     3.98
DAILY AVG.       0.08              0.10   -0.02     0.14
DAYS >= .01        12              10.6     1.4
DAYS >= .10         4               6.6    -2.6
DAYS >= .50         2               1.6     0.4
DAYS >= 1.00        0               0.3    -0.3
GREATEST
 24 HR. TOTAL    0.68   02/21 TO 02/21

SNOWFALL (INCHES)
TOTALS           19.4                               20.5
SINCE 7/1        23.4
SNOWDEPTH AVG.      3
DAYS >= 1.0         4
GREATEST
 SNOW DEPTH        10

DEGREE_DAYS
HEATING TOTAL    1075               861     214
 SINCE 7/1       4126              4048      78
COOLING TOTAL       0                 0       0
 SINCE 1/1          0                 0       0
..............................................................

WIND (MPH)
AVERAGE WIND SPEED              6.5
HIGHEST WIND SPEED/DIRECTION    31/320    DATE  02/14
HIGHEST GUST SPEED/DIRECTION    47/300    DATE  02/14

SKY COVER
POSSIBLE SUNSHINE (PERCENT)   MM
AVERAGE SKY COVER           0.50
NUMBER OF DAYS FAIR           10
NUMBER OF DAYS PC              9
NUMBER OF DAYS CLOUDY          9

AVERAGE RH (PERCENT)     62

WEATHER CONDITIONS. NUMBER OF DAYS WITH
THUNDERSTORM              0     MIXED PRECIP               0
HEAVY RAIN                0     RAIN                       2
LIGHT RAIN                5     FREEZING RAIN              0
LT FREEZING RAIN          2     HAIL                       0
HEAVY SNOW                1     SNOW                       3
LIGHT SNOW               17     SLEET                      2
FOG                       4     FOG W/VIS <= 1/4 MILE      0
HAZE                      0

-  INDICATES NEGATIVE NUMBERS.
R  INDICATES RECORD WAS SET OR TIED.
MM INDICATES DATA IS MISSING.
T  INDICATES TRACE AMOUNT.

$$

PW
