000
CXUS51 KRNK 011137
CLMRNK


CLIMATE REPORT
NATIONAL WEATHER SERVICE BLACKSBURG VA
731 AM EDT TUE AUG 1 2017

...................................

...THE BLACKSBURG VA CLIMATE SUMMARY FOR THE MONTH OF JULY 2017...

CLIMATE NORMAL PERIOD 1981 TO 2010
CLIMATE RECORD PERIOD 1952 TO 2017

WEATHER         OBSERVED          NORMAL  DEPART  LAST YEAR`S
                 VALUE   DATE(S)  VALUE   FROM    VALUE
                                          NORMAL
.............................................................
TEMPERATURE (F)
RECORD
 HIGH              99   07/15/1954
 LOW               41   07/07/1972
                        07/10/1961
HIGHEST            92   07/22                         93
LOWEST             51   07/31                         59
                        07/30
AVG. MAXIMUM     83.8              82.2     1.6     84.7
AVG. MINIMUM     61.1              60.1     1.0     64.1
MEAN             72.5              71.2     1.3     74.4
DAYS MAX >= 90      1               2.0    -1.0        3
DAYS MAX <= 32      0               0.0     0.0        0
DAYS MIN <= 32      0               0.0     0.0        0
DAYS MIN <= 0       0               0.0     0.0        0

PRECIPITATION (INCHES)
RECORD
 MAXIMUM         9.35   1992
 MINIMUM         1.56   1998
TOTALS           3.31              4.26   -0.95     4.86
DAILY AVG.       0.11              0.14   -0.03     0.16
DAYS >= .01        11              12.7    -1.7       17
DAYS >= .10         7               8.8    -1.8        9
DAYS >= .50         3               2.9     0.1        3
DAYS >= 1.00        0               0.9    -0.9        1
GREATEST
 24 HR. TOTAL    0.87                               1.58

SNOWFALL (INCHES)
TOTALS            0.0                                0.0
DAYS >= TRACE       0                                  0
DAYS >= 1.0         0                                  0
GREATEST
 24 HR TOTAL      0.0                                0.0

DEGREE_DAYS
HEATING TOTAL       0                 6      -6        0
COOLING TOTAL     241               196      45      299
..............................................................

WIND (MPH)
AVERAGE WIND SPEED              2.7
HIGHEST WIND SPEED/DIRECTION    17/320    DATE  07/21
HIGHEST GUST SPEED/DIRECTION    33/330    DATE  07/06

SKY COVER
AVERAGE SKY COVER           0.30

AVERAGE RH (PERCENT)     70

WEATHER CONDITIONS. NUMBER OF DAYS WITH
THUNDERSTORM              8     MIXED PRECIP               0
HEAVY RAIN                6     RAIN                       8
LIGHT RAIN               13     FREEZING RAIN              0
LT FREEZING RAIN          0     HAIL                       0
HEAVY SNOW                0     SNOW                       0
LIGHT SNOW                0     SLEET                      0
FOG                      11     FOG W/VIS <= 1/4 MILE      2
HAZE                      1

-  INDICATES NEGATIVE NUMBERS.
R  INDICATES RECORD WAS SET OR TIED.
MM INDICATES DATA IS MISSING.
T  INDICATES TRACE AMOUNT.

$$

PW
