000
CXUS51 KRNK 010946 CCA
CLMRNK

CLIMATE REPORT
NATIONAL WEATHER SERVICE BLACKSBURG VA
537 AM EDT TUE JUL 1 2014

...................................

...THE BLACKSBURG VA CLIMATE SUMMARY FOR THE MONTH OF JUNE 2014...

CLIMATE NORMAL PERIOD 1981 TO 2010
CLIMATE RECORD PERIOD 1952 TO 2014

WEATHER         OBSERVED          NORMAL  DEPART  LAST YEAR`S
                 VALUE   DATE(S)  VALUE   FROM    VALUE
                                          NORMAL
.............................................................
TEMPERATURE (F)
RECORD
 HIGH              97   06/29/2012
 LOW               30   06/11/1972
HIGHEST            88   06/18                         84
LOWEST             48   06/15                         50
AVG. MAXIMUM     81.6              78.9     2.7     78.3
AVG. MINIMUM     58.8              56.5     2.3     58.6
MEAN             70.2              67.7     2.5     68.5
DAYS MAX >= 90      0               0.3    -0.3
DAYS MAX <= 32      0               0.0     0.0
DAYS MIN <= 32      0               0.0     0.0
DAYS MIN <= 0       0               0.0     0.0

PRECIPITATION (INCHES)
RECORD
 MAXIMUM        10.96   2006
 MINIMUM         0.39   1966
TOTALS           3.07              4.00   -0.93     7.94
DAILY AVG.       0.10              0.13   -0.03     0.26
DAYS >= .01        15              11.4     3.6
DAYS >= .10        10               7.2     2.8
DAYS >= .50         0               2.5    -2.5
DAYS >= 1.00        0               1.1    -1.1
GREATEST
 24 HR. TOTAL    0.44   06/20 TO 06/20

SNOWFALL (INCHES)
TOTALS              T                                  T
SINCE 7/1        34.4
SNOWDEPTH AVG.      0
DAYS >= 1.0         0
GREATEST
 SNOW DEPTH         0

DEGREE_DAYS
HEATING TOTAL       3                38     -35
 SINCE 7/1       5447              5446       1
COOLING TOTAL     166               119      47
 SINCE 1/1        224               148      76
..............................................................

WIND (MPH)
AVERAGE WIND SPEED              3.4
HIGHEST WIND SPEED/DIRECTION    20/110    DATE  06/17
HIGHEST GUST SPEED/DIRECTION    33/110    DATE  06/17

SKY COVER
POSSIBLE SUNSHINE (PERCENT)   MM
AVERAGE SKY COVER           0.40
NUMBER OF DAYS FAIR           15
NUMBER OF DAYS PC             15
NUMBER OF DAYS CLOUDY          0

AVERAGE RH (PERCENT)     79

WEATHER CONDITIONS. NUMBER OF DAYS WITH
THUNDERSTORM             10     MIXED PRECIP               0
HEAVY RAIN                5     RAIN                       9
LIGHT RAIN               15     FREEZING RAIN              0
LT FREEZING RAIN          0     HAIL                       1
HEAVY SNOW                0     SNOW                       0
LIGHT SNOW                0     SLEET                      0
FOG                      18     FOG W/VIS <= 1/4 MILE      0
HAZE                      0

-  INDICATES NEGATIVE NUMBERS.
R  INDICATES RECORD WAS SET OR TIED.
MM INDICATES DATA IS MISSING.
T  INDICATES TRACE AMOUNT.

TRACE OF SNOW IS HAIL THAT OCCURRED JUNE 17.
$$
