000
CXUS56 KSGX 012113
CLMRNM


CLIMATE REPORT
NATIONAL WEATHER SERVICE SAN DIEGO, CA
213 PM PDT FRI JUL 1 2016

...................................

...THE RAMONA AIRPORT CA CLIMATE SUMMARY FOR THE MONTH OF JUNE 2016...

CLIMATE NORMAL PERIOD 1981 TO 2010
CLIMATE RECORD PERIOD 1974 TO 2016

WEATHER         OBSERVED          NORMAL  DEPART  LAST YEAR`S
                 VALUE   DATE(S)  VALUE   FROM    VALUE  DATE(S)
                                          NORMAL
................................................................
TEMPERATURE (F)
RECORD
 HIGH             109   06/20/2016
 LOW               36   06/02/2011
HIGHEST           109R  06/20        84      25      100  06/08
LOWEST             48   06/18        51      -3       45  06/02
                        06/17
                        06/02
AVG. MAXIMUM     88.1              82.5     5.6     87.2
AVG. MINIMUM     54.1              51.4     2.7     54.6
MEAN             71.1              67.0     4.1     70.9
DAYS MAX >= 90     12               4.2     7.8       16
DAYS MAX <= 32      0               0.0     0.0        0
DAYS MAX >= 100     3                                  1
DAYS MAX >= 110     0                                  0
DAYS MIN <= 32      0               0.0     0.0        0
DAYS MIN <= 0       0               0.0     0.0        0

PRECIPITATION (INCHES)
RECORD
 MAXIMUM         0.80   1990
 MINIMUM         0.00   2014
                        2013
                        2012
TOTALS              T              0.12   -0.12     0.23
DAILY AVG.          T              0.00    0.00     0.01
DAYS >= .01         0                MM      MM        1
DAYS >= .10         0                MM      MM        1
DAYS >= .50         0                MM      MM        0
DAYS >= 1.00        0                MM      MM        0
DAYS >= 1.50        0                                  0
DAYS >= 2.00        0                                  0
GREATEST
 24 HR. TOTAL       T   06/27 TO 06/27           06/30 TO 06/30
                                                          06/30 TO 06/30
                                                          06/30 TO 06/30
 STORM TOTAL       MM                                 MM
 (MM/DD(HH))            MM                    06/30(00) TO 06/30(00)
                                                 06/30(00) TO 06/30(00)0
                                                 06/30(00) TO 06/30(00)0

DEGREE_DAYS
HEATING TOTAL       4                27     -23        8
 SINCE 7/1       2157              2551    -394     1729
COOLING TOTAL     194                86     108      192
 SINCE 1/1        206               113      93      227

FREEZE DATES
RECORD
 EARLIEST     10/10/1974
 LATEST       05/07/1975
EARLIEST      11/11             11/24
LATEST        03/24             03/25
.................................................

WIND (MPH)
AVERAGE WIND SPEED              5.6
RESULTANT WIND SPEED/DIRECTION   4/283
HIGHEST WIND SPEED/DIRECTION    20/270    DATE  06/20
HIGHEST GUST SPEED/DIRECTION    27/280    DATE  06/22

SKY COVER
POSSIBLE SUNSHINE (PERCENT)   MM
AVERAGE SKY COVER           0.20
NUMBER OF DAYS FAIR           20
NUMBER OF DAYS PC              9
NUMBER OF DAYS CLOUDY          1

AVERAGE RH (PERCENT)     61

WEATHER CONDITIONS. NUMBER OF DAYS WITH
THUNDERSTORM              0     MIXED PRECIP               0
HEAVY RAIN                0     RAIN                       0
LIGHT RAIN                0     FREEZING RAIN              0
LT FREEZING RAIN          0     HAIL                       0
HEAVY SNOW                0     SNOW                       0
LIGHT SNOW                0     SLEET                      0
FOG                      17     FOG W/VIS <= 1/4 MILE      9
HAZE                     10

-  INDICATES NEGATIVE NUMBERS.
R  INDICATES RECORD WAS SET OR TIED.
MM INDICATES DATA IS MISSING.
T  INDICATES TRACE AMOUNT.

$$
