319
CXUS56 KSGX 012153
CLMRNM


CLIMATE REPORT
NATIONAL WEATHER SERVICE SAN DIEGO, CA
153 PM PST MON FEB 1 2016

...................................

...THE RAMONA AIRPORT CA CLIMATE SUMMARY FOR THE MONTH OF JANUARY 2016...

CLIMATE NORMAL PERIOD 1981 TO 2010
CLIMATE RECORD PERIOD 1974 TO 2016

WEATHER         OBSERVED          NORMAL  DEPART  LAST YEAR`S
                 VALUE   DATE(S)  VALUE   FROM    VALUE  DATE(S)
                                          NORMAL
................................................................
TEMPERATURE (F)
RECORD
 HIGH              90   01/14/1975
 LOW               16   01/17/2007
HIGHEST            77   01/21        67      10       79  01/07
                                                          01/06
LOWEST             28   01/12        38     -10       25  01/02
                        01/01                             01/01
AVG. MAXIMUM     63.4              65.4    -2.0     68.6
AVG. MINIMUM     37.7              35.0     2.7     38.3
MEAN             50.5              50.2     0.3     53.5
DAYS MAX >= 90      0               0.0     0.0        0
DAYS MAX <= 32      0               0.0     0.0        0
DAYS MAX >= 100     0                                  0
DAYS MAX >= 110     0                                  0
DAYS MIN <= 32      5              11.1    -6.1        6
DAYS MIN <= 0       0               0.0     0.0        0

PRECIPITATION (INCHES)
RECORD
 MAXIMUM        14.15   1993
 MINIMUM         0.00   1992
TOTALS           6.54              3.32    3.22     0.79
DAILY AVG.       0.21              0.11    0.10     0.03
DAYS >= .01         8                MM      MM        4
DAYS >= .10         4                MM      MM        2
DAYS >= .50         4                MM      MM        1
DAYS >= 1.00        4                MM      MM        0
DAYS >= 1.50        2                                  0
DAYS >= 2.00        1                                  0
GREATEST
 24 HR. TOTAL    2.86   01/06 TO 01/07           01/11 TO 01/12
                                                          01/31 TO 01/31
                                                          01/31 TO 01/31
 STORM TOTAL       MM                                 MM
 (MM/DD(HH))            MM                    01/12(00) TO 01/12(00)
                                                 01/31(00) TO 01/31(00)1
                                                 01/31(00) TO 01/31(00)1

DEGREE_DAYS
HEATING TOTAL     442               459     -17      348
 SINCE 7/1       1281              1347     -66      948
COOLING TOTAL       0                 1      -1        0
 SINCE 1/1          0                 0       0        0

FREEZE DATES
RECORD
 EARLIEST     10/10/1974
 LATEST       05/07/1975
EARLIEST                        11/24
LATEST                          03/25
..................................................

WIND (MPH)
AVERAGE WIND SPEED              4.6
RESULTANT WIND SPEED/DIRECTION   1/289
HIGHEST WIND SPEED/DIRECTION    43/260    DATE  01/31
HIGHEST GUST SPEED/DIRECTION    58/220    DATE  01/31

SKY COVER
POSSIBLE SUNSHINE (PERCENT)   MM
AVERAGE SKY COVER           0.30
NUMBER OF DAYS FAIR           20
NUMBER OF DAYS PC              5
NUMBER OF DAYS CLOUDY          6

AVERAGE RH (PERCENT)     69

WEATHER CONDITIONS. NUMBER OF DAYS WITH
THUNDERSTORM              0     MIXED PRECIP               0
HEAVY RAIN                4     RAIN                       5
LIGHT RAIN               11     FREEZING RAIN              0
LT FREEZING RAIN          0     HAIL                       0
HEAVY SNOW                0     SNOW                       0
LIGHT SNOW                0     SLEET                      0
FOG                      25     FOG W/VIS <= 1/4 MILE     11
HAZE                      8

-  INDICATES NEGATIVE NUMBERS.
R  INDICATES RECORD WAS SET OR TIED.
MM INDICATES DATA IS MISSING.
T  INDICATES TRACE AMOUNT.

$$
