000
CXUS56 KSGX 011601
CLMRNM


CLIMATE REPORT
NATIONAL WEATHER SERVICE SAN DIEGO, CA
800 AM PST WED FEB 1 2017

...................................

...THE RAMONA AIRPORT CA CLIMATE SUMMARY FOR THE MONTH OF JANUARY 2017...

CLIMATE NORMAL PERIOD 1981 TO 2010
CLIMATE RECORD PERIOD 1974 TO 2017

WEATHER         OBSERVED          NORMAL  DEPART  LAST YEAR`S
                 VALUE   DATE(S)  VALUE   FROM    VALUE  DATE(S)
                                          NORMAL
................................................................
TEMPERATURE (F)
RECORD
 HIGH              90   01/14/1975
 LOW               16   01/17/2007
HIGHEST            78   01/08        67      11       77  01/21
LOWEST             26   01/31        38     -12       28  01/12
                                                          01/01
AVG. MAXIMUM     60.1              65.4    -5.3     63.4
AVG. MINIMUM     38.2              35.0     3.2     37.7
MEAN             49.2              50.2    -1.0     50.5
DAYS MAX >= 90      0               0.0     0.0        0
DAYS MAX <= 32      0               0.0     0.0        0
DAYS MAX >= 100     0                                  0
DAYS MAX >= 110     0                                  0
DAYS MIN <= 32      6              11.1    -5.1        5
DAYS MIN <= 0       0               0.0     0.0        0

PRECIPITATION (INCHES)
RECORD
 MAXIMUM        14.15   1993
 MINIMUM         0.00   1992
TOTALS           7.34              3.32    4.02     6.54
DAILY AVG.       0.24              0.11    0.13     0.21
DAYS >= .01        13                MM      MM        8
DAYS >= .10         9                MM      MM        4
DAYS >= .50         5                MM      MM        4
DAYS >= 1.00        4                MM      MM        4
DAYS >= 1.50        1                                  2
DAYS >= 2.00        1                                  1
GREATEST
 24 HR. TOTAL    2.25   01/20 TO 01/21           01/06 TO 01/07
                                                          01/29 TO 01/29
                                                          01/29 TO 01/29
 STORM TOTAL       MM                                 MM
 (MM/DD(HH))            MM                    01/07(00) TO 01/07(00)
                                                 01/29(00) TO 01/29(00)9
                                                 01/29(00) TO 01/29(00)9

DEGREE_DAYS
HEATING TOTAL     464               459       5      442
 SINCE 7/1       1107              1347    -240     1281
COOLING TOTAL       0                 1      -1        0
 SINCE 1/1          0                 0       0        0

FREEZE DATES
RECORD
 EARLIEST     10/10/1974
 LATEST       05/07/1975
EARLIEST                        11/24
LATEST                          03/25
..........................................................

WIND (MPH)
AVERAGE WIND SPEED              5.1
RESULTANT WIND SPEED/DIRECTION   1/242
HIGHEST WIND SPEED/DIRECTION    29/180    DATE  01/22
HIGHEST GUST SPEED/DIRECTION    46/260    DATE  01/20

SKY COVER
POSSIBLE SUNSHINE (PERCENT)   MM
AVERAGE SKY COVER           0.50
NUMBER OF DAYS FAIR           15
NUMBER OF DAYS PC              7
NUMBER OF DAYS CLOUDY          9

AVERAGE RH (PERCENT)     77

WEATHER CONDITIONS. NUMBER OF DAYS WITH
THUNDERSTORM              0     MIXED PRECIP               0
HEAVY RAIN                3     RAIN                       7
LIGHT RAIN               15     FREEZING RAIN              0
LT FREEZING RAIN          0     HAIL                       0
HEAVY SNOW                0     SNOW                       0
LIGHT SNOW                0     SLEET                      0
FOG                      24     FOG W/VIS <= 1/4 MILE     12
HAZE                      0

-  INDICATES NEGATIVE NUMBERS.
R  INDICATES RECORD WAS SET OR TIED.
MM INDICATES DATA IS MISSING.
T  INDICATES TRACE AMOUNT.

$$
