000
CXUS56 KSGX 011435
CLMRNM


CLIMATE REPORT
NATIONAL WEATHER SERVICE SAN DIEGO, CA
735 AM PDT WED OCT 1 2014

...................................

...THE RAMONA AIRPORT CA CLIMATE SUMMARY FOR THE MONTH OF SEPTEMBER 2014...

CLIMATE NORMAL PERIOD 1981 TO 2010
CLIMATE RECORD PERIOD 1974 TO 2014

WEATHER         OBSERVED          NORMAL  DEPART  LAST YEAR`S
                 VALUE   DATE(S)  VALUE   FROM    VALUE  DATE(S)
                                          NORMAL
................................................................
TEMPERATURE (F)
RECORD
 HIGH             109   09/02/1982
 LOW               39   09/28/2013
                        09/18/2010
                        09/25/2005
HIGHEST           103   09/15        88      15      101  09/06
LOWEST             48   09/30        55      -7       39  09/28
AVG. MAXIMUM     90.5              87.0     3.5     88.7
AVG. MINIMUM     58.6              54.0     4.6     54.6
MEAN             74.6              70.5     4.1     71.6
DAYS MAX >= 90     17              12.4     4.6       15
DAYS MAX <= 32      0               0.0     0.0        0
DAYS MAX >= 100     4                                  2
DAYS MAX >= 110     0                                  0
DAYS MIN <= 32      0               0.0     0.0        0
DAYS MIN <= 0       0               0.0     0.0        0

PRECIPITATION (INCHES)
RECORD
 MAXIMUM         3.03   1976
 MINIMUM         0.00   2013
                        2004
                        2003
TOTALS           0.00R             0.29   -0.29     0.00
DAILY AVG.       0.00              0.01   -0.01     0.00
DAYS >= .01         0                MM      MM        0
DAYS >= .10         0                MM      MM        0
DAYS >= .50         0                MM      MM        0
DAYS >= 1.00        0                MM      MM        0
DAYS >= 1.50        0                                  0
DAYS >= 2.00        0                                  0
GREATEST
 24 HR. TOTAL    0.00   09/30 TO 09/30           09/01 TO 09/02
                        09/29 TO 09/29                    09/30 TO 09/30
                        09/28 TO 09/28                    09/30 TO 09/30
 STORM TOTAL       MM                                 MM
 (MM/DD(HH))            MM                    09/02(00) TO 09/02(00)
                                                 09/30(00) TO 09/30(00)0
                                                 09/30(00) TO 09/30(00)0

SNOWFALL (INCHES)
TOTALS            0.0

DEGREE_DAYS
HEATING TOTAL       0                15     -15       14
 SINCE 7/1          0                18     -18       15
COOLING TOTAL     295               180     115      219
 SINCE 1/1       1034               793     241      883

FREEZE DATES
RECORD
 EARLIEST     10/10/1974
 LATEST       05/07/1975
EARLIEST                        11/24
LATEST                          03/25
.................................................

WIND (MPH)
AVERAGE WIND SPEED              5.2
RESULTANT WIND SPEED/DIRECTION   4/284
HIGHEST WIND SPEED/DIRECTION    24/090    DATE  09/16
HIGHEST GUST SPEED/DIRECTION    33/210    DATE  09/05

SKY COVER
POSSIBLE SUNSHINE (PERCENT)   MM
AVERAGE SKY COVER           0.20
NUMBER OF DAYS FAIR           24
NUMBER OF DAYS PC              6
NUMBER OF DAYS CLOUDY          0

AVERAGE RH (PERCENT)     55

WEATHER CONDITIONS. NUMBER OF DAYS WITH
THUNDERSTORM              0     MIXED PRECIP               0
HEAVY RAIN                0     RAIN                       0
LIGHT RAIN                0     FREEZING RAIN              0
LT FREEZING RAIN          0     HAIL                       0
HEAVY SNOW                0     SNOW                       0
LIGHT SNOW                0     SLEET                      0
FOG                       6     FOG W/VIS <= 1/4 MILE      4
HAZE                      1

-  INDICATES NEGATIVE NUMBERS.
R  INDICATES RECORD WAS SET OR TIED.
MM INDICATES DATA IS MISSING.
T  INDICATES TRACE AMOUNT.

$$
