000
CXUS56 KSGX 011744
CLMRNM


CLIMATE REPORT
NATIONAL WEATHER SERVICE SAN DIEGO, CA
1044 AM PDT SUN MAY 1 2016

...................................

...THE RAMONA AIRPORT CA CLIMATE SUMMARY FOR THE MONTH OF APRIL 2016...

CLIMATE NORMAL PERIOD 1981 TO 2010
CLIMATE RECORD PERIOD 1974 TO 2016

WEATHER         OBSERVED          NORMAL  DEPART  LAST YEAR`S
                 VALUE   DATE(S)  VALUE   FROM    VALUE  DATE(S)
                                          NORMAL
................................................................
TEMPERATURE (F)
RECORD
 HIGH              98   04/06/1989
 LOW               28   04/10/1999
                        04/03/1997
HIGHEST            91   04/06        73      18       93  04/29
LOWEST             37   04/27        43      -6       35  04/03
                        04/26
                        04/02
AVG. MAXIMUM     74.1              70.1     4.0     74.9
AVG. MINIMUM     42.5              41.8     0.7     42.3
MEAN             58.3              55.9     2.4     58.6
DAYS MAX >= 90      1               0.7     0.3        3
DAYS MAX <= 32      0               0.0     0.0        0
DAYS MAX >= 100     0                                  0
DAYS MAX >= 110     0                                  0
DAYS MIN <= 32      0               0.5    -0.5        0
DAYS MIN <= 0       0               0.0     0.0        0

PRECIPITATION (INCHES)
RECORD
 MAXIMUM         3.65   1988
 MINIMUM         0.00   1993
TOTALS           1.35              1.40   -0.05     0.49
DAILY AVG.       0.05              0.05    0.00     0.02
DAYS >= .01         6                MM      MM        4
DAYS >= .10         5                MM      MM        2
DAYS >= .50         1                MM      MM        0
DAYS >= 1.00        0                MM      MM        0
DAYS >= 1.50        0                                  0
DAYS >= 2.00        0                                  0
GREATEST
 24 HR. TOTAL    0.67   04/09 TO 04/10           04/25 TO 04/25
                                                          04/24 TO 04/25
                                                          04/25 TO 04/25
 STORM TOTAL       MM                                 MM
 (MM/DD(HH))            MM                    04/25(00) TO 04/25(00)
                                                 04/25(00) TO 04/25(00)5
                                                 04/25(00) TO 04/25(00)5

DEGREE_DAYS
HEATING TOTAL     196               276     -80      195
 SINCE 7/1       2013              2392    -379     1572
COOLING TOTAL       1                 4      -3       12
 SINCE 1/1          6                 5       1       21

FREEZE DATES
RECORD
 EARLIEST     10/10/1974
 LATEST       05/07/1975
EARLIEST                        11/24
LATEST                          03/25
......................................................

WIND (MPH)
AVERAGE WIND SPEED              4.9
RESULTANT WIND SPEED/DIRECTION   2/265
HIGHEST WIND SPEED/DIRECTION    21/260    DATE  04/25
HIGHEST GUST SPEED/DIRECTION    27/270    DATE  04/16

SKY COVER
POSSIBLE SUNSHINE (PERCENT)   MM
AVERAGE SKY COVER           0.30
NUMBER OF DAYS FAIR           17
NUMBER OF DAYS PC              6
NUMBER OF DAYS CLOUDY          7

AVERAGE RH (PERCENT)     65

WEATHER CONDITIONS. NUMBER OF DAYS WITH
THUNDERSTORM              0     MIXED PRECIP               0
HEAVY RAIN                2     RAIN                       4
LIGHT RAIN                7     FREEZING RAIN              0
LT FREEZING RAIN          0     HAIL                       0
HEAVY SNOW                0     SNOW                       0
LIGHT SNOW                0     SLEET                      0
FOG                      16     FOG W/VIS <= 1/4 MILE      5
HAZE                     11

-  INDICATES NEGATIVE NUMBERS.
R  INDICATES RECORD WAS SET OR TIED.
MM INDICATES DATA IS MISSING.
T  INDICATES TRACE AMOUNT.

$$
