000
CXUS55 KREV 020317 AAA
CLMRNO

CLIMATE REPORT
NATIONAL WEATHER SERVICE RENO NV
344 PM PDT SAT JUL 1 2017

...................................

...THE RENO-TAHOE INTL AIRPORT NV CLIMATE SUMMARY FOR THE MONTH OF
JUNE 2017...

THE AVERAGE TEMPERATURE FOR JUNE 2017 AT THE RENO-TAHOE
INTERNATIONAL AIRPORT WAS 72.5 DEGREES WHICH IS 4.8 DEGREES ABOVE
NORMAL. THE HIGHEST TEMPERATURE FOR JUNE WAS 104 DEGREES WHICH
OCCURRED ON THE 20TH. THIS 104 DEGREE READING TIES THE ALL-TIME
RECORD HIGH TEMPERATURE FOR JUNE IN RENO WHICH PREVIOUSLY OCCURRED
ON JUNE 16, 1940. THE LOWEST TEMPERATURE FOR THE MONTH WAS 40
DEGREES WHICH WAS RECORDED ON THE 13TH.

FOR JUNE 2017 0.12 INCHES OF PRECIPITATION WAS RECORDED AT THE RENO-
TAHOE INTERNATIONAL AIRPORT. THIS IS 0.39 INCHES BELOW NORMAL.

THE AVERAGE WIND SPEED FOR THE MONTH WAS 7.3 MPH. THE PEAK WIND GUST
FOR THE MONTH WAS 51 MPH FROM THE SOUTH-SOUTHWEST WHICH OCCURRED ON
THE 8TH.

CLIMATE NORMAL PERIOD 1981 TO 2010
CLIMATE RECORD PERIOD 1888 TO 2017

WEATHER         OBSERVED          NORMAL  DEPART
                 VALUE   DATE(S)  VALUE   FROM
                                          NORMAL
................................................
TEMPERATURE (F)
RECORD
 HIGH             104   06/20/2017
                        06/16/1940
                        06/25/2015
 LOW               25   06/06/1954
HIGHEST           104R  06/20       104       0
LOWEST             40   06/13        25      15
AVG. MAXIMUM     88.1              83.3     4.8
AVG. MINIMUM     56.9              52.0     4.9
MEAN             72.5              67.7     4.8
DAYS MAX >= 90     16               7.8     8.2
DAYS MAX <= 32      0               0.0     0.0
DAYS MIN <= 32      0               0.0     0.0
DAYS MIN <= 0       0               0.0     0.0

PRECIPITATION (INCHES)
RECORD
 MAXIMUM         1.94   1920
 MINIMUM         0.00   1994
TOTALS           0.12              0.51   -0.39
DAILY AVG.       0.00              0.02   -0.02
DAYS >= .01         3               3.7    -0.7
DAYS >= .10         0               1.7    -1.7
DAYS >= .50         0               0.1    -0.1
DAYS >= 1.00        0               0.0     0.0
GREATEST
 24 HR. TOTAL    0.06   06/12 TO 06/12
 STORM TOTAL       MM
 (MM/DD(HH))            MM

SNOWFALL (INCHES)
RECORDS
 TOTAL            0.2   5
                        0
 24 HR TOTAL       MM
TOTALS            0.0                 T     0.0
 LIQUID EQUIV    0.00                MM      MM
SINCE 7/1        27.0              21.8     5.2
 LIQUID 7/1      2.70
DAYS >= TRACE       0               0.0     0.0
DAYS >= 1.0         0               0.0     0.0
GREATEST
 SNOW DEPTH         0   MM
 24 HR TOTAL      0.0   06/30 TO 06/30
 STORM TOTAL       MM
 (MM/DD(HH))            MM

DEGREE_DAYS
HEATING TOTAL      45                56     -11
 SINCE 7/1       4446              4924    -478
COOLING TOTAL     277               136     141
 SINCE 1/1        331               173     158

FREEZE DATES
RECORD
 EARLIEST     08/23/1973
 LATEST       06/27/1974
EARLIEST      11/16             10/03
LATEST        04/15             05/21
.................................................

WIND (MPH)
AVERAGE WIND SPEED              7.3
HIGHEST WIND SPEED/DIRECTION    41/210    DATE  06/08
HIGHEST GUST SPEED/DIRECTION    51/200    DATE  06/08

AVERAGE RH (PERCENT)     34

WEATHER CONDITIONS. NUMBER OF DAYS WITH
THUNDERSTORM              0     MIXED PRECIP               0
HEAVY RAIN                0     RAIN                       0
LIGHT RAIN                4     FREEZING RAIN              0
LT FREEZING RAIN          0     HAIL                       0
HEAVY SNOW                0     SNOW                       0
LIGHT SNOW                0     SLEET                      0
FOG                       0     FOG W/VIS <= 1/4 MILE      0
HAZE                      1

-  INDICATES NEGATIVE NUMBERS.
R  INDICATES RECORD WAS SET OR TIED.
MM INDICATES DATA IS MISSING.
T  INDICATES TRACE AMOUNT.

$$
