000
CXUS55 KREV 010906
CLMRNO

CLIMATE REPORT
NATIONAL WEATHER SERVICE RENO NV
148 AM PDT MON AUG 1 2016

...................................

...THE RENO TAHOE AIRPORT NV CLIMATE SUMMARY FOR THE MONTH OF JULY
2016...

THE AVERAGE TEMPERATURE FOR JULY 2016 AT THE RENO TAHOE
INTERNATIONAL AIRPORT WAS 76.3 DEGREES WHICH IS 1.4 DEGREES ABOVE
NORMAL. THE HIGHEST TEMPERATURE FOR JULY WAS 103 DEGREES WHICH
OCCURRED ON BOTH THE 27TH AND 29TH. THE LOWEST TEMPERATURE FOR THE
MONTH WAS 50 DEGREES WHICH WAS RECORDED ON THE 11TH.

FOR JULY 2016 NO PRECIPITATION WAS RECORDED AT THE RENO TAHOE
INTERNATIONAL AIRPORT. THIS IS 0.18 INCHES BELOW NORMAL.

THE AVERAGE WIND SPEED FOR THE MONTH WAS 7.8 MPH. THE PEAK WIND GUST
FOR THE MONTH WAS 41 MPH FROM THE SOUTH-SOUTHWEST WHICH OCCURRED ON
THE 9TH.

CLIMATE NORMAL PERIOD 1981 TO 2010
CLIMATE RECORD PERIOD 1888 TO 2016

WEATHER         OBSERVED          NORMAL  DEPART
                 VALUE   DATE(S)  VALUE   FROM
                                          NORMAL
................................................
TEMPERATURE (F)
RECORD
 HIGH             108   07/05/2007
                        07/11/2002
                        07/10/2002
 LOW               33   07/11/1974
                        07/10/1965
                        07/11/1960
HIGHEST           103   07/29       104      -1
                        07/27
LOWEST             50   07/11        33      17
AVG. MAXIMUM     93.7              92.2     1.5
AVG. MINIMUM     59.0              57.7     1.3
MEAN             76.3              74.9     1.4
DAYS MAX >= 90     24              21.0     3.0
DAYS MAX <= 32      0               0.0     0.0
DAYS MIN <= 32      0               0.0     0.0
DAYS MIN <= 0       0               0.0     0.0

PRECIPITATION (INCHES)
RECORD
 MAXIMUM         1.75   1913
 MINIMUM         0.00   2000
TOTALS           0.00R             0.18   -0.18
DAILY AVG.       0.00              0.01   -0.01
DAYS >= .01         0               1.6    -1.6
DAYS >= .10         0               0.5    -0.5
DAYS >= .50         0               0.1    -0.1
DAYS >= 1.00        0               0.0     0.0
GREATEST
 24 HR. TOTAL    0.00   07/31 TO 07/31
                        07/30 TO 07/30
                        07/29 TO 07/29
 STORM TOTAL       MM
 (MM/DD(HH))            MM

SNOWFALL (INCHES)
RECORDS
 TOTAL            0.0   5
                        0
 24 HR TOTAL       MM
TOTALS            0.0               0.0     0.0
 LIQUID EQUIV    0.00              0.00    0.00
SINCE 7/1         0.0               0.0     0.0
 LIQUID 7/1      0.00
DAYS >= TRACE       0               0.0     0.0
DAYS >= 1.0         0               0.0     0.0
GREATEST
 SNOW DEPTH         0   MM
 24 HR TOTAL      0.0   07/31 TO 07/31
 STORM TOTAL       MM
 (MM/DD(HH))            MM

DEGREE_DAYS
HEATING TOTAL       0                 5      -5
 SINCE 7/1          0                 5      -5
COOLING TOTAL     359               314      45
 SINCE 1/1        651               487     164

FREEZE DATES
RECORD
 EARLIEST     08/23/1973
 LATEST       06/27/1974
EARLIEST                        10/03
LATEST                          05/21
.................................................

WIND (MPH)
AVERAGE WIND SPEED              7.8
HIGHEST WIND SPEED/DIRECTION    31/210    DATE  07/09
HIGHEST GUST SPEED/DIRECTION    41/220    DATE  07/09

AVERAGE RH (PERCENT)     25

WEATHER CONDITIONS. NUMBER OF DAYS WITH
THUNDERSTORM              0     MIXED PRECIP               0
HEAVY RAIN                0     RAIN                       0
LIGHT RAIN                0     FREEZING RAIN              0
LT FREEZING RAIN          0     HAIL                       0
HEAVY SNOW                0     SNOW                       0
LIGHT SNOW                0     SLEET                      0
FOG                       0     FOG W/VIS <= 1/4 MILE      0
HAZE                      0

-  INDICATES NEGATIVE NUMBERS.
R  INDICATES RECORD WAS SET OR TIED.
MM INDICATES DATA IS MISSING.
T  INDICATES TRACE AMOUNT.

$$
