000
CXUS55 KREV 010908
CLMRNO

CLIMATE REPORT
NATIONAL WEATHER SERVICE RENO NV
201 AM PDT MON SEP 1 2014

...................................

...THE RENO TAHOE AIRPORT NV CLIMATE SUMMARY FOR THE MONTH OF AUGUST 2014...

THE AVERAGE TEMPERATURE FOR AUGUST 2014 AT THE RENO TAHOE AIRPORT
WAS 73.9 DEGREES WHICH IS 0.7 DEGREE ABOVE NORMAL.  THE HIGHEST
TEMPERATURE FOR AUGUST WAS 99 DEGREES WHICH OCCURRED ON THE 2ND.
THE LOWEST TEMPERATURE FOR THE MONTH WAS 53 DEGREES WHICH WAS
RECORDED ON THE 24TH.

FOR AUGUST 2014 A TOTAL OF 1.08 INCHES OF PRECIPITATION WAS RECORDED
AT THE RENO TAHOE INTERNATIONAL AIRPORT.  THIS IS 0.85 INCH ABOVE
NORMAL.

THE AVERAGE WIND SPEED FOR THE MONTH WAS 6.4 MPH.  THE PEAK WIND
GUST FOR THE MONTH WAS 49 MPH FROM THE SOUTH WHICH OCCURRED ON THE
13TH.

CLIMATE NORMAL PERIOD 1981 TO 2010
CLIMATE RECORD PERIOD 1888 TO 2014

WEATHER         OBSERVED          NORMAL  DEPART
                 VALUE   DATE(S)  VALUE   FROM
                                          NORMAL
................................................
TEMPERATURE (F)
RECORD
 HIGH             105   08/06/1983
                        08/11/1940
 LOW               24   08/29/1962
HIGHEST            99   08/02       105      -6
LOWEST             53   08/24        24      29
AVG. MAXIMUM     88.7              90.6    -1.9
AVG. MINIMUM     59.1              55.8     3.3
MEAN             73.9              73.2     0.7
DAYS MAX >= 90     18              18.0     0.0
DAYS MAX <= 32      0               0.0     0.0
DAYS MIN <= 32      0               0.0     0.0
DAYS MIN <= 0       0               0.0     0.0

PRECIPITATION (INCHES)
RECORD
 MAXIMUM         1.65   1965
 MINIMUM         0.00   1994
TOTALS           1.08              0.23    0.85
DAILY AVG.       0.03              0.01    0.02
DAYS >= .01         3               1.8     1.2
DAYS >= .10         2               0.7     1.3
DAYS >= .50         1               0.1     0.9
DAYS >= 1.00        0               0.0     0.0
GREATEST
 24 HR. TOTAL    0.88   08/04 TO 08/05
 STORM TOTAL       MM
 (MM/DD(HH))            MM

SNOWFALL (INCHES)
RECORDS
 TOTAL              T   2013
 24 HR TOTAL       MM
TOTALS            0.0               0.0     0.0
 LIQUID EQUIV    0.00              0.00    0.00
SINCE 7/1         0.0               0.0     0.0
 LIQUID 7/1      0.00
DAYS >= TRACE       0               0.0     0.0
DAYS >= 1.0         0               0.0     0.0
GREATEST
 SNOW DEPTH         0   MM
 24 HR TOTAL      0.0   08/31 TO 08/31
 STORM TOTAL       MM
 (MM/DD(HH))            MM

DEGREE_DAYS
HEATING TOTAL       4                 5      -1
 SINCE 7/1          4                10      -6
COOLING TOTAL     287               259      28
 SINCE 1/1       1036               746     290

FREEZE DATES
RECORD
 EARLIEST     08/23/1973
 LATEST       06/27/1974
EARLIEST                        10/03
LATEST                          05/21
.................................................

WIND (MPH)
AVERAGE WIND SPEED              6.4
HIGHEST WIND SPEED/DIRECTION    37/190    DATE  08/13
HIGHEST GUST SPEED/DIRECTION    49/180    DATE  08/13

AVERAGE RH (PERCENT)     38

WEATHER CONDITIONS. NUMBER OF DAYS WITH
THUNDERSTORM              4     MIXED PRECIP               0
HEAVY RAIN                1     RAIN                       3
LIGHT RAIN                5     FREEZING RAIN              0
LT FREEZING RAIN          0     HAIL                       0
HEAVY SNOW                0     SNOW                       0
LIGHT SNOW                0     SLEET                      0
FOG                       3     FOG W/VIS <= 1/4 MILE      0
HAZE                      1

-  INDICATES NEGATIVE NUMBERS.
R  INDICATES RECORD WAS SET OR TIED.
MM INDICATES DATA IS MISSING.
T  INDICATES TRACE AMOUNT.

$$
