000
CXUS55 KREV 010856
CLMRNO

CLIMATE REPORT
NATIONAL WEATHER SERVICE RENO NV
143 AM PDT FRI JUL 1 2016

...................................

...THE RENO TAHOE AIRPORT NV CLIMATE SUMMARY FOR THE MONTH OF JUNE
2016...

THE AVERAGE TEMPERATURE FOR JUNE 2016 AT THE RENO TAHOE
INTERNATIONAL AIRPORT WAS 73.0 DEGREES WHICH IS 5.3 DEGREES ABOVE
NORMAL. THE HIGHEST TEMPERATURE FOR JUNE WAS 101 DEGREES WHICH
OCCURRED ON THE 28TH. THE LOWEST TEMPERATURE FOR THE MONTH WAS 43
DEGREES WHICH WAS RECORDED ON THE 16TH.

FOR JUNE 2016 ONLY A TRACE OF PRECIPITATION WAS RECORDED AT THE RENO
TAHOE INTERNATIONAL AIRPORT. THIS IS 0.51 INCHES BELOW NORMAL.

NO SNOWFALL WAS REPORTED AT THE RENO TAHOE INTERNATIONAL AIRPORT IN
JUNE.

THE AVERAGE WIND SPEED FOR THE MONTH WAS 7.8 MPH. THE PEAK WIND GUST
FOR THE MONTH WAS 43 MPH FROM THE SOUTH WHICH OCCURRED ON THE 10TH.

CLIMATE NORMAL PERIOD 1981 TO 2010
CLIMATE RECORD PERIOD 1888 TO 2016

WEATHER         OBSERVED          NORMAL  DEPART
                 VALUE   DATE(S)  VALUE   FROM
                                          NORMAL
................................................
TEMPERATURE (F)
RECORD
 HIGH             104   06/16/1940
 LOW               25   06/06/1954
HIGHEST           101   06/28       104      -3
LOWEST             43   06/16        25      18
AVG. MAXIMUM     89.4              83.3     6.1
AVG. MINIMUM     56.6              52.0     4.6
MEAN             73.0              67.7     5.3
DAYS MAX >= 90     19               7.8    11.2
DAYS MAX <= 32      0               0.0     0.0
DAYS MIN <= 32      0               0.0     0.0
DAYS MIN <= 0       0               0.0     0.0

PRECIPITATION (INCHES)
RECORD
 MAXIMUM         1.94   1920
 MINIMUM         0.00   1994
TOTALS              T              0.51   -0.51
DAILY AVG.          T              0.02   -0.02
DAYS >= .01         0               3.7    -3.7
DAYS >= .10         0               1.7    -1.7
DAYS >= .50         0               0.1    -0.1
DAYS >= 1.00        0               0.0     0.0
GREATEST
 24 HR. TOTAL       T   06/11 TO 06/11
                        06/05 TO 06/05
 STORM TOTAL       MM
 (MM/DD(HH))            MM

SNOWFALL (INCHES)
RECORDS
 TOTAL            0.2   5
                        0
 24 HR TOTAL       MM
TOTALS            0.0                 T     0.0
 LIQUID EQUIV    0.00                MM      MM
SINCE 7/1        31.1              21.8     9.3
 LIQUID 7/1      3.11
DAYS >= TRACE       0               0.0     0.0
DAYS >= 1.0         0               0.0     0.0
GREATEST
 SNOW DEPTH         0   MM
 24 HR TOTAL      0.0   06/30 TO 06/30
 STORM TOTAL       MM
 (MM/DD(HH))            MM

DEGREE_DAYS
HEATING TOTAL      15                56     -41
 SINCE 7/1       4332              4924    -592
COOLING TOTAL     264               136     128
 SINCE 1/1        292               173     119

FREEZE DATES
RECORD
 EARLIEST     08/23/1973
 LATEST       06/27/1974
EARLIEST      11/04             10/03
LATEST        03/31             05/21
.................................................

WIND (MPH)
AVERAGE WIND SPEED              7.8
HIGHEST WIND SPEED/DIRECTION    33/190    DATE  06/15
HIGHEST GUST SPEED/DIRECTION    43/200    DATE  06/10

AVERAGE RH (PERCENT)     28

WEATHER CONDITIONS. NUMBER OF DAYS WITH
THUNDERSTORM              0     MIXED PRECIP               0
HEAVY RAIN                0     RAIN                       0
LIGHT RAIN                1     FREEZING RAIN              0
LT FREEZING RAIN          0     HAIL                       0
HEAVY SNOW                0     SNOW                       0
LIGHT SNOW                0     SLEET                      0
FOG                       0     FOG W/VIS <= 1/4 MILE      0
HAZE                      0

-  INDICATES NEGATIVE NUMBERS.
R  INDICATES RECORD WAS SET OR TIED.
MM INDICATES DATA IS MISSING.
T  INDICATES TRACE AMOUNT.

$$
