000
CXUS51 KRNK 011134
CLMROA

CLIMATE REPORT
NATIONAL WEATHER SERVICE BLACKSBURG VA
734 AM EDT SAT AUG 1 2015

...................................

...THE ROANOKE VA CLIMATE SUMMARY FOR THE MONTH OF JULY 2015...

CLIMATE NORMAL PERIOD 1981 TO 2010
CLIMATE RECORD PERIOD 1912 TO 2015

WEATHER         OBSERVED          NORMAL  DEPART  LAST YEAR`S
                 VALUE   DATE(S)  VALUE   FROM    VALUE
                                          NORMAL
.............................................................
TEMPERATURE (F)
RECORD
 HIGH             105   07/10/1936
 LOW               47   07/02/1988
HIGHEST            94   07/30                         96
LOWEST             61   07/01                         53
AVG. MAXIMUM     86.2              87.0    -0.8     84.5
AVG. MINIMUM     68.5              66.3     2.2     64.6
MEAN             77.4              76.7     0.7     74.6
DAYS MAX >= 90      7               9.7    -2.7        8
DAYS MAX <= 32      0               0.0     0.0        0
DAYS MIN <= 32      0               0.0     0.0        0
DAYS MIN <= 0       0               0.0     0.0        0

PRECIPITATION (INCHES)
RECORD
 MAXIMUM        12.73   2013
 MINIMUM         0.45   1975
TOTALS           4.29              4.04    0.25     3.40
DAILY AVG.       0.14              0.13    0.01     0.11
DAYS >= .01        12              11.8     0.2       13
DAYS >= .10         7               7.3    -0.3        9
DAYS >= .50         3               2.8     0.2        3
DAYS >= 1.00        2               1.0     1.0        0
GREATEST
 24 HR. TOTAL    1.83                               1.29

SNOWFALL (INCHES)
TOTALS            0.0                                0.0
DAYS >= TRACE       0                                  0
DAYS >= 1.0         0                                  0
GREATEST
 24 HR TOTAL      0.0                                0.0

DEGREE_DAYS
HEATING TOTAL       0                 0       0        0
COOLING TOTAL     392               361      31      304
..............................................................

WIND (MPH)
AVERAGE WIND SPEED              5.8
HIGHEST WIND SPEED/DIRECTION    35/300    DATE  07/14
HIGHEST GUST SPEED/DIRECTION    44/310    DATE  07/14

SKY COVER
AVERAGE SKY COVER           0.50

AVERAGE RH (PERCENT)     72

WEATHER CONDITIONS. NUMBER OF DAYS WITH
THUNDERSTORM              4     MIXED PRECIP               0
HEAVY RAIN                3     RAIN                       6
LIGHT RAIN               18     FREEZING RAIN              0
LT FREEZING RAIN          0     HAIL                       0
HEAVY SNOW                0     SNOW                       0
LIGHT SNOW                0     SLEET                      0
FOG                      12     FOG W/VIS <= 1/4 MILE      0
HAZE                      3

-  INDICATES NEGATIVE NUMBERS.
R  INDICATES RECORD WAS SET OR TIED.
MM INDICATES DATA IS MISSING.
T  INDICATES TRACE AMOUNT.

$$

PW
