000
CXUS55 KABQ 012001
CLMROW


CLIMATE REPORT
NATIONAL WEATHER SERVICE ALBUQUERQUE NM
200 PM MDT FRI JUL 1 2016

...................................

...THE ROSWELL NM CLIMATE SUMMARY FOR THE MONTH OF JUNE 2016...

CLIMATE NORMAL PERIOD 1981 TO 2010
CLIMATE RECORD PERIOD 1893 TO 2016

WEATHER         OBSERVED          NORMAL  DEPART  LAST YEAR`S
                 VALUE   DATE(S)  VALUE   FROM    VALUE  DATE(S)
                                          NORMAL
................................................................
TEMPERATURE (F)
RECORD
 HIGH             114   06/27/1994
 LOW               47   06/02/1992
                        06/01/1964
HIGHEST           107   06/15        MM      MM      100  06/11
LOWEST             55   06/02        MM      MM       55  06/03
AVG. MAXIMUM     97.4              93.2     4.2     93.0
AVG. MINIMUM     64.0              63.2     0.8     63.5
MEAN             80.7              78.2     2.5     78.3
DAYS MAX >= 90     28              20.8     7.2       23
DAYS MAX <= 32      0               0.0     0.0        0
DAYS MIN <= 32      0               0.0     0.0        0
DAYS MIN <= 0       0               0.0     0.0        0

PRECIPITATION (INCHES)
RECORD
 MAXIMUM           MM   MM
 MINIMUM           MM   MM
TOTALS           0.53              1.73   -1.20     2.90
DAILY AVG.       0.02              0.06   -0.04     0.10
DAYS >= .01         6               5.3     0.7        6
DAYS >= .10         2               3.0    -1.0        5
DAYS >= .50         0               1.2    -1.2        2
DAYS >= 1.00        0               0.5    -0.5        1
GREATEST
 24 HR. TOTAL    0.25   06/23 TO 06/23              1.40
                        06/22 TO 06/23
                        06/23 TO 06/23

SNOWFALL (INCHES)
RECORDS
 TOTAL             MM   MM
TOTALS            0.0               0.0     0.0      0.0
SINCE 7/1        17.8              11.9     5.9     16.2
SNOWDEPTH AVG.      0                MM      MM        0
DAYS >= 1.0         0               0.0     0.0        0
GREATEST
 SNOW DEPTH         0   MM                             0  MM
 24 HR TOTAL      0.0   06/30 TO 06/30               0.0

DEGREE_DAYS
HEATING TOTAL       0                 1      -1        0
 SINCE 7/1       3037              3288    -251     3233
COOLING TOTAL     478               397      81      408
 SINCE 1/1        656               622      34      515
.................................................................

WIND (MPH)
AVERAGE WIND SPEED              8.6
HIGHEST WIND SPEED/DIRECTION    37/320    DATE  06/12
HIGHEST GUST SPEED/DIRECTION    45/320    DATE  06/12

SKY COVER
AVERAGE SKY COVER           0.10

AVERAGE RH (PERCENT)     41

WEATHER CONDITIONS. NUMBER OF DAYS WITH
THUNDERSTORM              0     MIXED PRECIP               0
HEAVY RAIN                0     RAIN                       2
LIGHT RAIN               12     FREEZING RAIN              0
LT FREEZING RAIN          0     HAIL                       0
HEAVY SNOW                0     SNOW                       0
LIGHT SNOW                0     SLEET                      0
FOG                       1     FOG W/VIS <= 1/4 MILE      0
HAZE                      1

-  INDICATES NEGATIVE NUMBERS.
R  INDICATES RECORD WAS SET OR TIED.
MM INDICATES DATA IS MISSING.
T  INDICATES TRACE AMOUNT.

$$
