711
CXUS55 KABQ 011802
CLMROW

ABQCLMROW 000
TTAA00 KABQ 011750


CLIMATE REPORT
NATIONAL WEATHER SERVICE ALBUQUERQUE NM
1202 PM MDT SUN MAY 1 2016

...................................

...THE ROSWELL NM CLIMATE SUMMARY FOR THE MONTH OF APRIL 2016...

CLIMATE NORMAL PERIOD 1981 TO 2010
CLIMATE RECORD PERIOD 1893 TO 2016

WEATHER         OBSERVED          NORMAL  DEPART  LAST YEAR`S
                 VALUE   DATE(S)  VALUE   FROM    VALUE  DATE(S)
                                          NORMAL
................................................................
TEMPERATURE (F)
RECORD
 HIGH             102   04/25/2012
 LOW               23   04/08/1973
HIGHEST            90   04/05        MM      MM       89  04/07
LOWEST             31   04/02        MM      MM       36  04/18
AVG. MAXIMUM     77.8              76.8     1.0     77.3
AVG. MINIMUM     43.7              44.7    -1.0     44.2
MEAN             60.8              60.8     0.0     60.7
DAYS MAX >= 90      1               1.3    -0.3        0
DAYS MAX <= 32      0               0.0     0.0        0
DAYS MIN <= 32      2               1.6     0.4        0
DAYS MIN <= 0       0               0.0     0.0        0

PRECIPITATION (INCHES)
RECORD
 MAXIMUM           MM   MM
 MINIMUM           MM   MM
TOTALS           0.77              0.61    0.16     1.74
DAILY AVG.       0.03              0.02    0.01     0.06
DAYS >= .01         3               2.9     0.1        3
DAYS >= .10         2               1.5     0.5        2
DAYS >= .50         0               0.2    -0.2        1
DAYS >= 1.00        0               0.1    -0.1        1
GREATEST
 24 HR. TOTAL    0.42   04/01 TO 04/01              1.70

SNOWFALL (INCHES)
RECORDS
 TOTAL             MM   MM
TOTALS              T               0.3    -0.3      0.0
SINCE 7/1        17.8              11.9     5.9     16.2
SNOWDEPTH AVG.      0                MM      MM        0
DAYS >= 1.0         0               0.1    -0.1        0
GREATEST
 SNOW DEPTH         0   MM                             0  MM
 24 HR TOTAL        T   04/01 TO 04/01               0.0

DEGREE_DAYS
HEATING TOTAL     137               164     -27      132
 SINCE 7/1       2975              3258    -283     3207
COOLING TOTAL      20                37     -17       13
 SINCE 1/1         20                40     -20       16
.................................................................

WIND (MPH)
AVERAGE WIND SPEED              9.4
HIGHEST WIND SPEED/DIRECTION    35/260    DATE  04/26
HIGHEST GUST SPEED/DIRECTION    46/230    DATE  04/25

SKY COVER
AVERAGE SKY COVER           0.10

AVERAGE RH (PERCENT)     44

WEATHER CONDITIONS. NUMBER OF DAYS WITH
THUNDERSTORM              0     MIXED PRECIP               0
HEAVY RAIN                0     RAIN                       3
LIGHT RAIN                6     FREEZING RAIN              0
LT FREEZING RAIN          0     HAIL                       0
HEAVY SNOW                0     SNOW                       0
LIGHT SNOW                1     SLEET                      0
FOG                       4     FOG W/VIS <= 1/4 MILE      1
HAZE                      0

-  INDICATES NEGATIVE NUMBERS.
R  INDICATES RECORD WAS SET OR TIED.
MM INDICATES DATA IS MISSING.
T  INDICATES TRACE AMOUNT.

$$
