000
CXUS55 KABQ 011742
CLMROW

ABQCLMROW 000
TTAA00 KABQ 011118


CLIMATE REPORT
NATIONAL WEATHER SERVICE ALBUQUERQUE NM
515 AM MDT WED NOV 1 2017

...................................

...THE ROSWELL NM CLIMATE SUMMARY FOR THE MONTH OF OCTOBER 2017...

CLIMATE NORMAL PERIOD 1981 TO 2010
CLIMATE RECORD PERIOD 1893 TO 2017

WEATHER         OBSERVED          NORMAL  DEPART  LAST YEAR`S
                 VALUE   DATE(S)  VALUE   FROM    VALUE  DATE(S)
                                          NORMAL
................................................................
TEMPERATURE (F)
RECORD
 HIGH              97   10/17/2016
 LOW               14   10/31/1991
HIGHEST            92   10/06        MM      MM       97  10/17
LOWEST             32   10/29        MM      MM       36  10/21
                        09/9999
                        09/9999
AVG. MAXIMUM     77.1              75.7     1.4     84.0
AVG. MINIMUM     47.6              46.5     1.1     48.3
MEAN             62.4              61.1     1.3     66.1
DAYS MAX >= 90      2               1.0     1.0        7
DAYS MAX <= 32      0               0.0     0.0        0
DAYS MIN <= 32      1               0.7     0.3        0
DAYS MIN <= 0       0               0.0     0.0        0

PRECIPITATION (INCHES)
RECORD
 MAXIMUM           MM   MM
 MINIMUM           MM   MM
TOTALS           1.64              1.23    0.41     0.46
DAILY AVG.       0.05              0.04    0.01     0.01
DAYS >= .01         5               5.0     0.0        3
DAYS >= .10         2               2.5    -0.5        2
DAYS >= .50         1               0.8     0.2        0
DAYS >= 1.00        1               0.2     0.8        0
GREATEST
 24 HR. TOTAL    1.15   10/05 TO 10/05              0.26

SNOWFALL (INCHES)
RECORDS
 TOTAL             MM   MM
TOTALS            0.0               0.1    -0.1      0.0
SINCE 7/1         0.0               0.1    -0.1      0.0
SNOWDEPTH AVG.      0                MM      MM        0
DAYS >= 1.0         0               0.0     0.0        0
GREATEST
 SNOW DEPTH         0   MM                             0  MM
 24 HR TOTAL      0.0   10/31 TO 10/31               0.0

DEGREE_DAYS
HEATING TOTAL     158               158       0       35
 SINCE 7/1        164               174     -10       37
COOLING TOTAL      82                37      45       78
 SINCE 1/1       2166              1788     378     2064
.................................................................

WIND (MPH)
AVERAGE WIND SPEED              7.9
HIGHEST WIND SPEED/DIRECTION    33/010    DATE  10/14
HIGHEST GUST SPEED/DIRECTION    44/020    DATE  10/14

SKY COVER
AVERAGE SKY COVER           0.20

AVERAGE RH (PERCENT)     58

WEATHER CONDITIONS. NUMBER OF DAYS WITH
THUNDERSTORM              0     MIXED PRECIP               0
HEAVY RAIN                2     RAIN                       1
LIGHT RAIN                8     FREEZING RAIN              0
LT FREEZING RAIN          0     HAIL                       0
HEAVY SNOW                0     SNOW                       0
LIGHT SNOW                0     SLEET                      0
FOG                       8     FOG W/VIS <= 1/4 MILE      1
HAZE                      0

-  INDICATES NEGATIVE NUMBERS.
R  INDICATES RECORD WAS SET OR TIED.
MM INDICATES DATA IS MISSING.
T  INDICATES TRACE AMOUNT.

$$
