000
CXUS55 KABQ 011422
CLMROW


CLIMATE REPORT
NATIONAL WEATHER SERVICE ALBUQUERQUE NM
659 AM MST MON JAN 1 2018

...................................

...THE ROSWELL NM CLIMATE SUMMARY FOR THE MONTH OF DECEMBER 2017...

CLIMATE NORMAL PERIOD 1981 TO 2010
CLIMATE RECORD PERIOD 1893 TO 2017

WEATHER         OBSERVED          NORMAL  DEPART  LAST YEAR`S
                 VALUE   DATE(S)  VALUE   FROM    VALUE  DATE(S)
                                          NORMAL
................................................................
TEMPERATURE (F)
RECORD
 HIGH              84   12/04/1958
 LOW               -8   12/09/1978
HIGHEST            79   12/03        MM      MM       76  12/16
LOWEST             13   12/16        MM      MM        6  12/18
AVG. MAXIMUM     59.4              54.6     4.8     56.7
AVG. MINIMUM     26.3              26.1     0.2     25.5
MEAN             42.8              40.4     2.4     41.1
DAYS MAX >= 90      0               0.0     0.0        0
DAYS MAX <= 32      1               1.3    -0.3        2
DAYS MIN <= 32     24              24.2    -0.2       27
DAYS MIN <= 0       0               0.1    -0.1        0

PRECIPITATION (INCHES)
RECORD
 MAXIMUM           MM   MM
 MINIMUM           MM   MM
TOTALS              T              0.64   -0.64     0.30
DAILY AVG.          T              0.02   -0.02     0.01
DAYS >= .01         0               3.9    -3.9        3
DAYS >= .10         0               1.8    -1.8        2
DAYS >= .50         0               0.4    -0.4        0
DAYS >= 1.00        0               0.0     0.0        0
GREATEST
 24 HR. TOTAL       T   12/18 TO 12/18              0.18
                        12/06 TO 12/06
                        12/05 TO 12/05

SNOWFALL (INCHES)
RECORDS
 TOTAL             MM   MM
TOTALS            0.0               3.7    -3.7        T
SINCE 7/1         0.0               5.1    -5.1        T
SNOWDEPTH AVG.      0                MM      MM        0
DAYS >= 1.0         0               1.1    -1.1        0
GREATEST
 SNOW DEPTH         0   MM                             0  MM
 24 HR TOTAL      0.0   12/31 TO 12/31                 T

DEGREE_DAYS
HEATING TOTAL     679               764     -85      732
 SINCE 7/1       1129              1410    -281     1118
COOLING TOTAL       0                 0       0        0
 SINCE 1/1       2172              1789     383     2066
.................................................................

WIND (MPH)
AVERAGE WIND SPEED              6.3
HIGHEST WIND SPEED/DIRECTION    29/210    DATE  12/21
HIGHEST GUST SPEED/DIRECTION    36/220    DATE  12/21

SKY COVER
AVERAGE SKY COVER           0.10

AVERAGE RH (PERCENT)     46

WEATHER CONDITIONS. NUMBER OF DAYS WITH
THUNDERSTORM              0     MIXED PRECIP               0
HEAVY RAIN                0     RAIN                       0
LIGHT RAIN                2     FREEZING RAIN              0
LT FREEZING RAIN          0     HAIL                       0
HEAVY SNOW                0     SNOW                       0
LIGHT SNOW                0     SLEET                      0
FOG                       4     FOG W/VIS <= 1/4 MILE      2
HAZE                      3

-  INDICATES NEGATIVE NUMBERS.
R  INDICATES RECORD WAS SET OR TIED.
MM INDICATES DATA IS MISSING.
T  INDICATES TRACE AMOUNT.

$$
