871
CXUS55 KABQ 012342
CLMROW


CLIMATE REPORT
NATIONAL WEATHER SERVICE ALBUQUERQUE NM
539 PM MDT MON MAY 1 2017

...................................

...THE ROSWELL NM CLIMATE SUMMARY FOR THE MONTH OF APRIL 2017...

CLIMATE NORMAL PERIOD 1981 TO 2010
CLIMATE RECORD PERIOD 1893 TO 2017

WEATHER         OBSERVED          NORMAL  DEPART  LAST YEAR`S
                 VALUE   DATE(S)  VALUE   FROM    VALUE  DATE(S)
                                          NORMAL
................................................................
TEMPERATURE (F)
RECORD
 HIGH             102   04/25/2012
 LOW               23   04/08/1973
HIGHEST            93   04/24        MM      MM       90  04/05
                        04/08
LOWEST             33   04/30        MM      MM       31  04/02
AVG. MAXIMUM     79.9              76.8     3.1     77.8
AVG. MINIMUM     47.1              44.7     2.4     43.7
MEAN             63.5              60.8     2.7     60.8
DAYS MAX >= 90      6               1.3     4.7        1
DAYS MAX <= 32      0               0.0     0.0        0
DAYS MIN <= 32      0               1.6    -1.6        2
DAYS MIN <= 0       0               0.0     0.0        0

PRECIPITATION (INCHES)
RECORD
 MAXIMUM           MM   MM
 MINIMUM           MM   MM
TOTALS           1.45              0.61    0.84     0.77
DAILY AVG.       0.05              0.02    0.03     0.03
DAYS >= .01         2               2.9    -0.9        3
DAYS >= .10         2               1.5     0.5        2
DAYS >= .50         1               0.2     0.8        0
DAYS >= 1.00        1               0.1     0.9        0
GREATEST
 24 HR. TOTAL    1.21   04/12 TO 04/12              0.42

SNOWFALL (INCHES)
RECORDS
 TOTAL             MM   MM
TOTALS            0.0               0.3    -0.3        T
SINCE 7/1         2.5              11.9    -9.4     17.8
SNOWDEPTH AVG.      0                MM      MM        0
DAYS >= 1.0         0               0.1    -0.1        0
GREATEST
 SNOW DEPTH         0   MM                             0  MM
 24 HR TOTAL      0.0   04/30 TO 04/30                 T

DEGREE_DAYS
HEATING TOTAL     112               164     -52      137
 SINCE 7/1       2432              3258    -826     2975
COOLING TOTAL      74                37      37       20
 SINCE 1/1        108                40      68       20
.................................................................

WIND (MPH)
AVERAGE WIND SPEED              10.7
HIGHEST WIND SPEED/DIRECTION    51/290    DATE  04/04
HIGHEST GUST SPEED/DIRECTION    61/300    DATE  04/04

SKY COVER
AVERAGE SKY COVER           0.20

AVERAGE RH (PERCENT)     42

WEATHER CONDITIONS. NUMBER OF DAYS WITH
THUNDERSTORM              0     MIXED PRECIP               0
HEAVY RAIN                1     RAIN                       2
LIGHT RAIN                3     FREEZING RAIN              0
LT FREEZING RAIN          0     HAIL                       0
HEAVY SNOW                0     SNOW                       0
LIGHT SNOW                0     SLEET                      0
FOG                       3     FOG W/VIS <= 1/4 MILE      1
HAZE                      3

-  INDICATES NEGATIVE NUMBERS.
R  INDICATES RECORD WAS SET OR TIED.
MM INDICATES DATA IS MISSING.
T  INDICATES TRACE AMOUNT.

$$
