000
CXUS55 KABQ 011553
CLMROW

ABQCLMROW 000
TTAA00 KABQ 011541


CLIMATE REPORT
NATIONAL WEATHER SERVICE ALBUQUERQUE NM
953 AM MDT TUE SEP 1 2015

...................................

...THE ROSWELL NM CLIMATE SUMMARY FOR THE MONTH OF AUGUST 2015...

CLIMATE NORMAL PERIOD 1981 TO 2010
CLIMATE RECORD PERIOD 1893 TO 2015

WEATHER         OBSERVED          NORMAL  DEPART  LAST YEAR`S
                 VALUE   DATE(S)  VALUE   FROM    VALUE  DATE(S)
                                          NORMAL
................................................................
TEMPERATURE (F)
RECORD
 HIGH             107   08/06/2015
                        08/09/2011
                        08/08/2011
 LOW               54   08/26/2010
                        08/08/1990
                        08/23/1910
HIGHEST           107R  08/06        MM      MM      102  08/31
LOWEST             60   08/30        MM      MM       62  08/31
                                                          08/24
AVG. MAXIMUM     97.8              91.7     6.1     92.0
AVG. MINIMUM     67.3              65.8     1.5     66.7
MEAN             82.5              78.7     3.8     79.4
DAYS MAX >= 90     29              21.1     7.9       24
DAYS MAX <= 32      0               0.0     0.0        0
DAYS MIN <= 32      0               0.0     0.0        0
DAYS MIN <= 0       0               0.0     0.0        0

PRECIPITATION (INCHES)
RECORD
 MAXIMUM           MM   MM
 MINIMUM           MM   MM
TOTALS           0.84              1.97   -1.13     2.53
DAILY AVG.       0.03              0.06   -0.03     0.08
DAYS >= .01         8               8.1    -0.1        8
DAYS >= .10         1               4.1    -3.1        5
DAYS >= .50         1               1.2    -0.2        1
DAYS >= 1.00        0               0.4    -0.4        1
GREATEST
 24 HR. TOTAL    0.57   08/08 TO 08/09              1.92

SNOWFALL (INCHES)
RECORDS
 TOTAL             MM   MM
TOTALS            0.0               0.0     0.0      0.0
SINCE 7/1         0.0               0.0     0.0      0.0
SNOWDEPTH AVG.      0                MM      MM        0
DAYS >= 1.0         0               0.0     0.0        0
GREATEST
 SNOW DEPTH         0   MM                             0  MM
 24 HR TOTAL      0.0   08/31 TO 08/31               0.0

DEGREE_DAYS
HEATING TOTAL       0                 0       0        0
 SINCE 7/1          0                 0       0        0
COOLING TOTAL     550               426     124      453
 SINCE 1/1       1612              1524      88     1685
.................................................................

WIND (MPH)
AVERAGE WIND SPEED              7.7
HIGHEST WIND SPEED/DIRECTION    47/260    DATE  08/09
HIGHEST GUST SPEED/DIRECTION    58/260    DATE  08/09

SKY COVER
AVERAGE SKY COVER           0.10

AVERAGE RH (PERCENT)     48

WEATHER CONDITIONS. NUMBER OF DAYS WITH
THUNDERSTORM              0     MIXED PRECIP               0
HEAVY RAIN                1     RAIN                       2
LIGHT RAIN               11     FREEZING RAIN              0
LT FREEZING RAIN          0     HAIL                       0
HEAVY SNOW                0     SNOW                       0
LIGHT SNOW                0     SLEET                      0
FOG                       1     FOG W/VIS <= 1/4 MILE      0
HAZE                      1

-  INDICATES NEGATIVE NUMBERS.
R  INDICATES RECORD WAS SET OR TIED.
MM INDICATES DATA IS MISSING.
T  INDICATES TRACE AMOUNT.

$$
