000
CXUS55 KABQ 011318
CLMROW

ABQCLMROW 000
TTAA00 KABQ 011317


CLIMATE REPORT
NATIONAL WEATHER SERVICE ALBUQUERQUE NM
718 AM MDT TUE NOV 1 2016

...................................

...THE ROSWELL NM CLIMATE SUMMARY FOR THE MONTH OF OCTOBER 2016...

CLIMATE NORMAL PERIOD 1981 TO 2010
CLIMATE RECORD PERIOD 1893 TO 2016

WEATHER         OBSERVED          NORMAL  DEPART  LAST YEAR`S
                 VALUE   DATE(S)  VALUE   FROM    VALUE  DATE(S)
                                          NORMAL
................................................................
TEMPERATURE (F)
RECORD
 HIGH              97   10/17/2016
 LOW               14   10/31/1991
HIGHEST            97R  10/17        MM      MM       96  10/01
LOWEST             36   10/21        MM      MM       41  10/27
AVG. MAXIMUM     84.0              75.7     8.3     76.3
AVG. MINIMUM     48.3              46.5     1.8     51.6
MEAN             66.1              61.1     5.0     64.0
DAYS MAX >= 90      7               1.0     6.0        5
DAYS MAX <= 32      0               0.0     0.0        0
DAYS MIN <= 32      0               0.7    -0.7        0
DAYS MIN <= 0       0               0.0     0.0        0

PRECIPITATION (INCHES)
RECORD
 MAXIMUM           MM   MM
 MINIMUM           MM   MM
TOTALS           0.46              1.23   -0.77     4.63
DAILY AVG.       0.01              0.04   -0.03     0.15
DAYS >= .01         3               5.0    -2.0        9
DAYS >= .10         2               2.5    -0.5        8
DAYS >= .50         0               0.8    -0.8        4
DAYS >= 1.00        0               0.2    -0.2        1
GREATEST
 24 HR. TOTAL    0.26   10/08 TO 10/09              1.88

SNOWFALL (INCHES)
RECORDS
 TOTAL             MM   MM
TOTALS            0.0               0.1    -0.1      0.0
SINCE 7/1         0.0               0.1    -0.1      0.0
SNOWDEPTH AVG.      0                MM      MM        0
DAYS >= 1.0         0               0.0     0.0        0
GREATEST
 SNOW DEPTH         0   MM                             0  MM
 24 HR TOTAL      0.0   10/31 TO 10/31               0.0

DEGREE_DAYS
HEATING TOTAL      35               158    -123       92
 SINCE 7/1         37               174    -137       92
COOLING TOTAL      78                37      41       69
 SINCE 1/1       2064              1788     276     2085
.................................................................

WIND (MPH)
AVERAGE WIND SPEED              6.6
HIGHEST WIND SPEED/DIRECTION    26/220    DATE  10/03
HIGHEST GUST SPEED/DIRECTION    34/230    DATE  10/03

SKY COVER
AVERAGE SKY COVER           0.10

AVERAGE RH (PERCENT)     49

WEATHER CONDITIONS. NUMBER OF DAYS WITH
THUNDERSTORM              0     MIXED PRECIP               0
HEAVY RAIN                2     RAIN                       3
LIGHT RAIN                4     FREEZING RAIN              0
LT FREEZING RAIN          0     HAIL                       0
HEAVY SNOW                0     SNOW                       0
LIGHT SNOW                0     SLEET                      0
FOG                       4     FOG W/VIS <= 1/4 MILE      0
HAZE                      1

-  INDICATES NEGATIVE NUMBERS.
R  INDICATES RECORD WAS SET OR TIED.
MM INDICATES DATA IS MISSING.
T  INDICATES TRACE AMOUNT.

$$
