000
CXUS55 KABQ 011704
CLMROW

ABQCLMROW 000
TTAA00 KABQ 011604


CLIMATE REPORT
NATIONAL WEATHER SERVICE ALBUQUERQUE NM
1004 AM MST SUN JAN 1 2017

...................................

...THE ROSWELL NM CLIMATE SUMMARY FOR THE MONTH OF DECEMBER 2016...

CLIMATE NORMAL PERIOD 1981 TO 2010
CLIMATE RECORD PERIOD 1893 TO 2016

WEATHER         OBSERVED          NORMAL  DEPART  LAST YEAR`S
                 VALUE   DATE(S)  VALUE   FROM    VALUE  DATE(S)
                                          NORMAL
................................................................
TEMPERATURE (F)
RECORD
 HIGH              84   12/04/1958
 LOW               -8   12/09/1978
HIGHEST            76   12/16        MM      MM       78  12/10
LOWEST              6   12/18        MM      MM        4  12/29
AVG. MAXIMUM     56.7              54.6     2.1     58.4
AVG. MINIMUM     25.5              26.1    -0.6     24.6
MEAN             41.1              40.4     0.7     41.5
DAYS MAX >= 90      0               0.0     0.0        0
DAYS MAX <= 32      2               1.3     0.7        4
DAYS MIN <= 32     27              24.2     2.8       27
DAYS MIN <= 0       0               0.1    -0.1        0

PRECIPITATION (INCHES)
RECORD
 MAXIMUM           MM   MM
 MINIMUM           MM   MM
TOTALS           0.30              0.64   -0.34     0.62
DAILY AVG.       0.01              0.02   -0.01     0.02
DAYS >= .01         3               3.9    -0.9        5
DAYS >= .10         2               1.8     0.2        3
DAYS >= .50         0               0.4    -0.4        0
DAYS >= 1.00        0               0.0     0.0        0
GREATEST
 24 HR. TOTAL    0.18   12/02 TO 12/03              0.44

SNOWFALL (INCHES)
RECORDS
 TOTAL             MM   MM
TOTALS              T               3.7    -3.7     16.8
SINCE 7/1           T               5.1    -5.1     16.8
SNOWDEPTH AVG.      0                MM      MM        2
DAYS >= 1.0         0               1.1    -1.1        3
GREATEST
 SNOW DEPTH         0   MM                            15  12/28
 24 HR TOTAL        T   12/03 TO 12/03              12.4

DEGREE_DAYS
HEATING TOTAL     732               764     -32      724
 SINCE 7/1       1118              1410    -292     1292
COOLING TOTAL       0                 0       0        0
 SINCE 1/1       2066              1789     277     2085
.................................................................

WIND (MPH)
AVERAGE WIND SPEED              6.7
HIGHEST WIND SPEED/DIRECTION    46/260    DATE  12/16
HIGHEST GUST SPEED/DIRECTION    62/260    DATE  12/16

SKY COVER
AVERAGE SKY COVER           0.20

AVERAGE RH (PERCENT)     58

WEATHER CONDITIONS. NUMBER OF DAYS WITH
THUNDERSTORM              0     MIXED PRECIP               0
HEAVY RAIN                0     RAIN                       1
LIGHT RAIN                4     FREEZING RAIN              0
LT FREEZING RAIN          0     HAIL                       0
HEAVY SNOW                0     SNOW                       0
LIGHT SNOW                1     SLEET                      0
FOG                       9     FOG W/VIS <= 1/4 MILE      2
HAZE                      4

-  INDICATES NEGATIVE NUMBERS.
R  INDICATES RECORD WAS SET OR TIED.
MM INDICATES DATA IS MISSING.
T  INDICATES TRACE AMOUNT.

$$
