000
CXUS55 KCYS 101856
CLMRWL


CLIMATE REPORT
NATIONAL WEATHER SERVICE CHEYENNE WY
1256 PM MDT TUE MAY 10 2016

...................................

...THE RAWLINS WY AIRPORT CLIMATE SUMMARY FOR THE MONTH OF APRIL 2016...

CLIMATE NORMAL PERIOD 1981 TO 2010
CLIMATE RECORD PERIOD 1951 TO 2016

WEATHER         OBSERVED          NORMAL  DEPART  LAST YEAR`S
                 VALUE   DATE(S)  VALUE   FROM    VALUE
                                          NORMAL
.............................................................
TEMPERATURE (F)
RECORD
 HIGH              79   04/24/2012
 LOW               -8   04/20/1966
HIGHEST            73   04/22        MM      MM       72
LOWEST             22   04/01        MM      MM        7
AVG. MAXIMUM     52.3              53.4    -1.1     54.9
AVG. MINIMUM     30.1              26.8     3.3     28.7
MEAN             41.2              40.1     1.1     41.8
DAYS MAX >= 90      0               0.0                0
DAYS MAX <= 32      0               1.1                0
DAYS MIN <= 32     20              22.1               21
DAYS MIN <= 0       0               0.1                0

PRECIPITATION (INCHES)
RECORD
 MAXIMUM         3.92   2009
 MINIMUM         0.01   2011
TOTALS           2.53              1.05    1.48     0.89
DAYS >= .01        14               9.0     5.0       12
DAYS >= .10         9               3.4     5.6        4
DAYS >= .50         0               0.4    -0.4        0
DAYS >= 1.00        0               0.1    -0.1        0
GREATEST
 24 HR. TOTAL    0.65   04/25 TO 04/26

DEGREE_DAYS
HEATING TOTAL     705               747     -42      689
 SINCE 7/1       7101              7719    -618     6748
COOLING TOTAL       0                 0       0        0
 SINCE 1/1          0                 0       0        0
..............................................................

WIND (MPH)
AVERAGE WIND SPEED              11.7
HIGHEST WIND SPEED/DIRECTION    43/280    DATE  04/14
HIGHEST GUST SPEED/DIRECTION    53/290    DATE  04/14

SKY COVER
POSSIBLE SUNSHINE (PERCENT)   MM
AVERAGE SKY COVER           0.50
NUMBER OF DAYS FAIR           11
NUMBER OF DAYS PC             10
NUMBER OF DAYS CLOUDY          9

AVERAGE RH (PERCENT)     63

WEATHER CONDITIONS. NUMBER OF DAYS WITH
THUNDERSTORM              0     MIXED PRECIP               0
HEAVY RAIN                0     RAIN                       2
LIGHT RAIN                9     FREEZING RAIN              0
LT FREEZING RAIN          0     HAIL                       0
HEAVY SNOW                2     SNOW                       6
LIGHT SNOW               14     SLEET                      1
FOG                      14     FOG W/VIS <= 1/4 MILE      4
HAZE                      2

-  INDICATES NEGATIVE NUMBERS.
R  INDICATES RECORD WAS SET OR TIED.
MM INDICATES DATA IS MISSING.
T  INDICATES TRACE AMOUNT.

$$
