000
CXUS55 KCYS 031854
CLMRWL


CLIMATE REPORT
NATIONAL WEATHER SERVICE CHEYENNE WY
1254 PM MDT THU JUL 3 2014

...................................

...THE RAWLINS WY AIRPORT CLIMATE SUMMARY FOR THE MONTH OF JUNE 2014...

CLIMATE NORMAL PERIOD 1981 TO 2010
CLIMATE RECORD PERIOD 1951 TO 2014

WEATHER         OBSERVED          NORMAL  DEPART  LAST YEAR`S
                 VALUE   DATE(S)  VALUE   FROM    VALUE
                                          NORMAL
.............................................................
TEMPERATURE (F)
RECORD
 HIGH              97   06/25/2012
                        06/23/1954
                        08/05/1979
 LOW               21   06/03/1951
HIGHEST            87   06/26        MM      MM       94
                        06/25
LOWEST             29   06/09        MM      MM       30
AVG. MAXIMUM     76.1              75.3     0.8     82.1
AVG. MINIMUM     42.5              43.3    -0.8     43.8
MEAN             59.3              59.3     0.0     63.0
DAYS MAX >= 90      0               0.5                4
DAYS MAX <= 32      0               0.0                0
DAYS MIN <= 32      1               1.1                2
DAYS MIN <= 0       0               0.0                0

PRECIPITATION (INCHES)
RECORD
 MAXIMUM         2.46   2010
 MINIMUM         0.00   1981
TOTALS           0.30              1.03   -0.73     0.03
DAYS >= .01         4               7.0    -3.0        2
DAYS >= .10         1               3.0    -2.0        0
DAYS >= .50         0               0.6    -0.6        0
DAYS >= 1.00        0               0.0     0.0        0
GREATEST
 24 HR. TOTAL    0.13   06/08 TO 06/08

DEGREE_DAYS
HEATING TOTAL     172               190     -18      101
 SINCE 7/1       8007              8393    -386     8000
COOLING TOTAL      11                19      -8       47
 SINCE 1/1         13                19      -6       48
..............................................................

WIND (MPH)
AVERAGE WIND SPEED              12.4
HIGHEST WIND SPEED/DIRECTION    43/250    DATE  06/10
HIGHEST GUST SPEED/DIRECTION    56/250    DATE  06/10

SKY COVER
POSSIBLE SUNSHINE (PERCENT)   MM
AVERAGE SKY COVER           0.20
NUMBER OF DAYS FAIR           25
NUMBER OF DAYS PC              5
NUMBER OF DAYS CLOUDY          0

AVERAGE RH (PERCENT)     44

WEATHER CONDITIONS. NUMBER OF DAYS WITH
THUNDERSTORM              0     MIXED PRECIP               0
HEAVY RAIN                1     RAIN                       2
LIGHT RAIN                8     FREEZING RAIN              0
LT FREEZING RAIN          0     HAIL                       0
HEAVY SNOW                0     SNOW                       0
LIGHT SNOW                0     SLEET                      0
FOG                       3     FOG W/VIS <= 1/4 MILE      0
HAZE                      2

-  INDICATES NEGATIVE NUMBERS.
R  INDICATES RECORD WAS SET OR TIED.
MM INDICATES DATA IS MISSING.
T  INDICATES TRACE AMOUNT.

$$
