704
CXUS56 KSTO 040025
CLMSAC

CLIMATE REPORT
NATIONAL WEATHER SERVICE SACRAMENTO, CA
523 PM PDT FRI NOV 3 2017

...................................

...THE SACRAMENTO EXEC. AIRPORT CA CLIMATE SUMMARY FOR THE MONTH OF OCTOBER 2017...

CLIMATE NORMAL PERIOD 1981 TO 2010
CLIMATE RECORD PERIOD 1930 TO 2017

WEATHER         OBSERVED          NORMAL  DEPART  LAST YEAR`S
                 VALUE   DATE(S)  VALUE   FROM    VALUE
                                          NORMAL
.............................................................
TEMPERATURE (F)
RECORD
 HIGH             104   10/02/2001
 LOW               30   10/30/1935
HIGHEST            88   10/26        MM      MM
                        10/25
                        10/24
LOWEST             41   10/13        MM      MM
AVG. MAXIMUM     79.9              77.6     2.3
AVG. MINIMUM     48.0              50.2    -2.2
MEAN             64.0              63.9     0.1
DAYS MAX >= 90      0               2.1    -2.1
DAYS MAX <= 32      0               0.0     0.0
DAYS MIN <= 32      0               0.0     0.0
DAYS MIN <= 0       0               0.0     0.0

PRECIPITATION (INCHES)
RECORD
 MAXIMUM         7.51   1962
 MINIMUM         0.00   2013
                        1966
TOTALS           0.15              0.95   -0.80     4.72
DAYS >= .01         2
DAYS >= .10         1
DAYS >= .50         0
DAYS >= 1.00        0

SNOWFALL (INCHES)
RECORDS
 TOTAL             MM   MM
 24 HR TOTAL       MM
TOTALS            0.0               0.0     0.0
 LIQUID EQUIV    0.00              0.00    0.00
SINCE 7/1         0.0               0.0     0.0
 LIQUID 7/1      0.00
DAYS >= TRACE       0               0.0     0.0
DAYS >= 1.0         0               0.0     0.0
GREATEST
 SNOW DEPTH         0   MM
 24 HR TOTAL      0.0   10/31 TO 10/31
 STORM TOTAL       MM
 (MM/DD(HH))            MM

DEGREE_DAYS
HEATING TOTAL      66                88     -22
 SINCE 7/1         70                98     -28
COOLING TOTAL      41                53     -12
 SINCE 1/1       1537              1177     360

FREEZE DATES
RECORD
 EARLIEST     MM
 LATEST       MM
EARLIEST                        MM
LATEST                          MM
..............................................................

WIND (MPH)
AVERAGE WIND SPEED              5.0
HIGHEST WIND SPEED/DIRECTION    31/270    DATE  10/19
HIGHEST GUST SPEED/DIRECTION    38/340    DATE  10/08

SKY COVER
POSSIBLE SUNSHINE (PERCENT)   MM
AVERAGE SKY COVER           0.00
NUMBER OF DAYS FAIR           30
NUMBER OF DAYS PC              1
NUMBER OF DAYS CLOUDY          0

AVERAGE RH (PERCENT)     55

WEATHER CONDITIONS. NUMBER OF DAYS WITH
THUNDERSTORM              0     MIXED PRECIP               0
HEAVY RAIN                1     RAIN                       2
LIGHT RAIN                1     FREEZING RAIN              0
LT FREEZING RAIN          0     HAIL                       0
HEAVY SNOW                0     SNOW                       0
LIGHT SNOW                0     SLEET                      0
FOG                       9     FOG W/VIS <= 1/4 MILE      0
HAZE                     12

-  INDICATES NEGATIVE NUMBERS.
R  INDICATES RECORD WAS SET OR TIED.
MM INDICATES DATA IS MISSING.
T  INDICATES TRACE AMOUNT.

$$
STOCLMSAC 000
TTAA00 KSTO 020149


CLIMATE REPORT
NATIONAL WEATHER SERVICE SACRAMENTO, CA
549 PM PST SUN JAN 1 2017

...................................

...THE SACRAMENTO EXEC. AIRPORT CA CLIMATE SUMMARY FOR THE YEAR OF 2016...

CLIMATE NORMAL PERIOD 1981 TO 2010
CLIMATE RECORD PERIOD 1930 TO 2016

WEATHER         OBSERVED          NORMAL  DEPART  LAST YEAR`S
                 VALUE   DATE(S)  VALUE   FROM    VALUE  DATE(S)
                                          NORMAL
................................................................
TEMPERATURE (F)
RECORD
 HIGH             115   06/15/1961
 LOW               18   12/22/1990
HIGHEST           104   07/27        MM      MM       MM  MM
                        07/26
                        06/27
LOWEST             27   12/25        MM      MM       MM  MM
AVG. MAXIMUM     75.3              73.6     1.7       MM
AVG. MINIMUM     50.0              48.4     1.6       MM
MEAN             62.6              61.0     1.6       MM
DAYS MAX >= 90     76              66.4     9.6       MM
DAYS MAX <= 32      0               0.0     0.0       MM
DAYS MIN <= 32     13              13.1    -0.1       MM
DAYS MIN <= 0       0               0.0     0.0       MM

PRECIPITATION (INCHES)
RECORD
 MAXIMUM        18.73   2012
 MINIMUM        11.06   2010
TOTALS          22.20R            18.52    3.68       MM
DAILY AVG.          T              0.05   -0.05       MM
DAYS >= .01        67              60.1     6.9       MM
DAYS >= .10        47              38.0     9.0       MM
DAYS >= .50        14              12.9     1.1       MM
DAYS >= 1.00        5               3.3     1.7       MM
GREATEST
 24 HR. TOTAL    2.12   MM                            MM
 STORM TOTAL       MM                                 MM
 (MM/DD(HH))            MM                                MM

SNOWFALL (INCHES)
RECORDS
 TOTAL             MM   MM
 24 HR TOTAL       MM
 SNOW DEPTH        MM   MM
TOTALS            0.0               0.0     0.0       MM
 LIQUID EQUIV    0.00              0.00    0.00       MM
SINCE 7/1         0.0               0.0     0.0       MM
 LIQUID 7/1      0.00              0.00    0.00       MM
SNOWDEPTH AVG.      0                MM      MM       MM
DAYS >= TRACE       0               0.0     0.0       MM
DAYS >= 1.0         0               0.0     0.0       MM
GREATEST
 SNOW DEPTH         0   MM                            MM  MM
 24 HR TOTAL      0.0   MM                            MM
 STORM TOTAL       MM                                 MM
 (MM/DD(HH))            MM                                MM

DEGREE_DAYS
HEATING TOTAL    2078              2618    -540       MM
 SINCE 7/1        983              1034     -51       MM
COOLING TOTAL    1295              1178     117       MM
 SINCE 1/1       1295              1178     117       MM

FREEZE DATES
RECORD
 EARLIEST     MM
 LATEST       MM
EARLIEST                        MM
LATEST                          MM
.................................................................

WIND (MPH)
AVERAGE WIND SPEED              5.6
RESULTANT WIND SPEED/DIRECTION   3/210
HIGHEST WIND SPEED/DIRECTION    31/340    DATE  04/30
HIGHEST GUST SPEED/DIRECTION    44/320    DATE  01/31



-  INDICATES NEGATIVE NUMBERS.
R  INDICATES RECORD WAS SET OR TIED.
MM INDICATES DATA IS MISSING.
T  INDICATES TRACE AMOUNT.

$$
