000
CXUS56 KSGX 011433
CLMSAN


CLIMATE REPORT
NATIONAL WEATHER SERVICE SAN DIEGO, CA
732 AM PDT SAT APR 1 2017

...................................

...THE SAN DIEGO/LINDBERGH FIELD CA CLIMATE SUMMARY FOR THE MONTH OF MARCH 2017...

CLIMATE NORMAL PERIOD 1981 TO 2010
CLIMATE RECORD PERIOD 1874 TO 2017

WEATHER         OBSERVED          NORMAL  DEPART  LAST YEAR`S
                 VALUE   DATE(S)  VALUE   FROM    VALUE  DATE(S)
                                          NORMAL
................................................................
TEMPERATURE (F)
RECORD
 HIGH              99   03/29/1879
 LOW               36   03/05/1894
HIGHEST            80   03/14        66      14       76  03/24
LOWEST             48   03/07        53      -5       48  03/08
                        03/01
AVG. MAXIMUM     70.1              65.6     4.5     68.7
AVG. MINIMUM     55.4              53.2     2.2     56.6
MEAN             62.7              59.4     3.3     62.7
DAYS MAX >= 90      0               0.1    -0.1        0
DAYS MAX <= 32      0               0.0     0.0        0
DAYS MAX >= 100     0                                  0
DAYS MIN <= 32      0               0.0     0.0        0

PRECIPITATION (INCHES)
RECORD
 MAXIMUM         7.88   1867
 MINIMUM         0.00   1997
                        1865
                        1857
TOTALS           0.08              1.81   -1.73     0.76
DAILY AVG.       0.00              0.06   -0.06     0.02
DAYS >= .01         2               6.5    -4.5        5
DAYS >= .10         0               3.4    -3.4        3
DAYS >= .50         0               1.3    -1.3        0
DAYS >= 1.00        0               0.4    -0.4        0
DAYS >= 1.50        0                                  0
DAYS >= 2.00        0                                  0
GREATEST
 24 HR. TOTAL    0.07   03/22 TO 03/22           03/07 TO 03/07
                                                          03/31 TO 03/31
                                                          03/31 TO 03/31
 STORM TOTAL       MM                                 MM
 (MM/DD(HH))            MM                    03/07(00) TO 03/07(00)
                                                 03/31(00) TO 03/31(00)1
                                                 03/31(00) TO 03/31(00)1

DEGREE_DAYS
HEATING TOTAL      76               178    -102       69
 SINCE 7/1        668              1036    -368      609
COOLING TOTAL      11                 5       6        5
 SINCE 1/1         11                10       1       50

FREEZE DATES
RECORD
 EARLIEST     MM
 LATEST       MM
EARLIEST                        MM
LATEST                          MM
..................................................

WIND (MPH)
AVERAGE WIND SPEED              5.3
RESULTANT WIND SPEED/DIRECTION   3/291
HIGHEST WIND SPEED/DIRECTION    21/340    DATE  03/31
HIGHEST GUST SPEED/DIRECTION    29/340    DATE  03/31

SKY COVER
POSSIBLE SUNSHINE (PERCENT)   MM
AVERAGE SKY COVER           0.50
NUMBER OF DAYS FAIR            9
NUMBER OF DAYS PC             19
NUMBER OF DAYS CLOUDY          3

AVERAGE RH (PERCENT)     62

WEATHER CONDITIONS. NUMBER OF DAYS WITH
THUNDERSTORM              0     MIXED PRECIP               0
HEAVY RAIN                0     RAIN                       0
LIGHT RAIN                3     FREEZING RAIN              0
LT FREEZING RAIN          0     HAIL                       0
HEAVY SNOW                0     SNOW                       0
LIGHT SNOW                0     SLEET                      0
FOG                      12     FOG W/VIS <= 1/4 MILE      5
HAZE                     10

-  INDICATES NEGATIVE NUMBERS.
R  INDICATES RECORD WAS SET OR TIED.
MM INDICATES DATA IS MISSING.
T  INDICATES TRACE AMOUNT.

$$
