000
CXUS56 KSGX 011601
CLMSAN


CLIMATE REPORT
NATIONAL WEATHER SERVICE SAN DIEGO, CA
800 AM PST WED FEB 1 2017

...................................

...THE SAN DIEGO/LINDBERGH FIELD CA CLIMATE SUMMARY FOR THE MONTH OF JANUARY 2017...

CLIMATE NORMAL PERIOD 1981 TO 2010
CLIMATE RECORD PERIOD 1874 TO 2017

WEATHER         OBSERVED          NORMAL  DEPART  LAST YEAR`S
                 VALUE   DATE(S)  VALUE   FROM    VALUE  DATE(S)
                                          NORMAL
................................................................
TEMPERATURE (F)
RECORD
 HIGH              88   01/10/1953
 LOW               25   01/07/1913
HIGHEST            77   01/30        66      11       72  01/28
                                                          01/26
LOWEST             44   01/28        49      -5       44  01/01
                        01/27
                        01/26
AVG. MAXIMUM     64.4              65.1    -0.7     65.5
AVG. MINIMUM     51.4              49.0     2.4     51.6
MEAN             57.9              57.1     0.8     58.5
DAYS MAX >= 90      0               0.0     0.0        0
DAYS MAX <= 32      0               0.0     0.0        0
DAYS MAX >= 100     0                                  0
DAYS MIN <= 32      0               0.0     0.0        0

PRECIPITATION (INCHES)
RECORD
 MAXIMUM         9.09   1993
 MINIMUM         0.00   1859
                        1850
TOTALS           3.01              1.98    1.03     3.21
DAILY AVG.       0.10              0.06    0.04     0.10
DAYS >= .01        11               6.7     4.3        9
DAYS >= .10         8               4.1     3.9        5
DAYS >= .50         1               1.4    -0.4        3
DAYS >= 1.00        1               0.4     0.6        1
DAYS >= 1.50        0                                  1
DAYS >= 2.00        0                                  0
GREATEST
 24 HR. TOTAL    1.11   01/20 TO 01/20           01/04 TO 01/05
                                                          01/31 TO 01/31
                                                          01/31 TO 01/31
 STORM TOTAL       MM                                 MM
 (MM/DD(HH))            MM                    01/05(00) TO 01/05(00)
                                                 01/31(00) TO 01/31(00)1
                                                 01/31(00) TO 01/31(00)1

DEGREE_DAYS
HEATING TOTAL     213               248     -35      193
 SINCE 7/1        448               655    -207      470
COOLING TOTAL       0                 2      -2        0
 SINCE 1/1          0                 0       0        0

FREEZE DATES
RECORD
 EARLIEST     MM
 LATEST       MM
EARLIEST                        MM
LATEST                          MM
..................................................

WIND (MPH)
AVERAGE WIND SPEED              5.2
RESULTANT WIND SPEED/DIRECTION   1/250
HIGHEST WIND SPEED/DIRECTION    37/170    DATE  01/20
HIGHEST GUST SPEED/DIRECTION    49/150    DATE  01/20

SKY COVER
POSSIBLE SUNSHINE (PERCENT)   MM
AVERAGE SKY COVER           0.60
NUMBER OF DAYS FAIR            7
NUMBER OF DAYS PC             14
NUMBER OF DAYS CLOUDY         10

AVERAGE RH (PERCENT)     65

WEATHER CONDITIONS. NUMBER OF DAYS WITH
THUNDERSTORM              0     MIXED PRECIP               0
HEAVY RAIN                2     RAIN                       7
LIGHT RAIN               14     FREEZING RAIN              0
LT FREEZING RAIN          0     HAIL                       0
HEAVY SNOW                0     SNOW                       0
LIGHT SNOW                0     SLEET                      0
FOG                       9     FOG W/VIS <= 1/4 MILE      1
HAZE                      5

-  INDICATES NEGATIVE NUMBERS.
R  INDICATES RECORD WAS SET OR TIED.
MM INDICATES DATA IS MISSING.
T  INDICATES TRACE AMOUNT.

$$
