000
CXUS56 KSGX 011429
CLMSAN


CLIMATE REPORT
NATIONAL WEATHER SERVICE SAN DIEGO, CA
729 AM PDT FRI AUG 1 2014

...................................

...THE SAN DIEGO/LINDBERGH FIELD CA CLIMATE SUMMARY FOR THE MONTH OF JULY 2014...

CLIMATE NORMAL PERIOD 1981 TO 2010
CLIMATE RECORD PERIOD 1850 TO 2014

WEATHER         OBSERVED          NORMAL  DEPART  LAST YEAR`S
                 VALUE   DATE(S)  VALUE   FROM    VALUE  DATE(S)
                                          NORMAL
................................................................
TEMPERATURE (F)
RECORD
 HIGH             100   07/30/1930
 LOW               54   07/16/1884
                        07/04/1880
HIGHEST            85   07/29        76       9       80  07/01
LOWEST             67   07/23        66       1       63  07/20
                        07/03
                        07/02
AVG. MAXIMUM     78.3              74.6     3.7     74.4
AVG. MINIMUM     69.0              65.4     3.6     66.2
MEAN             73.6              70.0     3.6     70.3
DAYS MAX >= 90      0               0.1    -0.1        0
DAYS MAX <= 32      0               0.0     0.0        0
DAYS MAX >= 100     0                                  0
DAYS MIN <= 32      0               0.0     0.0        0

PRECIPITATION (INCHES)
RECORD
 MAXIMUM         1.29   1865
 MINIMUM         0.00   2011
                        2009
                        2008
TOTALS              T              0.03   -0.03     0.05
DAILY AVG.          T              0.00    0.00     0.00
DAYS >= .01         0               0.7    -0.7        2
DAYS >= .10         0               0.1    -0.1        0
DAYS >= .50         0               0.0     0.0        0
DAYS >= 1.00        0               0.0     0.0        0
DAYS >= 1.50        0                                  0
DAYS >= 2.00        0                                  0
GREATEST
 24 HR. TOTAL       T   07/27 TO 07/27           07/23 TO 07/24
                        07/13 TO 07/14                    07/31 TO 07/31
                        07/14 TO 07/14                    07/31 TO 07/31
 STORM TOTAL       MM                                 MM
 (MM/DD(HH))            MM                    07/24(00) TO 07/24(00)
                                                 07/31(00) TO 07/31(00)1
                                                 07/31(00) TO 07/31(00)1

SNOWFALL (INCHES)
TOTALS            0.0               0.0     0.0      0.0
SINCE 7/1         0.0               0.0     0.0      0.0
SNOWDEPTH AVG.      0

DEGREE_DAYS
HEATING TOTAL       0                 1      -1        0
 SINCE 7/1          0                 1      -1        0
COOLING TOTAL     273               156     117      170
 SINCE 1/1        624               265     359      294

FREEZE DATES
RECORD
 EARLIEST     MM
 LATEST       MM
EARLIEST                        MM
LATEST                          MM
..................................................

WIND (MPH)
AVERAGE WIND SPEED              6.0
RESULTANT WIND SPEED/DIRECTION   4/291
HIGHEST WIND SPEED/DIRECTION    20/290    DATE  07/21
HIGHEST GUST SPEED/DIRECTION    24/290    DATE  07/21

SKY COVER
POSSIBLE SUNSHINE (PERCENT)   MM
AVERAGE SKY COVER           0.60
NUMBER OF DAYS FAIR            3
NUMBER OF DAYS PC             19
NUMBER OF DAYS CLOUDY          9

AVERAGE RH (PERCENT)     68

WEATHER CONDITIONS. NUMBER OF DAYS WITH
THUNDERSTORM              0     MIXED PRECIP               0
HEAVY RAIN                0     RAIN                       0
LIGHT RAIN                1     FREEZING RAIN              0
LT FREEZING RAIN          0     HAIL                       0
HEAVY SNOW                0     SNOW                       0
LIGHT SNOW                0     SLEET                      0
FOG                       1     FOG W/VIS <= 1/4 MILE      0
HAZE                      5

-  INDICATES NEGATIVE NUMBERS.
R  INDICATES RECORD WAS SET OR TIED.
MM INDICATES DATA IS MISSING.
T  INDICATES TRACE AMOUNT.

$$
