000
CXUS54 KEWX 011725
CLMSAT

CLIMATE REPORT
NATIONAL WEATHER SERVICE AUSTIN/SAN ANTONIO, TX
1223 PM CDT TUE AUG 1 2017

...................................

...THE SAN ANTONIO CLIMATE SUMMARY FOR THE MONTH OF JULY 2017...

CLIMATE NORMAL PERIOD 1981 TO 2010
CLIMATE RECORD PERIOD 1886 TO 2017

WEATHER         OBSERVED          NORMAL  DEPART  LAST YEAR`S
                 VALUE   DATE(S)  VALUE   FROM    VALUE  DATE(S)
                                          NORMAL
................................................................
TEMPERATURE (F)
HIGHEST           105   07/30                        100  07/15
                                                          07/14
                                                          07/04
LOWEST             72   07/16                         73  07/29
                                                          07/26
                                                          07/25
AVG. MAXIMUM     98.7              94.6     4.1     97.2
AVG. MINIMUM     76.5              74.6     1.9     76.7
MEAN             87.6              84.6     3.0     86.9
DAYS MAX >= 90     31                                 29
DAYS MAX <= 32      0                                  0
DAYS MIN <= 32      0                                  0
DAYS MIN <= 0       0                                  0

PRECIPITATION (INCHES)
TOTALS           0.16              2.74   -2.58     0.33
DAILY AVG.       0.01              0.09   -0.08     0.01
DAYS >= .01         5                                  3
DAYS >= .10         0                                  2
DAYS >= .50         0                                  0
DAYS >= 1.00        0                                  0
GREATEST
 24 HR. TOTAL    0.08   07/15 TO 07/15

SNOWFALL (INCHES)
TOTALS            0.0               0.0     0.0      0.0
SINCE 7/1         0.0               0.0     0.0      0.0

DEGREE_DAYS
HEATING TOTAL       0                 0       0        0
 SINCE 7/1          0                 0       0        0
COOLING TOTAL     705               608      97      689
 SINCE 1/1       2034              1760     274     1833
.................................................................

WIND (MPH)
AVERAGE WIND SPEED              9.7
HIGHEST WIND SPEED/DIRECTION    36/150    DATE  07/26
HIGHEST GUST SPEED/DIRECTION    46/140    DATE  07/26

SKY COVER
POSSIBLE SUNSHINE (PERCENT)   MM
AVERAGE SKY COVER           0.40
NUMBER OF DAYS FAIR            9
NUMBER OF DAYS PC             22
NUMBER OF DAYS CLOUDY          0

AVERAGE RH (PERCENT)     58

WEATHER CONDITIONS. NUMBER OF DAYS WITH
THUNDERSTORM              0     MIXED PRECIP               0
HEAVY RAIN                1     RAIN                       0
LIGHT RAIN                3     FREEZING RAIN              0
LT FREEZING RAIN          0     HAIL                       0
HEAVY SNOW                0     SNOW                       0
LIGHT SNOW                0     SLEET                      0
FOG                       0     FOG W/VIS <= 1/4 MILE      0
HAZE                      2

-  INDICATES NEGATIVE NUMBERS.
R  INDICATES RECORD WAS SET OR TIED.
MM INDICATES DATA IS MISSING.
T  INDICATES TRACE AMOUNT.

&&

MONTHLY CLIMATE SUMMARY:
JULY 2017 WAS THE 6TH WARMEST AND 20TH DRIEST JULY SINCE
RECORD KEEPING BEGAN.

SEA LEVEL PRESSURE DATA:
HIGHEST SLP 30.11 INCHES ON THE 20TH
LOWEST  SLP 29.78 INCHES ON THE 29TH

COMMENTS:
NONE

PRELIMINARY LOCAL CLIMATOLOGICAL DATA (WS FORM: F-6)

                                          STATION:   SAN ANTONIO
                                          MONTH:     JULY
                                          YEAR:      2017
                                          LATITUDE:   29 31 N
                                          LONGITUDE:  98 28 W

  TEMPERATURE IN F:       :PCPN:    SNOW:  WIND      :SUNSHINE: SKY     :PK WND
================================================================================
1   2   3   4   5  6A  6B    7    8   9   10  11  12  13   14  15   16   17  18
                                     12Z  AVG MX 2MIN
DY MAX MIN AVG DEP HDD CDD  WTR  SNW DPTH SPD SPD DIR MIN PSBL S-S WX    SPD DR
================================================================================

 1  97  79  88   4   0  23 0.00  0.0    0 13.6 23 140   M    M   7        29 140
 2  98  79  89   5   0  24 0.00  0.0    0 13.2 23 140   M    M   6        27 140
 3  98  77  88   4   0  23 0.00  0.0    0 12.3 25 140   M    M   5        30 140
 4  98  78  88   4   0  23 0.00  0.0    0 13.6 23 130   M    M   4        27 130
 5  96  78  87   3   0  22 0.00  0.0    0 10.4 24 130   M    M   5 8      29 140
 6  97  78  88   4   0  23 0.00  0.0    0  9.0 20 130   M    M   5        25 130
 7  97  76  87   3   0  22 0.00  0.0    0  8.0 21 120   M    M   4        25 150
 8  98  75  87   3   0  22 0.00  0.0    0  8.3 18 170   M    M   2        23 140
 9  98  76  87   3   0  22 0.00  0.0    0  8.3 21 150   M    M   3        25 150
10  98  76  87   3   0  22 0.00  0.0    0 11.5 23 160   M    M   2        28 160
11  99  75  87   3   0  22 0.00  0.0    0 12.6 25 150   M    M   4        31 150
12  92  78  85   1   0  20 0.02  0.0    0 10.7 21 160   M    M   7        31 140
13  95  75  85   1   0  20 0.03  0.0    0  7.9 26 200   M    M   7        36 210
14  98  76  87   3   0  22 0.00  0.0    0  7.2 17 150   M    M   6        20 160
15 101  74  88   4   0  23 0.08  0.0    0  6.0 25 310   M    M   5 3      32 330
16  98  72  85   0   0  20 0.02  0.0    0  5.9 21  80   M    M   4 3      26  70
17  96  76  86   1   0  21 0.00  0.0    0  8.5 21 130   M    M   7 3      26 100
18  97  76  87   2   0  22 0.00  0.0    0 10.2 21 150   M    M   5        26 150
19  98  76  87   2   0  22 0.00  0.0    0  9.1 20 110   M    M   4        24 110
20 100  76  88   3   0  23 0.00  0.0    0  8.9 25 130   M    M   2        31 130
21 100  76  88   3   0  23 0.00  0.0    0 10.5 22 150   M    M   2        27 150
22 100  75  88   3   0  23 0.00  0.0    0 10.4 24 130   M    M   3        29 130
23 101  77  89   4   0  24 0.00  0.0    0  8.9 30 340   M    M   4        36 340
24 100  78  89   4   0  24 0.00  0.0    0 11.1 24 130   M    M   5        28 140
25 100  77  89   4   0  24 0.00  0.0    0 13.3 25 150   M    M   6 8      31 140
26 101  76  89   4   0  24 0.00  0.0    0 10.9 36 150   M    M   3        46 140
27 100  74  87   2   0  22 0.00  0.0    0 11.3 23 160   M    M   2        27 150
28 101  76  89   4   0  24 0.00  0.0    0  9.0 20 150   M    M   3        24 150
29 104  76  90   5   0  25 0.00  0.0    0  6.1 17 150   M    M   5        21 150
30 105  79  92   7   0  27 0.00  0.0    0  6.3 20  40   M    M   5        24  10
31  98  80  89   3   0  24 0.01  0.0    0  8.1 15  90   M    M   7        22  70
================================================================================
SM 3059 2370         0 705  0.16     0.0 301.1          M      139
================================================================================
AV 98.7 76.5                               9.7 FASTST   M    M   4    MAX(MPH)
                                 MISC ---->  # 36 150               # 46  140
================================================================================
NOTES:
# LAST OF SEVERAL OCCURRENCES

COLUMN 17 PEAK WIND IN M.P.H.

SYMBOLS USED IN COLUMN 16
1 = FOG OR MIST
2 = FOG REDUCING VISIBILITY
3 = THUNDER
4 = ICE PELLETS
5 = HAIL
6 = FREEZING RAIN OR DRIZZLE
7 = DUSTSTORM OR SANDSTORM:
8 = SMOKE OR HAZE
9 = BLOWING SNOW
X = TORNADO

$$
