000
CXUS54 KEWX 011831
CLMSAT

CLIMATE REPORT
NATIONAL WEATHER SERVICE AUSTIN/SAN ANTONIO...TX
1231 PM CST MON FEB 1 2016

...................................

...THE SAN ANTONIO CLIMATE SUMMARY FOR THE MONTH OF JANUARY 2016...

CLIMATE NORMAL PERIOD 1981 TO 2010
CLIMATE RECORD PERIOD 1886 TO 2016

WEATHER         OBSERVED          NORMAL  DEPART  LAST YEAR`S
                 VALUE   DATE(S)  VALUE   FROM    VALUE  DATE(S)
                                          NORMAL
................................................................
TEMPERATURE (F)
HIGHEST            83   01/31                         82  01/27
                                                          01/20
LOWEST             30   01/23                         28  01/08
AVG. MAXIMUM     63.8              62.9     0.9     59.9
AVG. MINIMUM     39.9              40.7    -0.8     39.1
MEAN             51.8              51.8     0.0     49.5
DAYS MAX >= 90      0                                  0
DAYS MAX <= 32      0                                  0
DAYS MIN <= 32      2                                  2
DAYS MIN <= 0       0                                  0

PRECIPITATION (INCHES)
TOTALS           1.38              1.76   -0.38     3.67
DAILY AVG.       0.04              0.06   -0.02     0.12
DAYS >= .01         5                                  9
DAYS >= .10         3                                  7
DAYS >= .50         1                                  1
DAYS >= 1.00        0                                  1
GREATEST
 24 HR. TOTAL    0.86   01/02 TO 01/03

SNOWFALL (INCHES)
TOTALS            0.0               0.7    -0.7      0.0
SINCE 7/1         0.0               0.7    -0.7      0.0

DEGREE_DAYS
HEATING TOTAL     404               416     -12      475
 SINCE 7/1        762              1018    -256      978
COOLING TOTAL       3                 7      -4        0
 SINCE 1/1          3                 0       3        0
.................................................................

WIND (MPH)
AVERAGE WIND SPEED              6.5
HIGHEST WIND SPEED/DIRECTION    30/340    DATE  01/16
HIGHEST GUST SPEED/DIRECTION    43/350    DATE  01/16

SKY COVER
POSSIBLE SUNSHINE (PERCENT)   MM
AVERAGE SKY COVER           0.40
NUMBER OF DAYS FAIR           14
NUMBER OF DAYS PC             11
NUMBER OF DAYS CLOUDY          6

AVERAGE RH (PERCENT)     65

WEATHER CONDITIONS. NUMBER OF DAYS WITH
THUNDERSTORM              0     MIXED PRECIP               0
HEAVY RAIN                0     RAIN                       2
LIGHT RAIN                9     FREEZING RAIN              0
LT FREEZING RAIN          0     HAIL                       0
HEAVY SNOW                0     SNOW                       0
LIGHT SNOW                0     SLEET                      0
FOG                      13     FOG W/VIS <= 1/4 MILE      1
HAZE                      3

-  INDICATES NEGATIVE NUMBERS.
R  INDICATES RECORD WAS SET OR TIED.
MM INDICATES DATA IS MISSING.
T  INDICATES TRACE AMOUNT.

&&

MONTHLY CLIMATE SUMMARY
JANUARY 2016 WAS THE 61ST WARMEST AND 57TH WETTEST SINCE RECORD
KEEPING BEGAN.

SEA LEVEL PRESSURE DATA
HIGHEST SLP 30.48 INCHES ON 1ST
LOWEST  SLP 29.64 INCHES ON 8TH

PRELIMINARY LOCAL CLIMATOLOGICAL DATA (WS FORM: F-6)

                                          STATION:   SAN ANTONIO
                                          MONTH:     JANUARY
                                          YEAR:      2016
                                          LATITUDE:   29 31 N
                                          LONGITUDE:  98 28 W

  TEMPERATURE IN F:       :PCPN:    SNOW:  WIND      :SUNSHINE: SKY     :PK WND
================================================================================
1   2   3   4   5  6A  6B    7    8   9   10  11  12  13   14  15   16   17  18
                                     12Z  AVG MX 2MIN
DY MAX MIN AVG DEP HDD CDD  WTR  SNW DPTH SPD SPD DIR MIN PSBL S-S WX    SPD DR
================================================================================

 1  50  43  47  -4  18   0 0.16  0.0    0 10.4 20  20   M    M  10        26  10
 2  44  40  42  -9  23   0 0.82  0.0    0  4.0 10  20   M    M  10 1      14  20
 3  62  41  52   1  13   0 0.06  0.0    0  5.1 14 300   M    M   7        17 330
 4  61  36  49  -2  16   0 0.00  0.0    0  5.2 12 360   M    M   2        15  20
 5  56  39  48  -3  17   0    T  0.0    0  4.7 13  90   M    M   8 1      16  80
 6  54  48  51   0  14   0 0.06  0.0    0  4.5  9  70   M    M   9 138    12 100
 7  72  47  60   9   5   0 0.00  0.0    0  4.3 13 210   M    M   4 1      19 220
 8  67  42  55   4  10   0 0.00  0.0    0  5.5 21 300   M    M   4 18     26 310
 9  62  38  50  -1  15   0 0.00  0.0    0 12.8 23 340   M    M   2        29 340
10  54  34  44  -7  21   0 0.00  0.0    0  5.8 13 350   M    M   4        19 360
11  55  36  46  -5  19   0 0.00  0.0    0  3.5  8 160   M    M   7 8      10 100
12  66  33  50  -1  15   0 0.00  0.0    0  4.0 12 140   M    M   0        13 150
13  65  35  50  -2  15   0 0.00  0.0    0  5.9 15 170   M    M   2 1      17 180
14  69  48  59   7   6   0 0.00  0.0    0  5.2 16 230   M    M   7        19 230
15  74  44  59   7   6   0 0.00  0.0    0  4.9 12 350   M    M   1 1      16 270
16  69  40  55   3  10   0    T  0.0    0 10.2 30 340   M    M   3        43 350
17  56  33  45  -7  20   0 0.00  0.0    0  4.6 13 160   M    M   4        15 140
18  63  33  48  -4  17   0 0.00  0.0    0  5.0 12 150   M    M   3        14 130
19  69  39  54   2  11   0 0.00  0.0    0  6.6 20 170   M    M   4 1      24 150
20  60  48  54   2  11   0    T  0.0    0  5.3 12  30   M    M  10 1      15  20
21  69  44  57   5   8   0    T  0.0    0  9.9 29 320   M    M   5 12     39 340
22  60  36  48  -4  17   0 0.00  0.0    0  9.7 21 330   M    M   1        27 350
23  59  30  45  -7  20   0 0.00  0.0    0  5.2 10 170   M    M   1        14 170
24  69  35  52   0  13   0 0.00  0.0    0  8.6 22 170   M    M   4        28 170
25  73  53  63  11   2   0 0.00  0.0    0  4.7 12  30   M    M   7 1      17  30
26  58  44  51  -1  14   0 0.28  0.0    0 11.8 23  20   M    M  10 1      32  20
27  59  37  48  -4  17   0 0.00  0.0    0  8.3 17  10   M    M   5        23  10
28  70  31  51  -2  14   0 0.00  0.0    0  6.2 15 260   M    M   0        20 250
29  74  36  55   2  10   0 0.00  0.0    0  8.2 20 180   M    M   2        25 230
30  75  41  58   5   7   0 0.00  0.0    0  6.3 15 160   M    M   3        18 170
31  83  52  68  15   0   3 0.00  0.0    0  5.4 14 170   M    M   4 1      20 140
================================================================================
SM 1977 1236       404   3  1.38     0.0 201.8          M      143
================================================================================
AV 63.8 39.9                               6.5 FASTST   M    M   5    MAX(MPH)
                                 MISC ---->  # 30 340               # 43  350
================================================================================
NOTES:
# LAST OF SEVERAL OCCURRENCES

COLUMN 17 PEAK WIND IN M.P.H.

SYMBOLS USED IN COLUMN 16
1 = FOG OR MIST
2 = FOG REDUCING VISIBILITY
3 = THUNDER
4 = ICE PELLETS
5 = HAIL
6 = FREEZING RAIN OR DRIZZLE
7 = DUSTSTORM OR SANDSTORM:
8 = SMOKE OR HAZE
9 = BLOWING SNOW
X = TORNADO

$$
