000
CXUS54 KEWX 011607
CLMSAT

SATCLMSAT 000
TTAA00 KEWX 011556


CLIMATE REPORT
NATIONAL WEATHER SERVICE AUSTIN/SAN ANTONIO, TX
1107 AM CDT TUE SEP 1 2015

...................................

...THE SAN ANTONIO CLIMATE SUMMARY FOR THE MONTH OF AUGUST 2015...

CLIMATE NORMAL PERIOD 1981 TO 2010
CLIMATE RECORD PERIOD 1886 TO 2015

WEATHER         OBSERVED          NORMAL  DEPART  LAST YEAR`S
                 VALUE   DATE(S)  VALUE   FROM    VALUE  DATE(S)
                                          NORMAL
................................................................
TEMPERATURE (F)
HIGHEST           104   08/11                        102  08/21
                                                          08/18
                                                          08/16
LOWEST             71   08/29                         70  08/03
AVG. MAXIMUM     98.1              96.0     2.1     99.4
AVG. MINIMUM     76.6              74.7     1.9     76.7
MEAN             87.4              85.3     2.1     88.1
DAYS MAX >= 90     30                                 31
DAYS MAX <= 32      0                                  0
DAYS MIN <= 32      0                                  0
DAYS MIN <= 0       0                                  0

PRECIPITATION (INCHES)
TOTALS           0.29              2.09   -1.80     0.08
DAILY AVG.       0.01              0.07   -0.06     0.00
DAYS >= .01         3                                  1
DAYS >= .10         1                                  0
DAYS >= .50         0                                  0
DAYS >= 1.00        0                                  0
GREATEST
 24 HR. TOTAL    0.21   08/12 TO 08/12
                        08/11 TO 08/12
                        08/12 TO 08/12

SNOWFALL (INCHES)
TOTALS            0.0               0.0     0.0      0.0
SINCE 7/1         0.0               0.0     0.0      0.0

DEGREE_DAYS
HEATING TOTAL       0                 0       0        0
 SINCE 7/1          0                 0       0        0
COOLING TOTAL     700               631      69      721
 SINCE 1/1       2498              2391     107     2600
.................................................................

WIND (MPH)
AVERAGE WIND SPEED              8.3
HIGHEST WIND SPEED/DIRECTION    29/110    DATE  08/20
HIGHEST GUST SPEED/DIRECTION    33/110    DATE  08/20

SKY COVER
POSSIBLE SUNSHINE (PERCENT)   MM
AVERAGE SKY COVER           0.40
NUMBER OF DAYS FAIR           12
NUMBER OF DAYS PC             18
NUMBER OF DAYS CLOUDY          1

AVERAGE RH (PERCENT)     58

WEATHER CONDITIONS. NUMBER OF DAYS WITH
THUNDERSTORM              0     MIXED PRECIP               0
HEAVY RAIN                0     RAIN                       3
LIGHT RAIN                3     FREEZING RAIN              0
LT FREEZING RAIN          0     HAIL                       0
HEAVY SNOW                0     SNOW                       0
LIGHT SNOW                0     SLEET                      0
FOG                       0     FOG W/VIS <= 1/4 MILE      0
HAZE                      2

-  INDICATES NEGATIVE NUMBERS.
R  INDICATES RECORD WAS SET OR TIED.
MM INDICATES DATA IS MISSING.
T  INDICATES TRACE AMOUNT.

&&

[MONTHLY CLIMATE SUMMARY]
AUGUST 2015 WAS THE 8TH WARMEST AND 22ND DRIEST SINCE RECORD
KEEPING BEGAN.

[SEA LEVEL PRESSURE DATA]
HIGHEST SLP OF 30.10 ON THE 26TH
LOWEST  SLP OF 29.67 ON THE 18TH

PRELIMINARY LOCAL CLIMATOLOGICAL DATA (WS FORM: F-6)

                                          STATION:   SAN ANTONIO
                                          MONTH:     AUGUST
                                          YEAR:      2015
                                          LATITUDE:   29 31 N
                                          LONGITUDE:  98 28 W

  TEMPERATURE IN F:       :PCPN:    SNOW:  WIND      :SUNSHINE: SKY     :PK WND
================================================================================
1   2   3   4   5  6A  6B    7    8   9   10  11  12  13   14  15   16   17  18
                                     12Z  AVG MX 2MIN
DY MAX MIN AVG DEP HDD CDD  WTR  SNW DPTH SPD SPD DIR MIN PSBL S-S WX    SPD DR
================================================================================

 1  98  77  88   2   0  23 0.00  0.0    0  7.6 16  90   M    M   3        21 110
 2  98  74  86   0   0  21 0.00  0.0    0  5.8 15 170   M    M   1        19 160
 3  98  76  87   1   0  22 0.00  0.0    0  7.5 17 150   M    M   2        21 150
 4  98  80  89   3   0  24 0.00  0.0    0 10.7 23 150   M    M   4        28 150
 5  99  79  89   3   0  24 0.00  0.0    0 11.7 23 150   M    M   3        28 160
 6 101  79  90   4   0  25 0.00  0.0    0 11.4 24 150   M    M   4        31 160
 7 100  79  90   4   0  25 0.00  0.0    0 11.3 23 150   M    M   3        29 150
 8 101  79  90   4   0  25 0.00  0.0    0 11.5 24 150   M    M   4        29 140
 9 101  78  90   4   0  25 0.00  0.0    0 10.3 20 140   M    M   4        24 140
10 102  78  90   4   0  25 0.00  0.0    0  7.7 15 150   M    M   5        20 140
11 104  77  91   5   0  26 0.00  0.0    0  5.6 15 180   M    M   2        20 190
12 102  79  91   5   0  26 0.21  0.0    0  6.3 23 100   M    M   6 38     30 130
13 102  78  90   4   0  25    T  0.0    0  5.9 15 100   M    M   5        19 110
14 101  76  89   3   0  24 0.00  0.0    0  6.8 17 150   M    M   3        23 160
15  97  79  88   2   0  23 0.05  0.0    0  5.4 17 150   M    M   4        23 140
16  97  74  86   0   0  21 0.00  0.0    0  8.0 22 150   M    M   2        26 140
17  96  76  86   0   0  21 0.00  0.0    0  7.8 20 160   M    M   3        23 160
18  99  77  88   2   0  23 0.00  0.0    0 12.7 23 140   M    M   5        29 150
19  98  79  89   3   0  24 0.00  0.0    0  9.8 18 140   M    M   6        22 130
20  89  73  81  -5   0  16 0.03  0.0    0  7.4 29 110   M    M   9        33 110
21  92  72  82  -3   0  17 0.00  0.0    0  8.1 24 140   M    M   7 8      28 140
22  98  79  89   4   0  24 0.00  0.0    0 13.0 23 150   M    M   6        28 150
23  98  78  88   3   0  23 0.00  0.0    0 10.2 17 160   M    M   5        22 150
24  99  77  88   3   0  23 0.00  0.0    0  6.2 15 170   M    M   4        20 130
25 100  77  89   4   0  24 0.00  0.0    0  6.1 20 110   M    M   5        24 110
26  97  75  86   1   0  21 0.00  0.0    0  6.8 14 100   M    M   3        17 120
27  96  78  87   2   0  22 0.00  0.0    0  7.1 15 140   M    M   6        18 140
28  96  72  84   0   0  19 0.00  0.0    0  6.9 17 140   M    M   1        22 170
29  95  71  83  -1   0  18 0.00  0.0    0  5.9 17 160   M    M   3        22 170
30  94  75  85   1   0  20    T  0.0    0  6.6 16 100   M    M   7        19 100
31  96  75  86   2   0  21 0.00  0.0    0  7.8 22 130   M    M   5        27 140
================================================================================
SM 3042 2376         0 700  0.29     0.0 255.9          M      130
================================================================================
AV 98.1 76.6                               8.3 FASTST   M    M   4    MAX(MPH)
                                 MISC ---->  # 29 110               # 33  110
================================================================================

NOTES:
# LAST OF SEVERAL OCCURRENCES

COLUMN 17 PEAK WIND IN M.P.H.

SYMBOLS USED IN COLUMN 16
1 = FOG OR MIST
2 = FOG REDUCING VISIBILITY
3 = THUNDER
4 = ICE PELLETS
5 = HAIL
6 = FREEZING RAIN OR DRIZZLE
7 = DUSTSTORM OR SANDSTORM:
8 = SMOKE OR HAZE
9 = BLOWING SNOW
X = TORNADO


$$
