000
CXUS54 KEWX 011758
CLMSAT

CLIMATE REPORT
NATIONAL WEATHER SERVICE AUSTIN/SAN ANTONIO, TX
1257 PM CDT WED JUL 1 2015

...................................

...THE SAN ANTONIO CLIMATE SUMMARY FOR THE MONTH OF JUNE 2015...

CLIMATE NORMAL PERIOD 1981 TO 2010
CLIMATE RECORD PERIOD 1886 TO 2015

WEATHER         OBSERVED          NORMAL  DEPART  LAST YEAR`S
                 VALUE   DATE(S)  VALUE   FROM    VALUE  DATE(S)
                                          NORMAL
................................................................
TEMPERATURE (F)
HIGHEST            93   06/29                         96  06/23
                        06/13                             06/12
                        06/12
LOWEST             65   06/01                         67  06/11
AVG. MAXIMUM     89.4              92.3    -2.9     91.9
AVG. MINIMUM     73.9              72.6     1.3     74.3
MEAN             81.6              82.4    -0.8     83.1
DAYS MAX >= 90     16                                 25
DAYS MAX <= 32      0                                  0
DAYS MIN <= 32      0                                  0
DAYS MIN <= 0       0                                  0

PRECIPITATION (INCHES)
TOTALS           6.42              4.14    2.28     5.38
DAILY AVG.       0.21              0.14    0.07     0.18
DAYS >= .01         9                                  7
DAYS >= .10         8                                  6
DAYS >= .50         4                                  3
DAYS >= 1.00        3                                  2
GREATEST
 24 HR. TOTAL    3.37   06/17 TO 06/18

SNOWFALL (INCHES)
TOTALS            0.0               0.0     0.0      0.0
SINCE 7/1           T               0.7    -0.7      0.4

DEGREE_DAYS
HEATING TOTAL       0                 0       0        0
 SINCE 7/1       1494              1496      -2     1566
COOLING TOTAL     506               523     -17      551
 SINCE 1/1       1151              1152      -1     1255
.................................................................

WIND (MPH)
AVERAGE WIND SPEED              8.3
HIGHEST WIND SPEED/DIRECTION    41/060    DATE  06/17
HIGHEST GUST SPEED/DIRECTION    46/170    DATE  06/20

SKY COVER
POSSIBLE SUNSHINE (PERCENT)   MM
AVERAGE SKY COVER           0.60
NUMBER OF DAYS FAIR            7
NUMBER OF DAYS PC             13
NUMBER OF DAYS CLOUDY         10

AVERAGE RH (PERCENT)     71

WEATHER CONDITIONS. NUMBER OF DAYS WITH
THUNDERSTORM              6     MIXED PRECIP               0
HEAVY RAIN                6     RAIN                       6
LIGHT RAIN               11     FREEZING RAIN              0
LT FREEZING RAIN          0     HAIL                       0
HEAVY SNOW                0     SNOW                       0
LIGHT SNOW                0     SLEET                      0
FOG                       9     FOG W/VIS <= 1/4 MILE      1
HAZE                      6

-  INDICATES NEGATIVE NUMBERS.
R  INDICATES RECORD WAS SET OR TIED.
MM INDICATES DATA IS MISSING.
T  INDICATES TRACE AMOUNT.

&&

[MONTHLY CLIMATE SUMMARY]
JUNE WAS THE 20TH WETTEST JUNE ON RECORD AND THE 62ND COOLEST JUNE
SINCE RECORD KEEPING BEGAN.

JUNE ALSO ENDED THE 3RD WETTEST FIRST HALF OF THE YEAR...JANUARY 1
THROUGH JUNE 30...IN SAN ANTONIO HISTORY WITH 29.70" OF RAIN.

[SEA LEVEL PRESSURE DATA]
HIGHEST SLP OF 30.12 INCHES ON THE 24TH
LOWEST SLP OF 29.70 INCHES ON THE 11TH.

PRELIMINARY LOCAL CLIMATOLOGICAL DATA (WS FORM: F-6)

                                          STATION:   SAN ANTONIO
                                          MONTH:     JUNE
                                          YEAR:      2015
                                          LATITUDE:   29 31 N
                                          LONGITUDE:  98 28 W

  TEMPERATURE IN F:       :PCPN:    SNOW:  WIND      :SUNSHINE: SKY     :PK WND
================================================================================
1   2   3   4   5  6A  6B    7    8   9   10  11  12  13   14  15   16   17  18
                                     12Z  AVG MX 2MIN
DY MAX MIN AVG DEP HDD CDD  WTR  SNW DPTH SPD SPD DIR MIN PSBL S-S WX    SPD DR
================================================================================

 1  86  65  76  -4   0  11 0.00  0.0    0  6.1 14 140   M    M   3        22 160
 2  88  70  79  -2   0  14 0.00  0.0    0  7.5 16 130   M    M   2        20 130
 3  88  72  80  -1   0  15 0.00  0.0    0  9.2 17 140   M    M   3        23 130
 4  89  69  79  -2   0  14 0.00  0.0    0  7.9 16 130   M    M   3        19 120
 5  89  72  81   0   0  16 0.00  0.0    0  7.2 18 160   M    M   5        23 170
 6  89  70  80  -1   0  15 0.00  0.0    0  6.1 14 170   M    M   3        18 170
 7  89  71  80  -2   0  15 0.00  0.0    0  8.5 22 150   M    M   5        26 140
 8  91  72  82   0   0  17 0.00  0.0    0  7.1 15 180   M    M   6        19 180
 9  93  73  83   1   0  18 0.00  0.0    0  6.3 13 150   M    M   1        17 180
10  91  72  82   0   0  17 0.00  0.0    0  7.8 20 160   M    M   2        23 160
11  92  77  85   3   0  20 0.00  0.0    0 13.2 23 140   M    M   5        27 140
12  93  78  86   4   0  21    T  0.0    0 13.8 24 130   M    M   6        28 130
13  93  77  85   3   0  20 0.01  0.0    0  9.9 26 120   M    M   7        33 130
14  84  72  78  -4   0  13 1.07  0.0    0  8.0 17  90   M    M   8 138    22 120
15  91  76  84   1   0  19    T  0.0    0  6.4 15 100   M    M   6        18 110
16  87  75  81  -2   0  16 0.17  0.0    0 11.0 21  70   M    M   8 1      26  70
17  91  73  82  -1   0  17 2.74  0.0    0  7.1 41  60   M    M   8 123    31  50
18  87  75  81  -2   0  16 0.63  0.0    0  7.2 21 150   M    M   9 1      26 140
19  86  75  81  -2   0  16 0.44  0.0    0  6.1 17 120   M    M   9 138    20 160
20  86  74  80  -3   0  15 0.12  0.0    0  9.0 37 160   M    M  10 138    46 170
21  84  73  79  -4   0  14 1.09  0.0    0  8.4 29 180   M    M   9 138    40 180
22  86  75  81  -2   0  16    T  0.0    0  9.0 17  90   M    M  10 138    22  90
23  90  78  84   1   0  19    T  0.0    0  9.6 21 150   M    M   8        25 130
24  90  77  84   1   0  19 0.00  0.0    0  7.7 26 120   M    M   7        33 120
25  91  76  84   0   0  19 0.00  0.0    0  8.6 14 160   M    M   5        19 160
26  92  77  85   1   0  20 0.00  0.0    0  9.1 16 140   M    M   5        20 160
27  90  77  84   0   0  19 0.00  0.0    0  5.9 14 170   M    M   6        18 170
28  91  75  83  -1   0  18 0.00  0.0    0  6.5 15 150   M    M   7        22 150
29  93  77  85   1   0  20 0.00  0.0    0 10.5 18 170   M    M   5        22 170
30  91  73  82  -2   0  17 0.15  0.0    0  7.9 37 160   M    M   8 18     45 170
================================================================================
SM 2681 2216         0 506  6.42     0.0 248.6          M      179
================================================================================
AV 89.4 73.9                               8.3 FASTST   M    M   6    MAX(MPH)
                                 MISC ---->  # 41  60               # 46  170
================================================================================
NOTES:
# LAST OF SEVERAL OCCURRENCES

COLUMN 17 PEAK WIND IN M.P.H.

SYMBOLS USED IN COLUMN 16
1 = FOG OR MIST
2 = FOG REDUCING VISIBILITY
3 = THUNDER
4 = ICE PELLETS
5 = HAIL
6 = FREEZING RAIN OR DRIZZLE
7 = DUSTSTORM OR SANDSTORM:
8 = SMOKE OR HAZE
9 = BLOWING SNOW
X = TORNADO

$$
