000
CXUS54 KEWX 011741
CLMSAT

CLIMATE REPORT
NATIONAL WEATHER SERVICE AUSTIN/SAN ANTONIO, TX
1141 AM CST WED FEB 1 2017

...................................

...THE SAN ANTONIO CLIMATE SUMMARY FOR THE MONTH OF JANUARY 2017...

CLIMATE NORMAL PERIOD 1981 TO 2010
CLIMATE RECORD PERIOD 1886 TO 2017

WEATHER         OBSERVED          NORMAL  DEPART  LAST YEAR`S
                 VALUE   DATE(S)  VALUE   FROM    VALUE  DATE(S)
                                          NORMAL
................................................................
TEMPERATURE (F)
HIGHEST            83   01/21                         83  01/31
LOWEST             19   01/08                         30  01/23
AVG. MAXIMUM     69.6              62.9     6.7     63.8
AVG. MINIMUM     45.5              40.7     4.8     39.9
MEAN             57.5              51.8     5.7     51.8
DAYS MAX >= 90      0                                  0
DAYS MAX <= 32      0                                  0
DAYS MIN <= 32      3                                  2
DAYS MIN <= 0       0                                  0

PRECIPITATION (INCHES)
TOTALS           2.72              1.76    0.96     1.38
DAILY AVG.       0.09              0.06    0.03     0.04
DAYS >= .01         7                                  5
DAYS >= .10         4                                  3
DAYS >= .50         2                                  1
DAYS >= 1.00        1                                  0
GREATEST
 24 HR. TOTAL    2.22   01/15 TO 01/16

SNOWFALL (INCHES)
TOTALS            0.0               0.7    -0.7      0.0
SINCE 7/1         0.0               0.7    -0.7      0.0

DEGREE_DAYS
HEATING TOTAL     247               416    -169      404
 SINCE 7/1        623              1018    -395      762
COOLING TOTAL      21                 7      14        3
 SINCE 1/1         21                 0      21        3
.................................................................

WIND (MPH)
AVERAGE WIND SPEED              8.6
HIGHEST WIND SPEED/DIRECTION    38/310    DATE  01/22
HIGHEST GUST SPEED/DIRECTION    50/310    DATE  01/22

SKY COVER
POSSIBLE SUNSHINE (PERCENT)   MM
AVERAGE SKY COVER           0.60
NUMBER OF DAYS FAIR            8
NUMBER OF DAYS PC             13
NUMBER OF DAYS CLOUDY         10

AVERAGE RH (PERCENT)     60

WEATHER CONDITIONS. NUMBER OF DAYS WITH
THUNDERSTORM              0     MIXED PRECIP               0
HEAVY RAIN                2     RAIN                       3
LIGHT RAIN               11     FREEZING RAIN              0
LT FREEZING RAIN          1     HAIL                       0
HEAVY SNOW                0     SNOW                       0
LIGHT SNOW                0     SLEET                      0
FOG                      12     FOG W/VIS <= 1/4 MILE      5
HAZE                      7

-  INDICATES NEGATIVE NUMBERS.
R  INDICATES RECORD WAS SET OR TIED.
MM INDICATES DATA IS MISSING.
T  INDICATES TRACE AMOUNT.

&&

JANUARY 2017 WAS THE 10TH WARMEST AND THE 32ND WETTEST SINCE RECORD
KEEPING BEGAN AT SAN ANTONIO.

SEA LEVEL PRESSURE DATA
HIGHEST SLP 30.76 INCHES ON THE 7TH
LOWEST  SLP 29.37 INCHES ON THE 21ST

PRELIMINARY LOCAL CLIMATOLOGICAL DATA (WS FORM: F-6)

                                          STATION:   SAN ANTONIO
                                          MONTH:     JANUARY
                                          YEAR:      2017
                                          LATITUDE:   29 31 N
                                          LONGITUDE:  98 28 W

  TEMPERATURE IN F:       :PCPN:    SNOW:  WIND      :SUNSHINE: SKY     :PK WND
================================================================================
1   2   3   4   5  6A  6B    7    8   9   10  11  12  13   14  15   16   17  18
                                     12Z  AVG MX 2MIN
DY MAX MIN AVG DEP HDD CDD  WTR  SNW DPTH SPD SPD DIR MIN PSBL S-S WX    SPD DR
================================================================================

 1  75  53  64  13   1   0 0.00  0.0    0  5.6 15 200   M    M   5 12     20 320
 2  77  49  63  12   2   0 0.02  0.0    0  7.5 22 310   M    M   5 123    26 310
 3  79  45  62  11   3   0 0.00  0.0    0  7.9 20  10   M    M   6        28  20
 4  52  41  47  -4  18   0 0.00  0.0    0  9.1 21 360   M    M   8        26  20
 5  70  38  54   3  11   0 0.00  0.0    0  9.7 25  10   M    M   9 8      34  10
 6  38  25  32 -19  33   0    T  0.0    0 16.3 23  10   M    M   8 6      32  10
 7  46  20  33 -18  32   0 0.00  0.0    0  5.9 15  10   M    M   0        19  10
 8  52  19  36 -15  29   0 0.00  0.0    0  6.4 14 200   M    M   3        20 190
 9  72  47  60   9   5   0 0.00  0.0    0  7.2 22 190   M    M   6 8      27 190
10  79  54  67  16   0   2 0.00  0.0    0  6.2 14 170   M    M   3 1      21 170
11  79  53  66  15   0   1 0.00  0.0    0 11.8 23 160   M    M   4        30 190
12  81  61  71  20   0   6 0.00  0.0    0 12.0 23 180   M    M   7        29 170
13  79  68  74  22   0   9    T  0.0    0 12.8 22 130   M    M  10        26 140
14  70  58  64  12   1   0 0.09  0.0    0  7.9 14 110   M    M  10 18     19 110
15  76  58  67  15   0   2 1.62  0.0    0 11.9 30 140   M    M  10 1238   37 140
16  70  59  65  13   0   0 0.60  0.0    0  4.9 10  10   M    M  10 13     14  60
17  62  50  56   4   9   0 0.11  0.0    0  9.9 18  30   M    M  10 1      27  30
18  65  48  57   5   8   0 0.27  0.0    0  7.6 15 360   M    M   9 13     20 360
19  71  50  61   9   4   0    T  0.0    0  6.8 17 210   M    M   6 1      23 240
20  75  47  61   9   4   0 0.00  0.0    0  3.5 17 130   M    M   6 128    21 130
21  83  49  66  14   0   1    T  0.0    0 10.9 35 300   M    M   6 12     50 300
22  72  48  60   8   5   0 0.00  0.0    0 20.3 38 310   M    M   1        50 310
23  76  42  59   7   6   0 0.00  0.0    0  5.9 18 220   M    M   0        23 250
24  82  44  63  11   2   0 0.00  0.0    0  5.8 17 160   M    M   4 8      20 170
25  72  50  61   9   4   0 0.00  0.0    0 10.5 21 350   M    M   6 1      27 350
26  61  40  51  -1  14   0 0.00  0.0    0  6.2 15  70   M    M   4        20  50
27  56  41  49  -3  16   0 0.00  0.0    0  8.8 18  80   M    M   8        24  80
28  61  38  50  -3  15   0 0.01  0.0    0  8.3 20 350   M    M   6        26 290
29  72  34  53   0  12   0 0.00  0.0    0  8.0 20 350   M    M   2        27 320
30  77  39  58   5   7   0 0.00  0.0    0  4.7 14 210   M    M   2 8      21 220
31  77  41  59   6   6   0 0.00  0.0    0  7.3 17 160   M    M   1        23 200
================================================================================
SM 2157 1409       247  21  2.72     0.0 267.6          M      175
================================================================================
AV 69.6 45.5                               8.6 FASTST   M    M   6    MAX(MPH)
                                 MISC ---->  # 38 310               # 50  300
================================================================================
NOTES:
# LAST OF SEVERAL OCCURRENCES

COLUMN 17 PEAK WIND IN M.P.H.

SYMBOLS USED IN COLUMN 16
1 = FOG OR MIST
2 = FOG REDUCING VISIBILITY
3 = THUNDER
4 = ICE PELLETS
5 = HAIL
6 = FREEZING RAIN OR DRIZZLE
7 = DUSTSTORM OR SANDSTORM:
8 = SMOKE OR HAZE
9 = BLOWING SNOW
X = TORNADO

$$
