000
CXUS54 KEWX 011833 CCA
CLMSAT

CLIMATE REPORT
NATIONAL WEATHER SERVICE AUSTIN/SAN ANTONIO, TX
132 PM CDT FRI AUG 1 2014

...................................

...THE SAN ANTONIO CLIMATE SUMMARY FOR THE MONTH OF JULY 2014...

CLIMATE NORMAL PERIOD 1981 TO 2010
CLIMATE RECORD PERIOD 1886 TO 2014

WEATHER         OBSERVED          NORMAL  DEPART  LAST YEAR`S
                 VALUE   DATE(S)  VALUE   FROM    VALUE  DATE(S)
                                          NORMAL
................................................................
TEMPERATURE (F)
HIGHEST            99   07/29                        103  07/31
                        07/14                             07/30
LOWEST             72   07/18                         65  07/02
                        07/11
                        07/10
AVG. MAXIMUM     94.7              94.6     0.1     96.9
AVG. MINIMUM     75.0              74.6     0.4     75.4
MEAN             84.9              84.6     0.3     86.2
DAYS MAX >= 90     30                                 30
DAYS MAX <= 32      0                                  0
DAYS MIN <= 32      0                                  0
DAYS MIN <= 0       0                                  0

PRECIPITATION (INCHES)
TOTALS           3.25              2.74    0.51     0.73
DAILY AVG.       0.10              0.09    0.01     0.02
DAYS >= .01         4                                  5
DAYS >= .10         2                                  2
DAYS >= .50         1                                  1
DAYS >= 1.00        1                                  0
GREATEST
 24 HR. TOTAL    3.02   07/18 TO 07/18
                        07/17 TO 07/18
                        07/18 TO 07/18

SNOWFALL (INCHES)
TOTALS            0.0               0.0     0.0      0.0
SINCE 7/1         0.0               0.0     0.0      0.0

DEGREE_DAYS
HEATING TOTAL       0                 0       0        0
 SINCE 7/1          0                 0       0        0
COOLING TOTAL     624               608      16      662
 SINCE 1/1       1879              1760     119     1854
.................................................................

WIND (MPH)
AVERAGE WIND SPEED              8.4
HIGHEST WIND SPEED/DIRECTION    30/160    DATE  07/10
HIGHEST GUST SPEED/DIRECTION    38/330    DATE  07/15

SKY COVER
POSSIBLE SUNSHINE (PERCENT)   MM
AVERAGE SKY COVER           0.50
NUMBER OF DAYS FAIR            7
NUMBER OF DAYS PC             21
NUMBER OF DAYS CLOUDY          3

AVERAGE RH (PERCENT)     64

WEATHER CONDITIONS. NUMBER OF DAYS WITH
THUNDERSTORM              0     MIXED PRECIP               0
HEAVY RAIN                2     RAIN                       2
LIGHT RAIN                5     FREEZING RAIN              0
LT FREEZING RAIN          0     HAIL                       0
HEAVY SNOW                0     SNOW                       0
LIGHT SNOW                0     SLEET                      0
FOG                       8     FOG W/VIS <= 1/4 MILE      0
HAZE                      8

-  INDICATES NEGATIVE NUMBERS.
R  INDICATES RECORD WAS SET OR TIED.
MM INDICATES DATA IS MISSING.
T  INDICATES TRACE AMOUNT.

&&

MONTHLY CLIMATOLOGICAL SUMMARY:
JULY 2014 WAS THE 45TH WARMEST AND THE 29TH WETTEST JULY SINCE
RECORD KEEPING BEGAN FOR THE SAN ANTONIO AREA.

SEA LEVEL PRESSURE DATA:
HIGHEST SLP OF 30.16 ON THE 5TH
LOWEST SLP OF 29.72 ON THE 17TH

PRELIMINARY LOCAL CLIMATOLOGICAL DATA (WS FORM: F-6)

                                          STATION:   SAN ANTONIO
                                          MONTH:     JULY
                                          YEAR:      2014
                                          LATITUDE:   29 31 N
                                          LONGITUDE:  98 28 W

  TEMPERATURE IN F:       :PCPN:    SNOW:  WIND      :SUNSHINE: SKY     :PK WND
================================================================================
1   2   3   4   5  6A  6B    7    8   9   10  11  12  13   14  15   16   17  18
                                     12Z  AVG MX 2MIN
DY MAX MIN AVG DEP HDD CDD  WTR  SNW DPTH SPD SPD DIR MIN PSBL S-S WX    SPD DR
================================================================================

 1  94  76  85   1   0  20 0.00  0.0    0 13.8 24 140   M    M   4        29 140
 2  93  73  83  -1   0  18 0.00  0.0    0  8.6 18 140   M    M   4        23 140
 3  93  75  84   0   0  19 0.00  0.0    0  6.6 23  80   M    M   3 8      29  80
 4  92  72  82  -2   0  17 0.01  0.0    0  6.0 25  80   M    M   5 3      32  70
 5  93  72  83  -1   0  18 0.00  0.0    0  6.3 24 140   M    M   5 3      30 140
 6  94  72  83  -1   0  18 0.00  0.0    0  7.9 20 140   M    M   3 1      25 140
 7  94  73  84   0   0  19 0.00  0.0    0 10.0 20 140   M    M   5 18     24 150
 8  96  75  86   2   0  21 0.00  0.0    0 11.5 22 120   M    M   4 8      27 130
 9  96  75  86   2   0  21 0.00  0.0    0 11.3 24 170   M    M   3 18     28 170
10  91  72  82  -2   0  17 0.00  0.0    0 10.7 30 160   M    M   6 18     37 150
11  93  72  83  -1   0  18    T  0.0    0 12.0 23 150   M    M   6        30 110
12  95  74  85   1   0  20 0.00  0.0    0  9.2 18 140   M    M   4        22 140
13  97  75  86   2   0  21 0.00  0.0    0  8.1 17 150   M    M   2        20 140
14  99  76  88   4   0  23 0.00  0.0    0  7.6 16 160   M    M   2        22 160
15  96  75  86   2   0  21 0.21  0.0    0  4.8 29 340   M    M   6 13     38 330
16  95  76  86   1   0  21 0.00  0.0    0  8.1 24 140   M    M   7        30 140
17  96  78  87   2   0  22    T  0.0    0 11.4 22 140   M    M   9 138    28 130
18  83  72  78  -7   0  13 3.02  0.0    0  8.2 25 350   M    M  10 138    30 360
19  90  73  82  -3   0  17 0.00  0.0    0  5.6 12  80   M    M   8        15  70
20  95  76  86   1   0  21 0.00  0.0    0  7.1 18 130   M    M   5        24 120
21  95  78  87   2   0  22 0.00  0.0    0  9.0 20 150   M    M   4        23 150
22  95  76  86   1   0  21 0.00  0.0    0  5.5 12 150   M    M   5        14 110
23  97  77  87   2   0  22 0.00  0.0    0  4.3 13 100   M    M   4 1      19  70
24  94  79  87   2   0  22    T  0.0    0  6.8 15 140   M    M   7        19 130
25  95  77  86   1   0  21 0.00  0.0    0  7.0 20 160   M    M   4        27 150
26  98  76  87   2   0  22 0.00  0.0    0 10.9 24 150   M    M   1        29 140
27  98  74  86   1   0  21 0.00  0.0    0 10.5 20 130   M    M   3        24 140
28  97  76  87   2   0  22 0.00  0.0    0  7.0 17 160   M    M   4        24 160
29  99  75  87   2   0  22 0.00  0.0    0  6.0 18 100   M    M   4        23 100
30  97  75  86   1   0  21 0.00  0.0    0 11.0 22 140   M    M   6 8      29 140
31  97  79  88   2   0  23 0.01  0.0    0  7.1 17  20   M    M   7 3      22  20
================================================================================
SM 2937 2324         0 624  3.25     0.0 259.9          M      150
================================================================================
AV 94.7 75.0                               8.4 FASTST   M    M   5    MAX(MPH)
                                 MISC ---->  # 30 160               # 38  330
================================================================================
NOTES:
# LAST OF SEVERAL OCCURRENCES

COLUMN 17 PEAK WIND IN M.P.H.

SYMBOLS USED IN COLUMN 16

1 = FOG OR MIST
2 = FOG REDUCING VISIBILITY
    TO 1/4 MILE OR LESS
3 = THUNDER
4 = ICE PELLETS
5 = HAIL
6 = FREEZING RAIN OR DRIZZLE
7 = DUSTSTORM OR SANDSTORM:
    VSBY 1/2 MILE OR LESS
8 = SMOKE OR HAZE
9 = BLOWING SNOW
X = TORNADO

$$
