000
CXUS54 KEWX 011536
CLMSAT

SATCLMSAT 000
TTAA00 KEWX 011522


CLIMATE REPORT
NATIONAL WEATHER SERVICE AUSTIN/SAN ANTONIO, TX
1030 AM CDT WED OCT 1 2014

...................................

...THE SAN ANTONIO CLIMATE SUMMARY FOR THE MONTH OF SEPTEMBER 2014...

CLIMATE NORMAL PERIOD 1981 TO 2010
CLIMATE RECORD PERIOD 1886 TO 2014

WEATHER         OBSERVED          NORMAL  DEPART  LAST YEAR`S
                 VALUE   DATE(S)  VALUE   FROM    VALUE  DATE(S)
                                          NORMAL
................................................................
TEMPERATURE (F)
HIGHEST            99   09/11                        101  09/04
                        09/10                             09/03
                        09/02                             09/02
LOWEST             63   09/13                         57  09/23
AVG. MAXIMUM     91.8              90.3     1.5     94.4
AVG. MINIMUM     72.1              69.1     3.0     72.3
MEAN             81.9              79.7     2.2     83.4
DAYS MAX >= 90     21                                 25
DAYS MAX <= 32      0                                  0
DAYS MIN <= 32      0                                  0
DAYS MIN <= 0       0                                  0

PRECIPITATION (INCHES)
TOTALS           1.77              3.03   -1.26     3.70
DAILY AVG.       0.06              0.10   -0.04     0.12
DAYS >= .01        10                                  9
DAYS >= .10         6                                  7
DAYS >= .50         1                                  2
DAYS >= 1.00        0                                  1
GREATEST
 24 HR. TOTAL    0.67   09/26 TO 09/27

SNOWFALL (INCHES)
TOTALS            0.0               0.0     0.0      0.0
SINCE 7/1         0.0               0.0     0.0      0.0

DEGREE_DAYS
HEATING TOTAL       0                 2      -2        0
 SINCE 7/1          0                 2      -2        0
COOLING TOTAL     516               443      73      558
 SINCE 1/1       3116              2834     282     3151
.................................................................

WIND (MPH)
AVERAGE WIND SPEED              7.8
HIGHEST WIND SPEED/DIRECTION    35/170    DATE  09/04
HIGHEST GUST SPEED/DIRECTION    43/130    DATE  09/03

SKY COVER
POSSIBLE SUNSHINE (PERCENT)   MM
AVERAGE SKY COVER           0.60
NUMBER OF DAYS FAIR            3
NUMBER OF DAYS PC             18
NUMBER OF DAYS CLOUDY          9

AVERAGE RH (PERCENT)     66

WEATHER CONDITIONS. NUMBER OF DAYS WITH
THUNDERSTORM              0     MIXED PRECIP               0
HEAVY RAIN                3     RAIN                       5
LIGHT RAIN                9     FREEZING RAIN              0
LT FREEZING RAIN          0     HAIL                       0
HEAVY SNOW                0     SNOW                       0
LIGHT SNOW                0     SLEET                      0
FOG                       6     FOG W/VIS <= 1/4 MILE      0
HAZE                      1

-  INDICATES NEGATIVE NUMBERS.
R  INDICATES RECORD WAS SET OR TIED.
MM INDICATES DATA IS MISSING.
T  INDICATES TRACE AMOUNT.

&&
MONTHLY CLIMATOLOGICAL SUMMARY:
SEPTEMBER WAS THE 15TH WARMEST AND THE 78TH WETTEST.

SEA LEVEL PRESSURE DATA:
HIGHEST SLP 30.18 ON 14
LOWEST  SLP 29.71 ON 30


PRELIMINARY LOCAL CLIMATOLOGICAL DATA (WS FORM: F-6)

                                          STATION:   SAN ANTONIO
                                          MONTH:     SEPTEMBER
                                          YEAR:      2014
                                          LATITUDE:   29 31 N
                                          LONGITUDE:  98 28 W

  TEMPERATURE IN F:       :PCPN:    SNOW:  WIND      :SUNSHINE: SKY     :PK WND
================================================================================
1   2   3   4   5  6A  6B    7    8   9   10  11  12  13   14  15   16   17  18
                                     12Z  AVG MX 2MIN
DY MAX MIN AVG DEP HDD CDD  WTR  SNW DPTH SPD SPD DIR MIN PSBL S-S WX    SPD DR
================================================================================

 1  99  79  89   5   0  24 0.00  0.0    0 12.8 24 140   M    M   6        28 140
 2  99  79  89   6   0  24 0.01  0.0    0 12.4 25 120   M    M   5        31 130
 3  98  76  87   4   0  22 0.10  0.0    0  8.6 31 160   M    M   7        43 130
 4  88  74  81  -2   0  16 0.08  0.0    0  7.8 35 170   M    M   8 3      41 160
 5  97  77  87   4   0  22    T  0.0    0  8.7 29 150   M    M   7        37 140
 6  96  76  86   4   0  21 0.00  0.0    0  6.5 21 110   M    M   6        25 110
 7  93  74  84   2   0  19    T  0.0    0  5.9 20  10   M    M   8 3      24  20
 8  96  72  84   2   0  19 0.00  0.0    0  5.4 15 160   M    M   4        18 160
 9  97  76  87   5   0  22 0.00  0.0    0  9.2 23 160   M    M   2        29 160
10  99  78  89   8   0  24 0.00  0.0    0 11.3 21 150   M    M   3        25 180
11  99  79  89   8   0  24 0.00  0.0    0  8.1 22 150   M    M   5        26 150
12  98  68  83   2   0  18 0.26  0.0    0  8.5 22 150   M    M   7 13     29  20
13  70  63  67 -13   0   2 0.06  0.0    0 12.9 22  20   M    M  10        30  20
14  85  66  76  -4   0  11 0.00  0.0    0  6.8 13  30   M    M   9 18     16  40
15  90  69  80   0   0  15 0.00  0.0    0  3.2 14 100   M    M   7        17 100
16  95  76  86   6   0  21    T  0.0    0  8.2 20 150   M    M   7        22 150
17  89  77  83   4   0  18 0.40  0.0    0  6.5 17 270   M    M   9 1      20 280
18  96  75  86   7   0  21 0.06  0.0    0  8.7 25  40   M    M   9 1      34  50
19  90  75  83   4   0  18    T  0.0    0  7.4 17 130   M    M   8        21  40
20  90  75  83   5   0  18 0.13  0.0    0  7.9 17 130   M    M   8        23  90
21  94  75  85   7   0  20 0.00  0.0    0  7.3 20  90   M    M   4        25  90
22  94  68  81   3   0  16 0.00  0.0    0  7.4 15  50   M    M   4        20  50
23  91  72  82   4   0  17 0.00  0.0    0  7.7 15 120   M    M   6        19  90
24  87  64  76  -1   0  11 0.00  0.0    0  5.6 14  80   M    M   6        18  90
25  89  65  77   0   0  12 0.00  0.0    0  8.9 21  90   M    M   7        26  60
26  87  69  78   1   0  13 0.56  0.0    0  6.6 17  70   M    M   8 1      22  70
27  77  65  71  -5   0   6 0.11  0.0    0  5.1 15  70   M    M   7 1      20  70
28  87  64  76   0   0  11 0.00  0.0    0  7.2 15  50   M    M   4        20 360
29  92  70  81   5   0  16 0.00  0.0    0  4.8 12  80   M    M   5        16  40
30  92  67  80   4   0  15 0.00  0.0    0  5.7 13 150   M    M   2        16 130
================================================================================
SM 2754 2163         0 516  1.77     0.0 233.1          M      188
================================================================================
AV 91.8 72.1                               7.8 FASTST   M    M   6    MAX(MPH)
                                 MISC ---->  # 35 170               # 43  130
================================================================================
NOTES:
# LAST OF SEVERAL OCCURRENCES

COLUMN 17 PEAK WIND IN M.P.H.

PRELIMINARY LOCAL CLIMATOLOGICAL DATA (WS FORM: F-6) , PAGE 2

                                          STATION:  SAN ANTONIO
                                          MONTH:    SEPTEMBER
                                          YEAR:     2014
                                          LATITUDE:   29 31 N
                                          LONGITUDE:  98 28 W

SYMBOLS USED IN COLUMN 16

1 = FOG OR MIST
2 = FOG REDUCING VISIBILITY
    TO 1/4 MILE OR LESS
3 = THUNDER
4 = ICE PELLETS
5 = HAIL
6 = FREEZING RAIN OR DRIZZLE
7 = DUSTSTORM OR SANDSTORM:
    VSBY 1/2 MILE OR LESS
8 = SMOKE OR HAZE
9 = BLOWING SNOW
X = TORNADO

$$
