000
CXUS52 KCHS 021330
CLMSAV

CLIMATE REPORT
NATIONAL WEATHER SERVICE CHARLESTON SC
923 AM EDT SUN JUL 2 2017

...................................

...THE SAVANNAH GA CLIMATE SUMMARY FOR THE MONTH OF JUNE 2017...

CLIMATE NORMAL PERIOD 1981 TO 2010
CLIMATE RECORD PERIOD 1871 TO 2017

WEATHER         OBSERVED          NORMAL  DEPART  LAST YEAR`S
                 VALUE   DATE(S)  VALUE   FROM    VALUE  DATE(S)
                                          NORMAL
................................................................
TEMPERATURE (F)
RECORD
 HIGH             104   06/02/1985
 LOW               49   06/12/1913
HIGHEST            95   06/24                         99  06/25
                        06/15                             06/17
LOWEST             62   06/09                         65  06/21
                                                          06/20
AVG. MAXIMUM     89.2              89.9    -0.7     91.9
AVG. MINIMUM     71.6              69.8     1.8     72.2
MEAN             80.4              79.8     0.6     82.1
DAYS MAX >= 90     14              15.6    -1.6       24
DAYS MAX <= 32      0               0.0     0.0        0
DAYS MIN <= 32      0               0.0     0.0        0
DAYS MIN <= 0       0               0.0     0.0        0

PRECIPITATION (INCHES)
RECORD
 MAXIMUM        18.79   1876
 MINIMUM         0.84   1954
TOTALS           6.65              5.95    0.70     6.96
DAYS >= .01        12              11.9     0.1       10
DAYS >= .10         8               8.4    -0.4        6
DAYS >= .50         3               3.5    -0.5        3
DAYS >= 1.00        1               1.7    -0.7        3
GREATEST
 24 HR. TOTAL    3.72   06/30

DEGREE_DAYS
HEATING TOTAL       0                 0       0        0
 SINCE 7/1       1023              1812    -789
COOLING TOTAL     454               446       8      516
 SINCE 1/1       1128               849     279
.................................................................

WIND (MPH)
AVERAGE WIND SPEED              6.8
HIGHEST WIND SPEED/DIRECTION    29/190
HIGHEST GUST SPEED/DIRECTION    35/190


WEATHER CONDITIONS. NUMBER OF DAYS WITH
THUNDERSTORM              9     MIXED PRECIP               0
HEAVY RAIN                6     RAIN                       6
LIGHT RAIN               14     FREEZING RAIN              0
LT FREEZING RAIN          0     HAIL                       0
HEAVY SNOW                0     SNOW                       0
LIGHT SNOW                0     SLEET                      0
FOG                      16     FOG W/VIS <= 1/4 MILE      0
HAZE                      2

-  INDICATES NEGATIVE NUMBERS.
R  INDICATES RECORD WAS SET OR TIED.
MM INDICATES DATA IS MISSING.
T  INDICATES TRACE AMOUNT.

&&

RECORDS ESTABLISHED AT THE SAVANNAH INTERNATIONAL AIRPORT DURING THE
MONTH:

*JUN 23 - RECORD HIGH MINIMUM TEMPERATURE OF 77 DEGREES
*JUN 30 - RECORD PRECIPITATION OF 3.72 INCHES

$$
