000
CXUS52 KCHS 011726
CLMSAV

CLIMATE REPORT
NATIONAL WEATHER SERVICE CHARLESTON SC
1218 PM EST FRI DEC 1 2017

...................................

...THE SAVANNAH GA CLIMATE SUMMARY FOR THE MONTH OF NOVEMBER 2017...

CLIMATE NORMAL PERIOD 1981 TO 2010
CLIMATE RECORD PERIOD 1871 TO 2017

WEATHER         OBSERVED          NORMAL  DEPART  LAST YEAR`S
                 VALUE   DATE(S)  VALUE   FROM    VALUE  DATE(S)
                                          NORMAL
................................................................
TEMPERATURE (F)
RECORD
 HIGH              89   11/01/1961
 LOW               15   11/25/1970
HIGHEST            85   11/07                         84  11/03
LOWEST             34   11/20                         33  11/22
AVG. MAXIMUM     71.9              70.6     1.3     73.5
AVG. MINIMUM     48.3              47.9     0.4     48.7
MEAN             60.1              59.3     0.8     61.1
DAYS MAX >= 90      0               0.0     0.0        0
DAYS MAX <= 32      0               0.0     0.0        0
DAYS MIN <= 32      0               1.5    -1.5        0
DAYS MIN <= 0       0               0.0     0.0        0

PRECIPITATION (INCHES)
RECORD
 MAXIMUM         6.28   1898
 MINIMUM         0.01   1922
TOTALS           1.29              2.37   -1.08     0.20
DAYS >= .01         6               6.8    -0.8        2
DAYS >= .10         5               3.9     1.1        1
DAYS >= .50         1               1.9    -0.9        0
DAYS >= 1.00        0               0.7    -0.7        0
GREATEST
 24 HR. TOTAL    0.51   11/23

SNOWFALL (INCHES)
TOTALS            0.0               0.0     0.0
SINCE 7/1         0.0               0.0     0.0

DEGREE_DAYS
HEATING TOTAL     176               210     -34      168
 SINCE 7/1        224               267     -43
COOLING TOTAL      36                37      -1       59
 SINCE 1/1       2964              2449     515
.................................................................

WIND (MPH)
AVERAGE WIND SPEED              5.7
HIGHEST WIND SPEED/DIRECTION    23/310
HIGHEST GUST SPEED/DIRECTION    28/310


WEATHER CONDITIONS. NUMBER OF DAYS WITH
THUNDERSTORM              0     MIXED PRECIP               0
HEAVY RAIN                2     RAIN                       4
LIGHT RAIN                8     FREEZING RAIN              0
LT FREEZING RAIN          0     HAIL                       0
HEAVY SNOW                0     SNOW                       0
LIGHT SNOW                0     SLEET                      0
FOG                      21     FOG W/VIS <= 1/4 MILE      5
HAZE                      1

-  INDICATES NEGATIVE NUMBERS.
R  INDICATES RECORD WAS SET OR TIED.
MM INDICATES DATA IS MISSING.
T  INDICATES TRACE AMOUNT.

&&

NO RECORDS WERE ESTABLISHED AT THE SAVANNAH INTERNATIONAL AIRPORT
DURING THE MONTH.


$$
