000
CXUS52 KCHS 021528
CLMSAV

CLIMATE REPORT
NATIONAL WEATHER SERVICE CHARLESTON SC
1015 AM EST MON FEB 2 2015

...................................

...THE SAVANNAH GA CLIMATE SUMMARY FOR THE MONTH OF JANUARY 2015...

CLIMATE NORMAL PERIOD 1981 TO 2010
CLIMATE RECORD PERIOD 1871 TO 2015

WEATHER         OBSERVED          NORMAL  DEPART  LAST YEAR`S
                 VALUE   DATE(S)  VALUE   FROM    VALUE  DATE(S)
                                          NORMAL
................................................................
TEMPERATURE (F)
RECORD
 HIGH              84   01/29/1957
 LOW                3   01/21/1985
HIGHEST            77   01/04                         75  01/11
LOWEST             20   01/08                         19  01/07
AVG. MAXIMUM     60.3              60.4    -0.1     57.4
AVG. MINIMUM     38.9              38.6     0.3     35.5
MEAN             49.6              49.5     0.1     46.4
DAYS MAX >= 90      0               0.0     0.0        0
DAYS MAX <= 32      0               0.1    -0.1        1
DAYS MIN <= 32      6               8.6    -2.6       12
DAYS MIN <= 0       0               0.0     0.0        0

PRECIPITATION (INCHES)
RECORD
 MAXIMUM         8.98   1991
 MINIMUM         0.30   1902
TOTALS           4.12              3.69    0.43     2.41
DAYS >= .01         7               9.0    -2.0        9
DAYS >= .10         4               6.0    -2.0        7
DAYS >= .50         4               2.4     1.6        2
DAYS >= 1.00        1               1.0     0.0        0
GREATEST
 24 HR. TOTAL    1.89   01/12

SNOWFALL (INCHES)
TOTALS            0.0                 T     0.0
SINCE 7/1         0.0               0.2    -0.2

DEGREE_DAYS
HEATING TOTAL     473               484     -11
 SINCE 7/1       1049              1174    -125
COOLING TOTAL       5                 3       2
 SINCE 1/1          5                 0       5
.................................................................

WIND (MPH)
AVERAGE WIND SPEED              7.3
HIGHEST WIND SPEED/DIRECTION    30/280
HIGHEST GUST SPEED/DIRECTION    38/170


WEATHER CONDITIONS. NUMBER OF DAYS WITH
THUNDERSTORM              0     MIXED PRECIP               0
HEAVY RAIN                4     RAIN                       4
LIGHT RAIN               14     FREEZING RAIN              0
LT FREEZING RAIN          0     HAIL                       0
HEAVY SNOW                0     SNOW                       0
LIGHT SNOW                0     SLEET                      0
FOG                      13     FOG W/VIS <= 1/4 MILE      2
HAZE                      0

-  INDICATES NEGATIVE NUMBERS.
R  INDICATES RECORD WAS SET OR TIED.
MM INDICATES DATA IS MISSING.
T  INDICATES TRACE AMOUNT.

&&

RECORDS ESTABLISHED DURING THE MONTH:

*JAN 4 - RECORD HIGH MINIMUM TEMPERATURE OF 60 DEGREES

$$
