000
CXUS52 KCHS 012022
CLMSAV

CLIMATE REPORT
NATIONAL WEATHER SERVICE CHARLESTON SC
330 PM EDT MON SEP 1 2014

...................................

...THE SAVANNAH GA CLIMATE SUMMARY FOR THE MONTH OF AUGUST 2014...

CLIMATE NORMAL PERIOD 1981 TO 2010
CLIMATE RECORD PERIOD 1871 TO 2014

WEATHER         OBSERVED          NORMAL  DEPART  LAST YEAR`S
                 VALUE   DATE(S)  VALUE   FROM    VALUE  DATE(S)
                                          NORMAL
................................................................
TEMPERATURE (F)
RECORD
 HIGH             104   08/05/1954
 LOW               57   08/29/1986
HIGHEST           100   08/23        MM      MM       97  08/12
                        08/22
LOWEST             65   08/28        MM      MM       68  08/26
AVG. MAXIMUM     92.7              90.6     2.1     89.6
AVG. MINIMUM     73.6              72.4     1.2     73.2
MEAN             83.1              81.5     1.6     81.4
DAYS MAX >= 90     26              18.1     7.9       17
DAYS MAX <= 32      0               0.0     0.0        0
DAYS MIN <= 32      0               0.0     0.0        0
DAYS MIN <= 0       0               0.0     0.0        0

PRECIPITATION (INCHES)
RECORD
 MAXIMUM        22.79   1898
 MINIMUM         1.02   1980
TOTALS           3.41              6.56   -3.15     7.03
DAYS >= .01        10              13.5    -3.5       10
DAYS >= .10         7               8.8    -1.8        8
DAYS >= .50         2               4.4    -2.4        5
DAYS >= 1.00        1               2.0    -1.0        2
GREATEST
 24 HR. TOTAL    1.42   08/08 TO 08/08
                        08/07 TO 08/08
                        08/08 TO 08/08

DEGREE_DAYS
HEATING TOTAL       0                 0       0
 SINCE 7/1          0                 0       0
COOLING TOTAL     570               512      58
 SINCE 1/1       2113              1907     206
.................................................................

WIND (MPH)
AVERAGE WIND SPEED              6.2
HIGHEST WIND SPEED/DIRECTION    35/200
HIGHEST GUST SPEED/DIRECTION    46/200


WEATHER CONDITIONS. NUMBER OF DAYS WITH
THUNDERSTORM              9     MIXED PRECIP               0
HEAVY RAIN                2     RAIN                       6
LIGHT RAIN               15     FREEZING RAIN              0
LT FREEZING RAIN          0     HAIL                       0
HEAVY SNOW                0     SNOW                       0
LIGHT SNOW                0     SLEET                      0
FOG                      13     FOG W/VIS <= 1/4 MILE      2
HAZE                      4

-  INDICATES NEGATIVE NUMBERS.
R  INDICATES RECORD WAS SET OR TIED.
MM INDICATES DATA IS MISSING.
T  INDICATES TRACE AMOUNT.

&&

RECORDS ESTABLISHED DURING THE MONTH:

*AUG 22 - RECORD HIGH TEMPERATURE OF 100 DEGREES
*AUG 23 - RECORD HIGH TEMPERATURE OF 100 DEGREES
*AUG 23 - RECORD HIGH MINIMUM TEMPERATURE OF 78 DEGREES

$$
