000
CXUS52 KCHS 030047
CLMSAV

CLIMATE REPORT
NATIONAL WEATHER SERVICE CHARLESTON SC
840 PM EDT SUN APR 2 2017

...................................

...THE SAVANNAH GA CLIMATE SUMMARY FOR THE MONTH OF MARCH 2017...

CLIMATE NORMAL PERIOD 1981 TO 2010
CLIMATE RECORD PERIOD 1871 TO 2017

WEATHER         OBSERVED          NORMAL  DEPART  LAST YEAR`S
                 VALUE   DATE(S)  VALUE   FROM    VALUE  DATE(S)
                                          NORMAL
................................................................
TEMPERATURE (F)
RECORD
 HIGH              94   03/23/1907
 LOW               20   03/03/1980
                        03/06/1960
HIGHEST            90   03/21                         87  03/16
                                                          03/15
LOWEST             26   03/16                         39  03/22
                                                          03/05
                                                          03/03
AVG. MAXIMUM     73.5              70.9     2.6     76.3
AVG. MINIMUM     48.4              47.6     0.8     53.6
MEAN             61.0              59.2     1.8     65.0
DAYS MAX >= 90      1               0.0     1.0        0
DAYS MAX <= 32      0               0.0     0.0        0
DAYS MIN <= 32      2               1.2     0.8        0
DAYS MIN <= 0       0               0.0     0.0        0

PRECIPITATION (INCHES)
RECORD
 MAXIMUM        10.18   1872
 MINIMUM         0.04   1925
TOTALS           0.50              3.73   -3.23     5.01
DAYS >= .01         5               7.7    -2.7       10
DAYS >= .10         3               5.3    -2.3        5
DAYS >= .50         0               2.5    -2.5        1
DAYS >= 1.00        0               1.3    -1.3        1
GREATEST
 24 HR. TOTAL    0.23   03/13

SNOWFALL (INCHES)
TOTALS            0.0                 T     0.0
SINCE 7/1         0.0               0.3    -0.3

DEGREE_DAYS
HEATING TOTAL     193               210     -17      100
 SINCE 7/1       1003              1727    -724
COOLING TOTAL      75                32      43      106
 SINCE 1/1        133                42      91
.................................................................

WIND (MPH)
AVERAGE WIND SPEED              8.8
HIGHEST WIND SPEED/DIRECTION    35/300
HIGHEST GUST SPEED/DIRECTION    50/310


WEATHER CONDITIONS. NUMBER OF DAYS WITH
THUNDERSTORM              1     MIXED PRECIP               0
HEAVY RAIN                0     RAIN                       2
LIGHT RAIN                5     FREEZING RAIN              0
LT FREEZING RAIN          0     HAIL                       0
HEAVY SNOW                0     SNOW                       0
LIGHT SNOW                0     SLEET                      0
FOG                       5     FOG W/VIS <= 1/4 MILE      0
HAZE                      0

-  INDICATES NEGATIVE NUMBERS.
R  INDICATES RECORD WAS SET OR TIED.
MM INDICATES DATA IS MISSING.
T  INDICATES TRACE AMOUNT.

&&

RECORDS ESTABLISHED AT THE SAVANNAH INTERNATIONAL AIRPORT DURING THE
MONTH:

*5TH DRIEST MARCH ON RECORD
*MAR 1  - RECORD HIGH TEMPERATURE OF 86 DEGREES
*MAR 1  - RECORD HIGH MINIMUM TEMPERATURE OF 67 DEGREES
*MAR 16 - RECORD LOW TEMPERATURE OF 26 DEGREES

$$
