000
CXUS52 KCHS 010903
CLMSAV

CLIMATE REPORT
NATIONAL WEATHER SERVICE CHARLESTON SC
457 AM EDT FRI AUG 1 2014

...................................

...THE SAVANNAH GA CLIMATE SUMMARY FOR THE MONTH OF JULY 2014...

CLIMATE NORMAL PERIOD 1981 TO 2010
CLIMATE RECORD PERIOD 1871 TO 2014

WEATHER         OBSERVED          NORMAL  DEPART  LAST YEAR`S
                 VALUE   DATE(S)  VALUE   FROM    VALUE  DATE(S)
                                          NORMAL
................................................................
TEMPERATURE (F)
RECORD
 HIGH             105   07/20/1986
                        07/12/1879
 LOW               61   07/09/1972
                        07/23/1966
                        07/07/1964
HIGHEST            98   07/28                         94  07/30
LOWEST             70   07/18                         71  07/25
AVG. MAXIMUM     92.0              92.4    -0.4     88.6
AVG. MINIMUM     73.8              72.8     1.0     73.6
MEAN             82.9              82.6     0.3     81.1
DAYS MAX >= 90     24              22.6     1.4       13
DAYS MAX <= 32      0               0.0     0.0        0
DAYS MIN <= 32      0               0.0     0.0        0
DAYS MIN <= 0       0               0.0     0.0        0

PRECIPITATION (INCHES)
RECORD
 MAXIMUM        20.10   1964
 MINIMUM         0.82   1888
TOTALS           4.22              5.60   -1.38    12.32
DAYS >= .01        13              12.3     0.7       22
DAYS >= .10         8               8.2    -0.2       12
DAYS >= .50         2               4.0    -2.0        8
DAYS >= 1.00        2               1.7     0.3        4
GREATEST
 24 HR. TOTAL    1.59   07/30 TO 07/31

DEGREE_DAYS
HEATING TOTAL       0                 0       0
 SINCE 7/1          0                 0       0
COOLING TOTAL     563               546      17
 SINCE 1/1       1543              1395     148
.................................................................

WIND (MPH)
AVERAGE WIND SPEED              6.1
HIGHEST WIND SPEED/DIRECTION    37/280
HIGHEST GUST SPEED/DIRECTION    52/250


WEATHER CONDITIONS. NUMBER OF DAYS WITH
THUNDERSTORM             14     MIXED PRECIP               0
HEAVY RAIN                5     RAIN                       7
LIGHT RAIN               15     FREEZING RAIN              0
LT FREEZING RAIN          0     HAIL                       0
HEAVY SNOW                0     SNOW                       0
LIGHT SNOW                0     SLEET                      0
FOG                      13     FOG W/VIS <= 1/4 MILE      0
HAZE                      2

-  INDICATES NEGATIVE NUMBERS.
R  INDICATES RECORD WAS SET OR TIED.
MM INDICATES DATA IS MISSING.
T  INDICATES TRACE AMOUNT.

$$
