000
CXUS52 KCHS 011903
CLMSAV

CLIMATE REPORT
NATIONAL WEATHER SERVICE CHARLESTON SC
247 PM EDT SAT AUG 1 2015

...................................

...THE SAVANNAH GA CLIMATE SUMMARY FOR THE MONTH OF JULY 2015...

CLIMATE NORMAL PERIOD 1981 TO 2010
CLIMATE RECORD PERIOD 1871 TO 2015

WEATHER         OBSERVED          NORMAL  DEPART  LAST YEAR`S
                 VALUE   DATE(S)  VALUE   FROM    VALUE  DATE(S)
                                          NORMAL
................................................................
TEMPERATURE (F)
RECORD
 HIGH             105   07/20/1986
                        07/12/1879
 LOW               61   07/09/1972
                        07/23/1966
                        07/07/1964
HIGHEST            99   07/11                         98  07/28
LOWEST             70   07/06                         70  07/18
                        07/05
AVG. MAXIMUM     93.5              92.4     1.1     92.0
AVG. MINIMUM     73.9              72.8     1.1     73.8
MEAN             83.7              82.6     1.1     82.9
DAYS MAX >= 90     29              22.6     6.4       24
DAYS MAX <= 32      0               0.0     0.0        0
DAYS MIN <= 32      0               0.0     0.0        0
DAYS MIN <= 0       0               0.0     0.0        0

PRECIPITATION (INCHES)
RECORD
 MAXIMUM        20.10   1964
 MINIMUM         0.82   1888
TOTALS           5.36              5.60   -0.24     4.22
DAYS >= .01        11              12.3    -1.3       13
DAYS >= .10         5               8.2    -3.2        8
DAYS >= .50         4               4.0     0.0        2
DAYS >= 1.00        3               1.7     1.3        2
GREATEST
 24 HR. TOTAL    1.56   07/05

DEGREE_DAYS
HEATING TOTAL       0                 0       0
 SINCE 7/1          0                 0       0
COOLING TOTAL     586               546      40
 SINCE 1/1       1627              1395     232
.................................................................

WIND (MPH)
AVERAGE WIND SPEED              6.4
HIGHEST WIND SPEED/DIRECTION    31/140
HIGHEST GUST SPEED/DIRECTION    43/290


WEATHER CONDITIONS. NUMBER OF DAYS WITH
THUNDERSTORM             14     MIXED PRECIP               0
HEAVY RAIN                5     RAIN                       6
LIGHT RAIN               13     FREEZING RAIN              0
LT FREEZING RAIN          0     HAIL                       0
HEAVY SNOW                0     SNOW                       0
LIGHT SNOW                0     SLEET                      0
FOG                      11     FOG W/VIS <= 1/4 MILE      3
HAZE                      5

-  INDICATES NEGATIVE NUMBERS.
R  INDICATES RECORD WAS SET OR TIED.
MM INDICATES DATA IS MISSING.
T  INDICATES TRACE AMOUNT.

&&

NO RECORDS WERE ESTABLISHED DURING THE MONTH.

$$
