000
CXUS53 KIWX 011506
CLMSBN

INDCLMSBN 000
TTAA00 KIWX 011410


CLIMATE REPORT
NATIONAL WEATHER SERVICE NORTHERN INDIANA
1009 AM EDT TUE AUG 1 2017

...................................

...THE SOUTH BEND CLIMATE SUMMARY FOR THE MONTH OF JULY 2017...

CLIMATE NORMAL PERIOD 1981 TO 2010
CLIMATE RECORD PERIOD 1893 TO 2017

WEATHER         OBSERVED          NORMAL  DEPART  LAST YEAR`S
                 VALUE   DATE(S)  VALUE   FROM    VALUE  DATE(S)
                                          NORMAL
................................................................
TEMPERATURE (F)
RECORD
 HIGH             109   07/24/1934
 LOW               42   07/02/2001
                        07/15/1930
HIGHEST            88   07/06        MM      MM       92  07/12
LOWEST             51   07/29        MM      MM       49  07/02
AVG. MAXIMUM     82.0              82.9    -0.9     83.3
AVG. MINIMUM     61.7              63.1    -1.4     63.0
MEAN             71.9              73.0    -1.1
DAYS MAX >= 90      0               4.2    -4.2        2
DAYS MAX <= 32      0               0.0     0.0        0
DAYS MIN <= 32      0               0.0     0.0        0
DAYS MIN <= 0       0               0.0     0.0        0

PRECIPITATION (INCHES)
RECORD
 MAXIMUM         8.66   2006
 MINIMUM         0.02   1946
TOTALS           3.75              4.00   -0.25     3.24
DAILY AVG.       0.12              0.13   -0.01     0.10
DAYS >= .01         9               9.5    -0.5       12
DAYS >= .10         9               6.5     2.5        8
DAYS >= .50         2               2.7    -0.7        2
DAYS >= 1.00        0               1.0    -1.0        1
GREATEST
 24 HR. TOTAL    0.93   07/04 TO 07/04

SNOWFALL (INCHES)
RECORDS
 TOTAL            0.0   MM
TOTALS            0.0               0.0     0.0      0.0
SINCE 7/1         0.0               0.0     0.0      0.0
SNOWDEPTH AVG.      0                MM      MM        0
DAYS >= 1.0         0               0.0     0.0        0
GREATEST
 SNOW DEPTH         0   MM
 24 HR TOTAL      0.0   07/31 TO 07/31

DEGREE_DAYS
HEATING TOTAL       1                 5      -4        8
 SINCE 7/1          1                 5      -4        8
COOLING TOTAL     220               253     -33      270
 SINCE 1/1        433               474     -41      515
.................................................................

WIND (MPH)
AVERAGE WIND SPEED              6.4
HIGHEST WIND SPEED/DIRECTION    29/220    DATE  07/21
HIGHEST GUST SPEED/DIRECTION    37/210    DATE  07/21

SKY COVER
POSSIBLE SUNSHINE (PERCENT)   MM
AVERAGE SKY COVER           0.20
NUMBER OF DAYS FAIR           22
NUMBER OF DAYS PC              9
NUMBER OF DAYS CLOUDY          0

AVERAGE RH (PERCENT)     76

WEATHER CONDITIONS. NUMBER OF DAYS WITH
THUNDERSTORM              0     MIXED PRECIP               0
HEAVY RAIN                6     RAIN                       6
LIGHT RAIN               13     FREEZING RAIN              0
LT FREEZING RAIN          0     HAIL                       0
HEAVY SNOW                0     SNOW                       0
LIGHT SNOW                0     SLEET                      0
FOG                      14     FOG W/VIS <= 1/4 MILE      0
HAZE                      0

-  INDICATES NEGATIVE NUMBERS.
R  INDICATES RECORD WAS SET OR TIED.
MM INDICATES DATA IS MISSING.
T  INDICATES TRACE AMOUNT.

&&

...BELOW NORMAL TEMPERATURES AND PRECIPITATION THIS MONTH...

TEMPERATURES AVERAGED A TOUCH BELOW NORMAL IN JULY AND PRECIPITATION
WAS SPREAD RATHER EVENLY THROUGHOUT THE MONTH LEADING TO A SLIGHTLY
BELOW NORMAL JULY. THERE WERE A COUPLE PERIODS OF WARM TEMPERATURES
AND VERY HUMID CONDITIONS, BUT THE HIGH TEMPERATURE NEVER REACHED 90
DEGREES DURING THE MONTH. THERE HAVE BEEN 10 OTHER YEARS AT SOUTH
BEND WHERE THE HIGH TEMPERATURE DURING JULY DID NOT REACH 90 DEGREES
AND FOUR OF THOSE YEARS HAVE BEEN SINCE 2000. THE LAST OCCURRENCE
WAS IN 2014. WHILE THE MONTH WILL OFFICIALLY GO DOWN AS BELOW
NORMAL, THERE WERE LOCATIONS SURROUNDING THE AIRPORT THAT SEEN MUCH
MORE IN THE WAY OF RAINFALL.

THE AVERAGE MONTHLY TEMPERATURE WAS 71.9 DEGREES, 1.1 DEGREES BELOW
NORMAL. THIS RANKED AS THE 38TH COOLEST JULY ON RECORD.

THERE WAS 3.75 INCHES OF PRECIPITATION, 0.25 BELOW NORMAL. THIS
RANKED AS THE 74TH DRIEST JULY ON RECORD.

$$
