000
CXUS53 KIWX 011104
CLMSBN

INDCLMSBN 000
TTAA00 KIWX 011030


CLIMATE REPORT
NATIONAL WEATHER SERVICE NORTHERN INDIANA
629 AM EDT WED JUL 1 2015

...................................

...THE SOUTH BEND CLIMATE SUMMARY FOR THE MONTH OF JUNE 2015...

CLIMATE NORMAL PERIOD 1981 TO 2010
CLIMATE RECORD PERIOD 1893 TO 2015

WEATHER         OBSERVED          NORMAL  DEPART  LAST YEAR`S
                 VALUE   DATE(S)  VALUE   FROM    VALUE  DATE(S)
                                          NORMAL
................................................................
TEMPERATURE (F)
RECORD
 HIGH             106   06/01/1934
 LOW               35   06/11/1972
                        06/02/1956
                        06/16/1917
HIGHEST            90   06/10        MM      MM       90  06/17
LOWEST             44   06/02        MM      MM       48  06/14
                                                          06/05
AVG. MAXIMUM     78.6              79.4    -0.8     81.1
AVG. MINIMUM     60.2              58.7     1.5     61.7
MEAN             69.4              69.1     0.3
DAYS MAX >= 90      1               2.4    -1.4        1
DAYS MAX <= 32      0               0.0     0.0        0
DAYS MIN <= 32      0               0.0     0.0        0
DAYS MIN <= 0       0               0.0     0.0        0

PRECIPITATION (INCHES)
RECORD
 MAXIMUM        10.86   1993
 MINIMUM         0.48   1988
TOTALS           4.07              3.79    0.28     9.14
DAILY AVG.       0.14              0.13    0.01     0.30
DAYS >= .01        18              10.3     7.7       13
DAYS >= .10        10               6.8     3.2       13
DAYS >= .50         3               2.4     0.6        9
DAYS >= 1.00        0               0.9    -0.9        3
GREATEST
 24 HR. TOTAL    1.13   06/26 TO 06/27

SNOWFALL (INCHES)
RECORDS
 TOTAL             MM   MM
TOTALS            0.0               0.0     0.0      0.0
SINCE 7/1        83.9              66.6    17.3     17.0
SNOWDEPTH AVG.      0                MM      MM        0
DAYS >= 1.0         0               0.0     0.0        0
GREATEST
 SNOW DEPTH         0   MM
 24 HR TOTAL      0.0   06/30 TO 06/30

DEGREE_DAYS
HEATING TOTAL      19                44     -25       17
 SINCE 7/1       6623              6298     325     6953
COOLING TOTAL     157               165      -8      216
 SINCE 1/1        243               221      22      301
.................................................................

WIND (MPH)
AVERAGE WIND SPEED              7.9
HIGHEST WIND SPEED/DIRECTION    32/270    DATE  06/08
HIGHEST GUST SPEED/DIRECTION    45/260    DATE  06/08

SKY COVER
POSSIBLE SUNSHINE (PERCENT)   MM
AVERAGE SKY COVER           0.50
NUMBER OF DAYS FAIR           11
NUMBER OF DAYS PC             14
NUMBER OF DAYS CLOUDY          5

AVERAGE RH (PERCENT)     74

WEATHER CONDITIONS. NUMBER OF DAYS WITH
THUNDERSTORM              0     MIXED PRECIP               0
HEAVY RAIN                3     RAIN                       7
LIGHT RAIN               16     FREEZING RAIN              0
LT FREEZING RAIN          0     HAIL                       0
HEAVY SNOW                0     SNOW                       0
LIGHT SNOW                0     SLEET                      0
FOG                      20     FOG W/VIS <= 1/4 MILE      1
HAZE                      4

-  INDICATES NEGATIVE NUMBERS.
R  INDICATES RECORD WAS SET OR TIED.
MM INDICATES DATA IS MISSING.
T  INDICATES TRACE AMOUNT.

&&

...NEAR NORMAL JUNE IN THE SOUTH BEND AREA...

DESPITE HEAVY RAINFALL ACROSS MUCH OF THE MICHIANA
REGION...TEMPERATURES AND PRECIPITATION AT SOUTH BEND INTERNATIONAL
AIRPORT WERE CLOSE TO NORMAL FOR THE MONTH OF JUNE. MEASURABLE
PRECIPITATION FELL ON 18 DAYS AND 3 OF THOSE DAYS HAD A HALF INCH OR
MORE OF RAIN. AREAS TO THE SOUTH OF SOUTH BEND RECEIVED
SIGNIFICANTLY MORE RAINFALL WITH SIGNIFICANT FLOODING OCCURRING OVER
NORTHWEST AND NORTH CENTRAL INDIANA.

THE AVERAGE MONTHLY TEMPERATURE WAS 69.4 DEGREES...0.3 DEGREES ABOVE
NORMAL. THIS WAS THE 51ST WARMEST JUNE ON RECORD. THE HIGHEST
TEMPERATURE WAS 90 ON THE 10TH AND THE COOLEST TEMPERATURE WAS 44 ON
THE 2ND.

JUNE PRECIPITATION AT SOUTH BEND TOTALED 4.07 INCHES...0.28 INCHES
ABOVE NORMAL. THIS RANKS AS THE 53RD WETTEST JUNE ON RECORD. THE
GREATEST 24 HOUR PRECIPITATION WAS 1.13 INCHES ON THE 26TH AND 27TH.

$$

LASHLEY/MCD
