000
CXUS51 KAKQ 210017
CLMSBY


CLIMATE REPORT
NATIONAL WEATHER SERVICE WAKEFIELD, VA
815 PM EDT TUE JUN 20 2017

...................................

...THE SALISBURY MD CLIMATE SUMMARY FOR THE MONTH OF MAY 2017...

CLIMATE NORMAL PERIOD 1981 TO 2010
CLIMATE RECORD PERIOD 1900 TO 2017

WEATHER         OBSERVED          NORMAL  DEPART  LAST YEAR`S
                 VALUE   DATE(S)  VALUE   FROM    VALUE  DATE(S)
                                          NORMAL
................................................................
TEMPERATURE (F)
RECORD
 HIGH              97   05/27/1917
 LOW               28   05/05/2003
HIGHEST            91   05/17        80      11       89  05/26
LOWEST             42   05/09        49      -7       35  05/16
                        05/08
AVG. MAXIMUM     72.2              73.5    -1.3     70.5
AVG. MINIMUM     53.0              51.6     1.4     52.5
MEAN             62.6              62.6     0.0     61.5
DAYS MAX >= 90      2               0.6     1.4        0
DAYS MAX <= 32      0               0.0     0.0        0
DAYS MIN <= 32      0               0.1    -0.1        0
DAYS MIN <= 0       0               0.0     0.0        0

PRECIPITATION (INCHES)
RECORD
 MAXIMUM        10.38   1948
 MINIMUM         0.18   1911
TOTALS           5.08              3.62    1.46     6.43
DAILY AVG.       0.16              0.12    0.04     0.21
DAYS >= .01        14              10.8     3.2       19
DAYS >= .10        11               6.7     4.3       13
DAYS >= .50         2               2.2    -0.2        6
DAYS >= 1.00        1               0.9     0.1        1
GREATEST
 24 HR. TOTAL    1.61   05/05 TO 05/05

DEGREE_DAYS
HEATING TOTAL     133               142      -9      159
 SINCE 7/1       3688              4422    -734     3636
COOLING TOTAL      68                67       1       61
 SINCE 1/1        138                84      54       85
.................................................................

WIND (MPH)
AVERAGE WIND SPEED              9.0
HIGHEST WIND SPEED/DIRECTION    29/210    DATE  05/25
HIGHEST GUST SPEED/DIRECTION    39/230    DATE  05/05

SKY COVER
POSSIBLE SUNSHINE (PERCENT)   MM
AVERAGE SKY COVER           0.50

AVERAGE RH (PERCENT)     75

WEATHER CONDITIONS. NUMBER OF DAYS WITH
THUNDERSTORM              3     MIXED PRECIP               0
HEAVY RAIN                7     RAIN                      10
LIGHT RAIN               14     FREEZING RAIN              0
LT FREEZING RAIN          0     HAIL                       0
HEAVY SNOW                0     SNOW                       0
LIGHT SNOW                0     SLEET                      0
FOG                      14     FOG W/VIS <= 1/4 MILE      2
HAZE                      0

-  INDICATES NEGATIVE NUMBERS.
R  INDICATES RECORD WAS SET OR TIED.
MM INDICATES DATA IS MISSING.
T  INDICATES TRACE AMOUNT.

$$
