235
CXUS51 KAKQ 031615
CLMSBY


CLIMATE REPORT
NATIONAL WEATHER SERVICE WAKEFIELD, VA
1114 AM EST WED FEB 3 2016

...................................

...THE SALISBURY MD CLIMATE SUMMARY FOR THE MONTH OF JANUARY 2016...

CLIMATE NORMAL PERIOD 1981 TO 2010
CLIMATE RECORD PERIOD 1900 TO 2016

WEATHER         OBSERVED          NORMAL  DEPART  LAST YEAR`S
                 VALUE   DATE(S)  VALUE   FROM    VALUE  DATE(S)
                                          NORMAL
................................................................
TEMPERATURE (F)
RECORD
 HIGH              77   01/30/2002
 LOW               -9   01/21/1918
HIGHEST            67   01/10        49      18       71  01/04
LOWEST             13   01/06        31     -18        9  01/11
AVG. MAXIMUM     45.6              44.2     1.4     44.7
AVG. MINIMUM     25.6              26.6    -1.0     27.4
MEAN             35.6              35.4     0.2     36.0
DAYS MAX >= 90      0               0.0     0.0        0
DAYS MAX <= 32      3               4.4    -1.4        3
DAYS MIN <= 32     25              21.9     3.1       23
DAYS MIN <= 0       0               0.1    -0.1        0

PRECIPITATION (INCHES)
RECORD
 MAXIMUM         9.86   1937
 MINIMUM         0.10   1921
TOTALS           3.21              3.61   -0.40     4.56
DAILY AVG.       0.10              0.12   -0.02     0.15
DAYS >= .01         9              10.2    -1.2       12
DAYS >= .10         6               6.6    -0.6        7
DAYS >= .50         2               2.6    -0.6        3
DAYS >= 1.00        1               0.8     0.2        1
GREATEST
 24 HR. TOTAL    1.27   01/15 TO 01/16

SNOWFALL (INCHES)
RECORDS
 TOTAL          999.9   2010
TOTALS            6.7
SINCE 7/1         6.7               5.0     1.7        T
SNOWDEPTH AVG.      0                MM      MM        0
DAYS >= 1.0         3               1.1     1.9        0
GREATEST
 SNOW DEPTH         0   MM                            -1  01/27
 24 HR TOTAL      3.0   01/22 TO 01/22           01/27 TO 01/27
                                                          01/18 TO 01/18
                                                          01/18 TO 01/18

DEGREE_DAYS
HEATING TOTAL     900               917     -17      888
 SINCE 7/1       1958              2541    -583     2204
COOLING TOTAL       0                 0       0        0
 SINCE 1/1          0                 0       0        0
.........................................................

WIND (MPH)
AVERAGE WIND SPEED              8.1
HIGHEST WIND SPEED/DIRECTION    39/MM     DATE   MM
HIGHEST GUST SPEED/DIRECTION    58/050    DATE  01/23

SKY COVER
POSSIBLE SUNSHINE (PERCENT)   MM
AVERAGE SKY COVER           0.30

AVERAGE RH (PERCENT)     67

WEATHER CONDITIONS. NUMBER OF DAYS WITH
THUNDERSTORM              0     MIXED PRECIP               0
HEAVY RAIN                3     RAIN                       3
LIGHT RAIN                8     FREEZING RAIN              0
LT FREEZING RAIN          0     HAIL                       0
HEAVY SNOW                2     SNOW                       3
LIGHT SNOW                4     SLEET                      0
FOG                      11     FOG W/VIS <= 1/4 MILE      2
HAZE                      2

-  INDICATES NEGATIVE NUMBERS.
R  INDICATES RECORD WAS SET OR TIED.
MM INDICATES DATA IS MISSING.
T  INDICATES TRACE AMOUNT.

$$
