000
CXUS51 KAKQ 011207
CLMSBY


CLIMATE REPORT
NATIONAL WEATHER SERVICE WAKEFIELD, VA
806 AM EDT WED OCT 1 2014

...................................

...THE SALISBURY MD CLIMATE SUMMARY FOR THE MONTH OF SEPTEMBER 2014...

CLIMATE NORMAL PERIOD 1981 TO 2010
CLIMATE RECORD PERIOD 1900 TO 2014

WEATHER         OBSERVED          NORMAL  DEPART  LAST YEAR`S
                 VALUE   DATE(S)  VALUE   FROM    VALUE  DATE(S)
                                          NORMAL
................................................................
TEMPERATURE (F)
RECORD
 HIGH             100   09/01/1932
 LOW               34   09/21/1956
HIGHEST            97   09/02        85      12       MM  MM
LOWEST             49   09/23        54      -5       MM  MM
AVG. MAXIMUM     81.4              78.4     3.0       MM
AVG. MINIMUM     62.3              58.0     4.3       MM
MEAN             71.8              68.2     3.6       MM
DAYS MAX >= 90      4               1.1     2.9       MM
DAYS MAX <= 32      0               0.0     0.0       MM
DAYS MIN <= 32      0               0.0     0.0       MM
DAYS MIN <= 0       0               0.0     0.0       MM

PRECIPITATION (INCHES)
RECORD
 MAXIMUM        14.83   1935
 MINIMUM         0.26   1921
TOTALS           4.38              3.98    0.40       MM
DAILY AVG.       0.15              0.13    0.02       MM
DAYS >= .01         9               8.2     0.8       MM
DAYS >= .10         6               5.4     0.6       MM
DAYS >= .50         3               2.6     0.4       MM
DAYS >= 1.00        1               1.0     0.0       MM
GREATEST
 24 HR. TOTAL    2.36   09/06 TO 09/06

DEGREE_DAYS
HEATING TOTAL       6                46     -40       MM
 SINCE 7/1          6                48     -42       MM
COOLING TOTAL     220               142      78       MM
 SINCE 1/1       1342              1125     217       MM
.................................................................

WIND (MPH)
AVERAGE WIND SPEED              5.2
HIGHEST WIND SPEED/DIRECTION    37/330    DATE  09/06
HIGHEST GUST SPEED/DIRECTION    49/330    DATE  09/06

SKY COVER
POSSIBLE SUNSHINE (PERCENT)   MM
AVERAGE SKY COVER           0.40

AVERAGE RH (PERCENT)     70

WEATHER CONDITIONS. NUMBER OF DAYS WITH
THUNDERSTORM              0     MIXED PRECIP               0
HEAVY RAIN                6     RAIN                       7
LIGHT RAIN               11     FREEZING RAIN              0
LT FREEZING RAIN          0     HAIL                       0
HEAVY SNOW                0     SNOW                       0
LIGHT SNOW                0     SLEET                      0
FOG                      16     FOG W/VIS <= 1/4 MILE      1
HAZE                     10

-  INDICATES NEGATIVE NUMBERS.
R  INDICATES RECORD WAS SET OR TIED.
MM INDICATES DATA IS MISSING.
T  INDICATES TRACE AMOUNT.

$$
