000
CXUS51 KAKQ 011959
CLMSBY


CLIMATE REPORT
NATIONAL WEATHER SERVICE WAKEFIELD, VA
356 PM EDT SAT AUG 1 2015

...................................

...THE SALISBURY MD CLIMATE SUMMARY FOR THE MONTH OF JULY 2015...

CLIMATE NORMAL PERIOD 1981 TO 2010
CLIMATE RECORD PERIOD 1900 TO 2015

WEATHER         OBSERVED          NORMAL  DEPART  LAST YEAR`S
                 VALUE   DATE(S)  VALUE   FROM    VALUE  DATE(S)
                                          NORMAL
................................................................
TEMPERATURE (F)
RECORD
 HIGH             106   07/21/1929
 LOW               42   07/12/2002
HIGHEST            94   07/20        89       5       99  07/02
LOWEST             59   07/24        66      -7       56  07/30
                                                          07/29
AVG. MAXIMUM     85.2              86.5    -1.3     87.3
AVG. MINIMUM     67.7              67.0     0.7     67.4
MEAN             76.4              76.8    -0.4     77.4
DAYS MAX >= 90      4               8.6    -4.6       10
DAYS MAX <= 32      0               0.0     0.0        0
DAYS MIN <= 32      0               0.0     0.0        0
DAYS MIN <= 0       0               0.0     0.0        0

PRECIPITATION (INCHES)
RECORD
 MAXIMUM        10.42   1975
 MINIMUM         0.86   2010
TOTALS           6.26              4.38    1.88     3.28
DAILY AVG.       0.20              0.14    0.06     0.11
DAYS >= .01        11              10.0     1.0        8
DAYS >= .10        10               6.8     3.2        6
DAYS >= .50         4               2.5     1.5        2
DAYS >= 1.00        3               1.3     1.7        2
GREATEST
 24 HR. TOTAL    1.53   07/26 TO 07/27
                        07/27 TO 07/27
                        07/27 TO 07/28

DEGREE_DAYS
HEATING TOTAL       0                 1      -1        0
 SINCE 7/1          0                 1      -1        0
COOLING TOTAL     360               364      -4      390
 SINCE 1/1        801               675     126      818
.................................................................

WIND (MPH)
AVERAGE WIND SPEED              5.4
HIGHEST WIND SPEED/DIRECTION    29/360    DATE  07/21
HIGHEST GUST SPEED/DIRECTION    35/360    DATE  07/21

SKY COVER
POSSIBLE SUNSHINE (PERCENT)   MM
AVERAGE SKY COVER           0.30

AVERAGE RH (PERCENT)     77

WEATHER CONDITIONS. NUMBER OF DAYS WITH
THUNDERSTORM              6     MIXED PRECIP               0
HEAVY RAIN                8     RAIN                       6
LIGHT RAIN               12     FREEZING RAIN              0
LT FREEZING RAIN          0     HAIL                       0
HEAVY SNOW                0     SNOW                       0
LIGHT SNOW                0     SLEET                      0
FOG                      15     FOG W/VIS <= 1/4 MILE      1
HAZE                      3

-  INDICATES NEGATIVE NUMBERS.
R  INDICATES RECORD WAS SET OR TIED.
MM INDICATES DATA IS MISSING.
T  INDICATES TRACE AMOUNT.

$$
