000
CXUS51 KAKQ 012148 CCA
CLMSBY

CLIMATE REPORT
NATIONAL WEATHER SERVICE WAKEFIELD, VA
443 PM EST THU JAN 1 2015

...................................

...THE SALISBURY MD CLIMATE SUMMARY FOR THE YEAR OF 2014...

CLIMATE NORMAL PERIOD 1981 TO 2010
CLIMATE RECORD PERIOD 1900 TO 2014

WEATHER         OBSERVED          NORMAL  DEPART  LAST YEAR`S
                 VALUE   DATE(S)  VALUE   FROM    VALUE  DATE(S)
                                          NORMAL
................................................................
TEMPERATURE (F)
RECORD
 HIGH             106   07/21/1930
                        08/07/1918
 LOW               -9   01/21/1918
HIGHEST            99   07/02        MM      MM       97  07/18
                                                          07/17
LOWEST             -6   01/30        MM      MM        8  01/25
AVG. MAXIMUM     67.6              66.0     1.6     65.1
AVG. MINIMUM     46.8              45.9     0.9     45.8
MEAN             57.2              56.0     1.2     55.5
DAYS MAX >= 90     26              18.8     7.2       37
DAYS MAX <= 32      9               8.2     0.8        4
DAYS MIN <= 32     87              89.0    -2.0       81
DAYS MIN <= 0       1               0.1     0.9        0

PRECIPITATION (INCHES)
RECORD
 MAXIMUM        48.79   2013
 MINIMUM        29.23   2007
TOTALS             MM             45.68      MM    48.79
DAILY AVG.         MM              0.13      MM     0.13
DAYS >= .01        MM             117.1      MM      103
DAYS >= .10        MM              76.7      MM       72
DAYS >= .50        MM              30.3      MM       32
DAYS >= 1.00       MM              11.7      MM       11
GREATEST
 24 HR. TOTAL    2.52
 STORM TOTAL       MM
 (MM/DD(HH))

SNOWFALL (INCHES)
RECORDS
 TOTAL            7.5   2009
 24 HR TOTAL      2.0   12/19/2009 TO 12/19/2009
 SNOW DEPTH         3   03/03/2009
                        03/02/2009
                        01/22/2005
TOTALS           22.5R              9.3    13.2      2.8
 LIQUID EQUIV    2.25              0.90    1.35     0.28
SINCE 7/1           T               1.8    -1.8        T
 LIQUID 7/1        MM              0.20      MM       MM
SNOWDEPTH AVG.      0                MM      MM        0
DAYS >= TRACE      24               5.5    18.5       14
DAYS >= 1.0         9               3.2     5.8        2
GREATEST
 SNOW DEPTH         4R  03/26                          1  01/25
                        03/17                             01/17
                        01/30                             01/24
 24 HR TOTAL      4.0R  MM                       08/01 TO 08/01
                                                          08/01 TO 08/01
                                                          08/01 TO 08/01
 STORM TOTAL       MM
 (MM/DD(HH))

DEGREE_DAYS
HEATING TOTAL    4117              4442    -325     3938
 SINCE 7/1         MM              1624      MM       MM
COOLING TOTAL    1379              1153     226     1633
 SINCE 1/1       1379              1153     226     1633
..................................................



-  INDICATES NEGATIVE NUMBERS.
R  INDICATES RECORD WAS SET OR TIED.
MM INDICATES DATA IS MISSING.
T  INDICATES TRACE AMOUNT.

PRECIPITATION FOR THE YEAR 2014 IS SIGNIFICANTLY UNDER REPRESENTED.
ANNUAL RAINFALL IN THE AREA HAS BEEN MEASURED AT 37 TO 45 INCHES.
THIS WILL BE REVIEWED IN THE COMING WEEKS.

$$
