000
CXUS51 KAKQ 020040
CLMSBY


CLIMATE REPORT
NATIONAL WEATHER SERVICE WAKEFIELD, VA
839 PM EDT FRI MAY 1 2015

...................................

...THE SALISBURY MD CLIMATE SUMMARY FOR THE MONTH OF APRIL 2015...

CLIMATE NORMAL PERIOD 1981 TO 2010
CLIMATE RECORD PERIOD 1900 TO 2015

WEATHER         OBSERVED          NORMAL  DEPART  LAST YEAR`S
                 VALUE   DATE(S)  VALUE   FROM    VALUE  DATE(S)
                                          NORMAL
................................................................
TEMPERATURE (F)
RECORD
 HIGH              96   04/27/1915
                        04/26/1915
 LOW               15   04/01/1923
HIGHEST            78   04/18        72       6       83  04/13
                        04/10
LOWEST             29   04/05        40     -11       32  04/06
                        04/02
AVG. MAXIMUM     66.2              64.9     1.3     67.1
AVG. MINIMUM     42.8              43.1    -0.3     43.8
MEAN             54.5              54.0     0.5     55.4
DAYS MAX >= 90      0               0.1    -0.1        0
DAYS MAX <= 32      0               0.0     0.0        0
DAYS MIN <= 32      3               3.4    -0.4        1
DAYS MIN <= 0       0               0.0     0.0        0

PRECIPITATION (INCHES)
RECORD
 MAXIMUM         6.30   1983
 MINIMUM         0.39   2010
TOTALS           3.67              3.55    0.12     3.06
DAILY AVG.       0.12              0.12    0.00     0.10
DAYS >= .01        11              10.9     0.1        9
DAYS >= .10         5               7.0    -2.0        5
DAYS >= .50         2               2.4    -0.4        2
DAYS >= 1.00        2               1.0     1.0        1
GREATEST
 24 HR. TOTAL    1.43   04/14 TO 04/14

SNOWFALL (INCHES)
RECORDS
 TOTAL           10.0   5
                        0
                        -26215
TOTALS            0.0
SINCE 7/1        15.7               9.3     6.4     22.5
SNOWDEPTH AVG.      0                MM      MM        0
DAYS >= 1.0         0               0.1    -0.1        0
GREATEST
 SNOW DEPTH         0   MM                             0  MM
 24 HR TOTAL      0.0   04/30 TO 04/30           04/30 TO 04/30
                                                          04/30 TO 04/30
                                                          04/30 TO 04/30

DEGREE_DAYS
HEATING TOTAL     315               345     -30      292
 SINCE 7/1       4197              4280     -83     4121
COOLING TOTAL       7                15      -8       14
 SINCE 1/1          7                17     -10       14
.................................................

WIND (MPH)
AVERAGE WIND SPEED              9.0
HIGHEST WIND SPEED/DIRECTION    35/210    DATE  04/22
HIGHEST GUST SPEED/DIRECTION    44/190    DATE  04/22

SKY COVER
POSSIBLE SUNSHINE (PERCENT)   MM
AVERAGE SKY COVER           0.40

AVERAGE RH (PERCENT)     66

WEATHER CONDITIONS. NUMBER OF DAYS WITH
THUNDERSTORM              1     MIXED PRECIP               0
HEAVY RAIN                3     RAIN                       4
LIGHT RAIN               15     FREEZING RAIN              0
LT FREEZING RAIN          0     HAIL                       0
HEAVY SNOW                0     SNOW                       0
LIGHT SNOW                0     SLEET                      0
FOG                      15     FOG W/VIS <= 1/4 MILE      2
HAZE                      0

-  INDICATES NEGATIVE NUMBERS.
R  INDICATES RECORD WAS SET OR TIED.
MM INDICATES DATA IS MISSING.
T  INDICATES TRACE AMOUNT.

$$
