000
CXUS51 KAKQ 011208
CLMSBY


CLIMATE REPORT
NATIONAL WEATHER SERVICE WAKEFIELD, VA
807 AM EDT FRI SEP 1 2017

...................................

...THE SALISBURY MD CLIMATE SUMMARY FOR THE MONTH OF AUGUST 2017...

CLIMATE NORMAL PERIOD 1981 TO 2010
CLIMATE RECORD PERIOD 1900 TO 2017

WEATHER         OBSERVED          NORMAL  DEPART  LAST YEAR`S
                 VALUE   DATE(S)  VALUE   FROM    VALUE  DATE(S)
                                          NORMAL
................................................................
TEMPERATURE (F)
RECORD
 HIGH             106   08/07/1918
 LOW               45   08/30/1986
                        08/29/1986
                        08/24/1952
HIGHEST            91   08/18        88       3       98  08/14
LOWEST             57   08/28        63      -6       57  08/24
AVG. MAXIMUM     83.5              84.4    -0.9     89.0
AVG. MINIMUM     65.5              65.4     0.1     68.4
MEAN             74.5              74.9    -0.4     78.7
DAYS MAX >= 90      4               4.4    -0.4       13
DAYS MAX <= 32      0               0.0     0.0        0
DAYS MIN <= 32      0               0.0     0.0        0
DAYS MIN <= 0       0               0.0     0.0        0

PRECIPITATION (INCHES)
RECORD
 MAXIMUM        13.03   1933
 MINIMUM         0.36   1966
TOTALS          12.23              4.43    7.80     2.70
DAILY AVG.       0.39              0.14    0.25     0.09
DAYS >= .01        10               8.8     1.2        6
DAYS >= .10         7               5.9     1.1        3
DAYS >= .50         5               2.8     2.2        3
DAYS >= 1.00        3               1.4     1.6        1
GREATEST
 24 HR. TOTAL    6.56   08/12 TO 08/12

DEGREE_DAYS
HEATING TOTAL       0                 1      -1        0
 SINCE 7/1          0                 2      -2        0
COOLING TOTAL     304               308      -4      435
 SINCE 1/1       1167               983     184     1189
.................................................................

WIND (MPH)
AVERAGE WIND SPEED              5.3
HIGHEST WIND SPEED/DIRECTION    26/010    DATE  08/29
HIGHEST GUST SPEED/DIRECTION    41/010    DATE  08/29

SKY COVER
POSSIBLE SUNSHINE (PERCENT)   MM
AVERAGE SKY COVER           0.40

AVERAGE RH (PERCENT)     79

WEATHER CONDITIONS. NUMBER OF DAYS WITH
THUNDERSTORM              0     MIXED PRECIP               0
HEAVY RAIN                6     RAIN                       7
LIGHT RAIN               12     FREEZING RAIN              0
LT FREEZING RAIN          0     HAIL                       0
HEAVY SNOW                0     SNOW                       0
LIGHT SNOW                0     SLEET                      0
FOG                      17     FOG W/VIS <= 1/4 MILE      6
HAZE                      2

-  INDICATES NEGATIVE NUMBERS.
R  INDICATES RECORD WAS SET OR TIED.
MM INDICATES DATA IS MISSING.
T  INDICATES TRACE AMOUNT.

$$
