000
CXUS46 KLOX 011420
CLMSDB


CLIMATE REPORT
NATIONAL WEATHER SERVICE LOS ANGELES/OXNARD CA
720 AM PDT WED JUL 1 2015

...................................

...THE SANDBERG CA CLIMATE SUMMARY FOR THE MONTH OF JUNE 2015...

CLIMATE NORMAL PERIOD 1981 TO 2010
CLIMATE RECORD PERIOD 1934 TO 2015

WEATHER         OBSERVED          NORMAL  DEPART  LAST YEAR`S
                 VALUE   DATE(S)  VALUE   FROM    VALUE
                                          NORMAL
.............................................................
TEMPERATURE (F)
HIGHEST            98   06/30
LOWEST             46   06/05
AVG. MAXIMUM     87.0              76.7    10.3
AVG. MINIMUM     63.9              56.4     7.5
MEAN             75.5              66.6     8.9
DAYS MAX >= 90     18
DAYS MAX <= 32      0
DAYS MIN <= 32      0
DAYS MIN <= 0       0

PRECIPITATION (INCHES)
TOTALS           0.11              0.06    0.05
DAILY AVG.       0.00
DAYS >= .01         2
DAYS >= .10         0
DAYS >= .50         0
DAYS >= 1.00        0
GREATEST
 24 HR. TOTAL    0.10   06/09 TO 06/10

DEGREE_DAYS
HEATING TOTAL      19                84     -65        7
 SINCE 7/1       2401              4112   -1711     2520
COOLING TOTAL     340               131     209      240
 SINCE 1/1        453               176     277      390
..............................................................

WIND (MPH)
AVERAGE WIND SPEED              13.2
HIGHEST WIND SPEED/DIRECTION    41/340    DATE  06/19
HIGHEST GUST SPEED/DIRECTION    50/340    DATE  06/19

SKY COVER
POSSIBLE SUNSHINE (PERCENT)   MM
AVERAGE SKY COVER           0.10
NUMBER OF DAYS FAIR           26
NUMBER OF DAYS PC              2
NUMBER OF DAYS CLOUDY          0

AVERAGE RH (PERCENT)     33

WEATHER CONDITIONS. NUMBER OF DAYS WITH
THUNDERSTORM              0     MIXED PRECIP               0
HEAVY RAIN                0     RAIN                       0
LIGHT RAIN                2     FREEZING RAIN              0
LT FREEZING RAIN          0     HAIL                       0
HEAVY SNOW                0     SNOW                       0
LIGHT SNOW                0     SLEET                      0
FOG                       5     FOG W/VIS <= 1/4 MILE      2
HAZE                      4

-  INDICATES NEGATIVE NUMBERS.
R  INDICATES RECORD WAS SET OR TIED.
MM INDICATES DATA IS MISSING.
T  INDICATES TRACE AMOUNT.

$$
