000
CXUS46 KLOX 020138
CLMSDB


CLIMATE REPORT
NATIONAL WEATHER SERVICE LOS ANGELES/OXNARD CA
537 PM PST THU JAN 1 2015

...................................

...THE SANDBERG CA CLIMATE SUMMARY FOR THE YEAR OF 2014...

CLIMATE NORMAL PERIOD 1981 TO 2010
CLIMATE RECORD PERIOD 1934 TO 2014

WEATHER         OBSERVED          NORMAL  DEPART  LAST YEAR`S
                 VALUE   DATE(S)  VALUE   FROM    VALUE
                                          NORMAL
.............................................................
TEMPERATURE (F)
HIGHEST            99   07/13        MM      MM
LOWEST             22   12/31        MM      MM
AVG. MAXIMUM     72.2              64.6     7.6
AVG. MINIMUM     53.2              48.3     4.9
MEAN             62.7              56.5     6.2
DAYS MAX >= 90     53
DAYS MAX <= 32      0
DAYS MIN <= 32     11
DAYS MIN <= 0       0

PRECIPITATION (INCHES)
RECORD
 MAXIMUM           MM   MM
 MINIMUM           MM   MM
TOTALS           8.65             12.33   -3.68
DAILY AVG.          T
DAYS >= .01        34
DAYS >= .10        11
DAYS >= .50         4
DAYS >= 1.00        3
GREATEST
 24 HR. TOTAL    2.46   MM

DEGREE_DAYS
HEATING TOTAL    2407              4111   -1704     2971
 SINCE 7/1        963              1481    -518     1076
COOLING TOTAL    1689               997     692     1565
 SINCE 1/1       1689               998     691     1565
..............................................................

WIND (MPH)
AVERAGE WIND SPEED              13.5
HIGHEST WIND SPEED/DIRECTION    56/340    DATE  03/17
HIGHEST GUST SPEED/DIRECTION    65/340    DATE  03/07

SKY COVER
POSSIBLE SUNSHINE (PERCENT)   MM
AVERAGE SKY COVER           0.10
NUMBER OF DAYS FAIR          297
NUMBER OF DAYS PC             40
NUMBER OF DAYS CLOUDY         16

AVERAGE RH (PERCENT)     40

WEATHER CONDITIONS. NUMBER OF DAYS WITH
THUNDERSTORM              0     MIXED PRECIP               0
HEAVY RAIN                4     RAIN                       4
LIGHT RAIN               48     FREEZING RAIN              0
LT FREEZING RAIN          0     HAIL                       0
HEAVY SNOW                0     SNOW                       0
LIGHT SNOW               11     SLEET                      0
FOG                      77     FOG W/VIS <= 1/4 MILE     63
HAZE                     77

-  INDICATES NEGATIVE NUMBERS.
R  INDICATES RECORD WAS SET OR TIED.
MM INDICATES DATA IS MISSING.
T  INDICATES TRACE AMOUNT.

$$
