000
CXUS53 KLMK 011341
CLMSDF


CLIMATE REPORT
NATIONAL WEATHER SERVICE LOUISVILLE KY
838 AM EST FRI DEC 1 2017

...................................

...THE LOUISVILLE KY CLIMATE SUMMARY FOR THE MONTH OF NOVEMBER 2017...

CLIMATE NORMAL PERIOD 1981 TO 2010
CLIMATE RECORD PERIOD 1871 TO 2017

WEATHER         OBSERVED          NORMAL  DEPART  LAST YEAR`S
                 VALUE   DATE(S)  VALUE   FROM    VALUE  DATE(S)
                                          NORMAL
................................................................
TEMPERATURE (F)
RECORD
 HIGH              85   11/02/2016
                        11/01/2016
                        07/10/1936
 LOW                    11/25/1950
HIGHEST            78   11/05        MM      MM       85  11/02
                                                          11/01
LOWEST             26   11/20        MM      MM       27  11/20
AVG. MAXIMUM     58.5              57.9     0.6     63.5
AVG. MINIMUM     40.2              39.5     0.7     41.9
MEAN             49.4              48.7     0.7     52.7
DAYS MAX >= 90      0               0.0     0.0        0
DAYS MAX <= 32      0               0.1    -0.1        0
DAYS MIN <= 32      7               7.1    -0.1        6
DAYS MIN <= 0       0               0.0     0.0        0

PRECIPITATION (INCHES)
RECORD
 MAXIMUM         9.12   1957
 MINIMUM         0.25   1904
TOTALS           2.06              3.59   -1.53     1.65
DAILY AVG.       0.07              0.12   -0.05     0.05
DAYS >= .01         9              10.1    -1.1        6
DAYS >= .10         6               6.3    -0.3        4
DAYS >= .50         1               2.9    -1.9        1
DAYS >= 1.00        0               0.8    -0.8        0
GREATEST
 24 HR. TOTAL    0.85   11/03 TO 11/03           11/27 TO 11/28
                                                          11/28 TO 11/28
                                                          11/28 TO 11/29
 STORM TOTAL       MM                                 MM
 (MM/DD(HH))            MM                    11/28(00) TO 11/28(00)
                                                 11/28(00) TO 11/28(00)9
                                                 11/29(00) TO 11/29(00)9

SNOWFALL (INCHES)
RECORDS
 TOTAL           13.2   5
                        0
 24 HR TOTAL     13.1   11/02/1966 TO 11/03/1966
 SNOW DEPTH         8   11/02/1966
TOTALS            0.0               0.1    -0.1      0.0
 LIQUID EQUIV    0.00              0.00    0.00     0.00
SINCE 7/1           T               0.2    -0.2      0.0
 LIQUID 7/1        MM              0.00      MM     0.00
SNOWDEPTH AVG.      0                MM      MM        0
DAYS >= TRACE       0               0.3    -0.3        0
DAYS >= 1.0         0               0.0     0.0        0
GREATEST
 SNOW DEPTH         0   MM                             0  MM
 24 HR TOTAL      0.0   11/30 TO 11/30           11/30 TO 11/30
                                                          11/28 TO 11/28
                                                          11/29 TO 11/29
 STORM TOTAL       MM                                 MM
 (MM/DD(HH))            MM                    11/30(00) TO 11/30(00)
                                                 11/28(00) TO 11/28(00)9
                                                 11/29(00) TO 11/29(00)9

DEGREE_DAYS
HEATING TOTAL     471               493     -22      382
 SINCE 7/1        666               735     -69      467
COOLING TOTAL       8                 4       4       19
 SINCE 1/1       1789              1613     176     2082

FREEZE DATES
RECORD
 EARLIEST     10/03/1974
 LATEST       05/10/1966
EARLIEST                        10/25
LATEST                          04/15
..........................................................

WIND (MPH)
AVERAGE WIND SPEED              8.1
RESULTANT WIND SPEED/DIRECTION   1/176
HIGHEST WIND SPEED/DIRECTION    37/180    DATE  11/05
HIGHEST GUST SPEED/DIRECTION    53/180    DATE  11/05

SKY COVER
POSSIBLE SUNSHINE (PERCENT)   MM
AVERAGE SKY COVER           0.60
NUMBER OF DAYS FAIR            6
NUMBER OF DAYS PC             11
NUMBER OF DAYS CLOUDY         13

AVERAGE RH (PERCENT)     65

WEATHER CONDITIONS. NUMBER OF DAYS WITH
THUNDERSTORM              2     MIXED PRECIP               0
HEAVY RAIN                4     RAIN                       4
LIGHT RAIN               10     FREEZING RAIN              0
LT FREEZING RAIN          0     HAIL                       0
HEAVY SNOW                0     SNOW                       0
LIGHT SNOW                0     SLEET                      0
FOG                      11     FOG W/VIS <= 1/4 MILE      1
HAZE                      3

-  INDICATES NEGATIVE NUMBERS.
R  INDICATES RECORD WAS SET OR TIED.
MM INDICATES DATA IS MISSING.
T  INDICATES TRACE AMOUNT.

$$
