000
CXUS53 KLMK 011719
CLMSDF


CLIMATE REPORT
NATIONAL WEATHER SERVICE LOUISVILLE KY
1131 AM EST SUN MAR 1 2015

...................................

...THE LOUISVILLE KY CLIMATE SUMMARY FOR THE MONTH OF FEBRUARY 2015...

CLIMATE NORMAL PERIOD 1981 TO 2010
CLIMATE RECORD PERIOD 1871 TO 2015

WEATHER         OBSERVED          NORMAL  DEPART  LAST YEAR`S
                 VALUE   DATE(S)  VALUE   FROM    VALUE  DATE(S)
                                          NORMAL
................................................................
TEMPERATURE (F)
RECORD
 HIGH              78   02/10/1932
                        02/10/1887
                        02/16/1883
 LOW              -19   02/02/1951
HIGHEST            64   02/07        MM      MM       72  02/20
LOWEST             -6   02/20        MM      MM        6  02/11
                                                          02/07
AVG. MAXIMUM     37.0              47.8   -10.8     41.3
AVG. MINIMUM     18.5              29.9   -11.4     24.4
MEAN             27.8              38.8   -11.0     32.9
DAYS MAX >= 90      0               0.0     0.0        0
DAYS MAX <= 32     10               2.6     7.4        7
DAYS MIN <= 32     25              16.2     8.8       22
DAYS MIN <= 0       2               0.1     1.9        0

PRECIPITATION (INCHES)
RECORD
 MAXIMUM         9.84   1884
 MINIMUM         0.12   1947
TOTALS           2.23              3.18   -0.95     3.75
DAILY AVG.       0.08              0.11   -0.03     0.13
DAYS >= .01         7              10.1    -3.1       12
DAYS >= .10         3               5.6    -2.6        6
DAYS >= .50         2               2.2    -0.2        3
DAYS >= 1.00        0               0.7    -0.7        1
GREATEST
 24 HR. TOTAL    0.97   02/20 TO 02/21           02/04 TO 02/05
                                                          02/05 TO 02/05
                                                          02/05 TO 02/05
 STORM TOTAL       MM                                 MM
 (MM/DD(HH))            MM                    02/05(00) TO 02/05(00)
                                                 02/05(00) TO 02/05(00)5
                                                 02/05(00) TO 02/05(00)5

SNOWFALL (INCHES)
RECORDS
 TOTAL           19.3   5
                        0
 24 HR TOTAL     12.5   02/04/1998 TO 02/05/1998
 SNOW DEPTH        18   02/06/1998
TOTALS           10.9               4.5     6.4      7.7
 LIQUID EQUIV    0.85              0.40    0.45     0.77
SINCE 7/1        15.7              11.0     4.7     21.8
 LIQUID 7/1      1.33              1.10    0.23     2.18
SNOWDEPTH AVG.      1                MM      MM        1
DAYS >= TRACE      15               3.6    11.4       14
DAYS >= 1.0         2               1.1     0.9        2
GREATEST
 SNOW DEPTH         7   02/18                          5  02/03
 24 HR TOTAL      8.2   02/16 TO 02/16           02/05 TO 02/05
                                                          02/05 TO 02/05
                                                          02/05 TO 02/05
 STORM TOTAL       MM                                 MM
 (MM/DD(HH))            MM                    02/05(00) TO 02/05(00)
                                                 02/05(00) TO 02/05(00)5
                                                 02/05(00) TO 02/05(00)5

DEGREE_DAYS
HEATING TOTAL    1038               732     306      894
 SINCE 7/1       3620              3241     379     3654
COOLING TOTAL       0                 0       0        0
 SINCE 1/1          0                 0       0        0

FREEZE DATES
RECORD
 EARLIEST     10/03/1974
 LATEST       05/10/1966
EARLIEST                        10/25
LATEST                          04/15
......................................................

WIND (MPH)
AVERAGE WIND SPEED              9.9
RESULTANT WIND SPEED/DIRECTION   3/300
HIGHEST WIND SPEED/DIRECTION    35/330    DATE  02/14
HIGHEST GUST SPEED/DIRECTION    44/330    DATE  02/14

SKY COVER
POSSIBLE SUNSHINE (PERCENT)   MM
AVERAGE SKY COVER           0.70
NUMBER OF DAYS FAIR            2
NUMBER OF DAYS PC             14
NUMBER OF DAYS CLOUDY         12

AVERAGE RH (PERCENT)     61

WEATHER CONDITIONS. NUMBER OF DAYS WITH
THUNDERSTORM              0     MIXED PRECIP               0
HEAVY RAIN                0     RAIN                       2
LIGHT RAIN                6     FREEZING RAIN              0
LT FREEZING RAIN          2     HAIL                       0
HEAVY SNOW                2     SNOW                       3
LIGHT SNOW               13     SLEET                      3
FOG                      12     FOG W/VIS <= 1/4 MILE      1
HAZE                     13

-  INDICATES NEGATIVE NUMBERS.
R  INDICATES RECORD WAS SET OR TIED.
MM INDICATES DATA IS MISSING.
T  INDICATES TRACE AMOUNT.

$$

7TH COLDIEST FEBRUARY
DAILY RECORD LOWS SET ON 19TH AND 20TH
TIED WITH 10TH SNOWIEST FEBRUARY (1979)
16TH WAS 7TH SNOWIEST DAY IN FEBRUARY
