000
CXUS53 KLMK 011054
CLMSDF

CLIMATE REPORT
NATIONAL WEATHER SERVICE LOUISVILLE KY
649 AM EDT SAT APR 1 2017

...................................

...THE LOUISVILLE KY CLIMATE SUMMARY FOR THE MONTH OF MARCH 2017...

CLIMATE NORMAL PERIOD 1981 TO 2010
CLIMATE RECORD PERIOD 1871 TO 2017

WEATHER         OBSERVED          NORMAL  DEPART  LAST YEAR`S
                 VALUE   DATE(S)  VALUE   FROM    VALUE  DATE(S)
                                          NORMAL
................................................................
TEMPERATURE (F)
RECORD
 HIGH              88   03/25/1929
                        03/24/1929
                        03/24/1910
 LOW                    03/06/1960
HIGHEST            80   03/30        MM      MM       82  03/15
                        03/25
                        03/24
LOWEST             21   03/15        MM      MM       28  03/02
AVG. MAXIMUM     60.5              57.9     2.6     63.8
AVG. MINIMUM     40.1              37.8     2.3     44.6
MEAN             50.3              47.8     2.5     54.2
DAYS MAX >= 90      0               0.0     0.0        0
DAYS MAX <= 32      0               0.3    -0.3        0
DAYS MIN <= 32      9               9.5    -0.5        3
DAYS MIN <= 0       0               0.0     0.0        0

PRECIPITATION (INCHES)
RECORD
 MAXIMUM        17.52   1997
 MINIMUM         0.12   1910
TOTALS           3.68              4.17   -0.49     5.50
DAILY AVG.       0.12              0.13   -0.01     0.18
DAYS >= .01        10              11.9    -1.9       13
DAYS >= .10         6               7.9    -1.9        9
DAYS >= .50         2               2.8    -0.8        4
DAYS >= 1.00        1               0.8     0.2        2
GREATEST
 24 HR. TOTAL    1.83   03/01 TO 03/01           03/31 TO 03/31
                                                          03/03 TO 03/03
                                                          03/03 TO 03/03
 STORM TOTAL       MM                                 MM
 (MM/DD(HH))            MM                    03/31(00) TO 03/31(00)
                                                 03/03(00) TO 03/03(00)3
                                                 03/03(00) TO 03/03(00)3

SNOWFALL (INCHES)
RECORDS
 TOTAL           22.9   5
                        0
 24 HR TOTAL     12.1   03/22/1968 TO 03/22/1968
 SNOW DEPTH        11   03/23/1968
TOTALS              T               1.4    -1.4      0.5
 LIQUID EQUIV      MM              0.10      MM     0.05
SINCE 7/1         2.7              12.4    -9.7     14.9
 LIQUID 7/1      0.27              1.20   -0.93     1.49
SNOWDEPTH AVG.      0                MM      MM        0
DAYS >= TRACE       3               1.2     1.8        2
DAYS >= 1.0         0               0.4    -0.4        0
GREATEST
 SNOW DEPTH         0   MM                             0  MM
 24 HR TOTAL        T   03/15 TO 03/15           03/03 TO 03/03
                                                          03/03 TO 03/03
                                                          03/03 TO 03/03
 STORM TOTAL       MM                                 MM
 (MM/DD(HH))            MM                    03/03(00) TO 03/03(00)
                                                 03/03(00) TO 03/03(00)3
                                                 03/03(00) TO 03/03(00)3

DEGREE_DAYS
HEATING TOTAL     458               538     -80      336
 SINCE 7/1       2923              3779    -856     2958
COOLING TOTAL      11                 6       5        7
 SINCE 1/1         16                 6      10        7

FREEZE DATES
RECORD
 EARLIEST     10/03/1974
 LATEST       05/10/1966
EARLIEST                        10/25
LATEST                          04/15
....................................................

WIND (MPH)
AVERAGE WIND SPEED              10.3
RESULTANT WIND SPEED/DIRECTION   2/267
HIGHEST WIND SPEED/DIRECTION    43/300    DATE  03/01
HIGHEST GUST SPEED/DIRECTION    59/290    DATE  03/01

SKY COVER
POSSIBLE SUNSHINE (PERCENT)   MM
AVERAGE SKY COVER           0.60
NUMBER OF DAYS FAIR            8
NUMBER OF DAYS PC              8
NUMBER OF DAYS CLOUDY         15

AVERAGE RH (PERCENT)     52

WEATHER CONDITIONS. NUMBER OF DAYS WITH
THUNDERSTORM              0     MIXED PRECIP               0
HEAVY RAIN                3     RAIN                       6
LIGHT RAIN               16     FREEZING RAIN              0
LT FREEZING RAIN          0     HAIL                       1
HEAVY SNOW                0     SNOW                       0
LIGHT SNOW                2     SLEET                      0
FOG                      11     FOG W/VIS <= 1/4 MILE      2
HAZE                      7

-  INDICATES NEGATIVE NUMBERS.
R  INDICATES RECORD WAS SET OR TIED.
MM INDICATES DATA IS MISSING.
T  INDICATES TRACE AMOUNT.

$$
