000
CXUS56 KSEW 011700
CLMSEW


CLIMATE REPORT
NATIONAL WEATHER SERVICE SEATTLE WA
1000 AM PDT WED JUL 1 2015

...................................

...THE SEATTLE WA WFO CLIMATE SUMMARY FOR THE MONTH OF JUNE 2015...

CLIMATE NORMAL PERIOD 1981 TO 2010
CLIMATE RECORD PERIOD 1986 TO 2015

WEATHER         OBSERVED          NORMAL  DEPART  LAST YEAR`S
                 VALUE   DATE(S)  VALUE   FROM    VALUE  DATE(S)
                                          NORMAL
................................................................
TEMPERATURE (F)
RECORD
 HIGH              92   06/13/2002
                        06/30/1995
 LOW               42   06/04/1991
HIGHEST            90   06/27        MM      MM       79  06/23
LOWEST             48   06/13        MM      MM       47  06/05
AVG. MAXIMUM     78.0              69.7     8.3     70.9
AVG. MINIMUM     56.1              52.3     3.8     53.3
MEAN             67.1              61.0     6.1     62.1
DAYS MAX >= 90      1               0.0     1.0        0
DAYS MAX <= 32      0               0.0     0.0        0
DAYS MIN <= 32      0               0.0     0.0        0
DAYS MIN <= 0       0               0.0     0.0        0

PRECIPITATION (INCHES)
RECORD
 MAXIMUM         3.39   2012
 MINIMUM         0.04   1987
TOTALS           0.15              1.63   -1.48     1.25
DAILY AVG.       0.01              0.05   -0.04     0.04
DAYS >= .01         4               9.9    -5.9       11
DAYS >= .10         0               4.8    -4.8        5
DAYS >= .50         0               0.7    -0.7        0
DAYS >= 1.00        0               0.1    -0.1        0

DEGREE_DAYS
HEATING TOTAL      27               134    -107       88
 SINCE 7/1       3516              4588   -1072     4416
COOLING TOTAL      99                14      85        9
 SINCE 1/1        106                17      89       23
.................................................................

WIND (MPH)
HIGHEST GUST SPEED/DIRECTION    MM        DATE   MM


WEATHER CONDITIONS. NUMBER OF DAYS WITH
THUNDERSTORM              0     MIXED PRECIP               0
HEAVY RAIN                0     RAIN                       0
LIGHT RAIN                6     FREEZING RAIN              0
LT FREEZING RAIN          0     HAIL                       0
HEAVY SNOW                0     SNOW                       0
LIGHT SNOW                0     SLEET                      0
FOG                       0     FOG W/VIS <= 1/4 MILE      0
HAZE                      0

-  INDICATES NEGATIVE NUMBERS.
R  INDICATES RECORD WAS SET OR TIED.
MM INDICATES DATA IS MISSING.
T  INDICATES TRACE AMOUNT.

$$
