000
CXUS56 KSEW 011031
CLMSEW


CLIMATE REPORT
NATIONAL WEATHER SERVICE SEATTLE WA
331 AM PDT MON SEP 1 2014

...................................

...THE SEATTLE WA WFO CLIMATE SUMMARY FOR THE MONTH OF AUGUST 2014...

CLIMATE NORMAL PERIOD 1981 TO 2010
CLIMATE RECORD PERIOD 1986 TO 2014

WEATHER         OBSERVED          NORMAL  DEPART  LAST YEAR`S
                 VALUE   DATE(S)  VALUE   FROM    VALUE  DATE(S)
                                          NORMAL
................................................................
TEMPERATURE (F)
RECORD
 HIGH              95   08/11/2014
 LOW               47   08/17/2000
HIGHEST            95R  08/11        MM      MM       87  08/06
LOWEST             54   08/21        MM      MM       55  08/25
AVG. MAXIMUM     79.8              76.3     3.5     78.7
AVG. MINIMUM     59.3              56.8     2.5     59.2
MEAN             69.5              66.5     3.0     69.0
DAYS MAX >= 90      1               0.4     0.6        0
DAYS MAX <= 32      0               0.0     0.0        0
DAYS MIN <= 32      0               0.0     0.0        0
DAYS MIN <= 0       0               0.0     0.0        0

PRECIPITATION (INCHES)
RECORD
 MAXIMUM         3.05   2004
 MINIMUM         0.00   2012
TOTALS           1.38              0.97    0.41     1.07
DAILY AVG.       0.04              0.03    0.01     0.03
DAYS >= .01         8               5.7     2.3        9
DAYS >= .10         4               3.0     1.0        3
DAYS >= .50         0               0.6    -0.6        0
DAYS >= 1.00        0               0.1    -0.1        0

DEGREE_DAYS
HEATING TOTAL       5                27     -22        8
 SINCE 7/1         19                64     -45       21
COOLING TOTAL     154                75      79      138
 SINCE 1/1        324               157     167      267
.................................................................

WIND (MPH)
HIGHEST GUST SPEED/DIRECTION    MM        DATE   MM


WEATHER CONDITIONS. NUMBER OF DAYS WITH
THUNDERSTORM              0     MIXED PRECIP               0
HEAVY RAIN                0     RAIN                       2
LIGHT RAIN               10     FREEZING RAIN              0
LT FREEZING RAIN          0     HAIL                       0
HEAVY SNOW                0     SNOW                       0
LIGHT SNOW                0     SLEET                      0
FOG                       1     FOG W/VIS <= 1/4 MILE      0
HAZE                      1

-  INDICATES NEGATIVE NUMBERS.
R  INDICATES RECORD WAS SET OR TIED.
MM INDICATES DATA IS MISSING.
T  INDICATES TRACE AMOUNT.

$$
