000
CXUS56 KSEW 011033
CLMSEW


CLIMATE REPORT
NATIONAL WEATHER SERVICE SEATTLE WA
333 AM PDT SAT NOV 1 2014

...................................

...THE SEATTLE WA WFO CLIMATE SUMMARY FOR THE MONTH OF OCTOBER 2014...

CLIMATE NORMAL PERIOD 1981 TO 2010
CLIMATE RECORD PERIOD 1986 TO 2014

WEATHER         OBSERVED          NORMAL  DEPART  LAST YEAR`S
                 VALUE   DATE(S)  VALUE   FROM    VALUE  DATE(S)
                                          NORMAL
................................................................
TEMPERATURE (F)
RECORD
 HIGH              87   10/01/1987
 LOW               29   10/30/1991
HIGHEST            78   10/06        MM      MM       74  10/06
LOWEST             44   10/26        MM      MM       34  10/29
AVG. MAXIMUM     65.0              60.1     4.9     57.8
AVG. MINIMUM     52.2              46.5     5.7     44.6
MEAN             58.6              53.3     5.3     51.2
DAYS MAX >= 90      0               0.0     0.0        0
DAYS MAX <= 32      0               0.0     0.0        0
DAYS MIN <= 32      0               0.1    -0.1        0
DAYS MIN <= 0       0               0.0     0.0        0

PRECIPITATION (INCHES)
RECORD
 MAXIMUM         6.98   2003
 MINIMUM         0.28   1987
TOTALS           6.77              3.41    3.36     1.11
DAILY AVG.       0.22              0.11    0.11     0.04
DAYS >= .01        19              13.2     5.8       10
DAYS >= .10        15               7.8     7.2        4
DAYS >= .50         4               2.0     2.0        0
DAYS >= 1.00        2               0.3     1.7        0

SNOWFALL (INCHES)
TOTALS            0.0                                0.0
SINCE 7/1         0.0                                0.0
SNOWDEPTH AVG.      0                                  0
GREATEST
 SNOW DEPTH         0                                  0  MM

DEGREE_DAYS
HEATING TOTAL     192               363    -171      420
 SINCE 7/1        252               548    -296      537
COOLING TOTAL       2                 0       2        0
 SINCE 1/1        366               176     190      314
.................................................................

WIND (MPH)
HIGHEST GUST SPEED/DIRECTION    MM        DATE   MM


WEATHER CONDITIONS. NUMBER OF DAYS WITH
THUNDERSTORM              0     MIXED PRECIP               0
HEAVY RAIN                1     RAIN                       9
LIGHT RAIN               21     FREEZING RAIN              0
LT FREEZING RAIN          0     HAIL                       0
HEAVY SNOW                0     SNOW                       0
LIGHT SNOW                0     SLEET                      0
FOG                      10     FOG W/VIS <= 1/4 MILE      0
HAZE                      0

-  INDICATES NEGATIVE NUMBERS.
R  INDICATES RECORD WAS SET OR TIED.
MM INDICATES DATA IS MISSING.
T  INDICATES TRACE AMOUNT.

$$
