000
CXUS56 KSEW 011050
CLMSEW


CLIMATE REPORT
NATIONAL WEATHER SERVICE SEATTLE WA
250 AM PST MON DEC 1 2014

...................................

...THE SEATTLE WA WFO CLIMATE SUMMARY FOR THE MONTH OF NOVEMBER 2014...

CLIMATE NORMAL PERIOD 1981 TO 2010
CLIMATE RECORD PERIOD 1986 TO 2014

WEATHER         OBSERVED          NORMAL  DEPART  LAST YEAR`S
                 VALUE   DATE(S)  VALUE   FROM    VALUE  DATE(S)
                                          NORMAL
................................................................
TEMPERATURE (F)
RECORD
 HIGH              76   11/03/2010
 LOW               18   11/24/2010
HIGHEST            62   11/06        MM      MM       59  11/01
LOWEST             23   11/30        MM      MM       28  11/21
AVG. MAXIMUM     52.4              51.4     1.0     51.8
AVG. MINIMUM     40.0              41.0    -1.0     40.2
MEAN             46.2              46.2     0.0     46.0
DAYS MAX >= 90      0               0.0     0.0        0
DAYS MAX <= 32      0               0.1    -0.1        0
DAYS MIN <= 32      9               1.9     7.1        5
DAYS MIN <= 0       0               0.0     0.0        0

PRECIPITATION (INCHES)
RECORD
 MAXIMUM        11.56   2006
 MINIMUM         2.72   1987
TOTALS           4.41              5.84   -1.43     3.07
DAILY AVG.       0.15              0.19   -0.04     0.10
DAYS >= .01        16              18.5    -2.5       16
DAYS >= .10        10              12.6    -2.6        7
DAYS >= .50         2               3.8    -1.8        2
DAYS >= 1.00        1               1.0     0.0        0

SNOWFALL (INCHES)
TOTALS              T                                0.0
SINCE 7/1           T                                0.0
SNOWDEPTH AVG.      0                                  0
GREATEST
 SNOW DEPTH         0                                  0  MM

DEGREE_DAYS
HEATING TOTAL     560               564      -4      559
 SINCE 7/1        812              1112    -300     1096
COOLING TOTAL       0                 0       0        0
 SINCE 1/1        366               176     190      314
.................................................................

WIND (MPH)
HIGHEST GUST SPEED/DIRECTION    MM        DATE   MM


WEATHER CONDITIONS. NUMBER OF DAYS WITH
THUNDERSTORM              0     MIXED PRECIP               0
HEAVY RAIN                2     RAIN                       5
LIGHT RAIN               15     FREEZING RAIN              0
LT FREEZING RAIN          0     HAIL                       0
HEAVY SNOW                0     SNOW                       0
LIGHT SNOW                1     SLEET                      0
FOG                      10     FOG W/VIS <= 1/4 MILE      0
HAZE                      0

-  INDICATES NEGATIVE NUMBERS.
R  INDICATES RECORD WAS SET OR TIED.
MM INDICATES DATA IS MISSING.
T  INDICATES TRACE AMOUNT.

$$
