000
CXUS56 KSEW 011031
CLMSEW


CLIMATE REPORT
NATIONAL WEATHER SERVICE SEATTLE WA
330 AM PDT FRI MAY 1 2015

...................................

...THE SEATTLE WA WFO CLIMATE SUMMARY FOR THE MONTH OF APRIL 2015...

CLIMATE NORMAL PERIOD 1981 TO 2010
CLIMATE RECORD PERIOD 1986 TO 2015

WEATHER         OBSERVED          NORMAL  DEPART  LAST YEAR`S
                 VALUE   DATE(S)  VALUE   FROM    VALUE  DATE(S)
                                          NORMAL
................................................................
TEMPERATURE (F)
RECORD
 HIGH              83   04/27/1987
 LOW               31   04/04/2009
                        04/03/2008
                        04/01/1953
HIGHEST            78   04/27        MM      MM       80  04/30
LOWEST             37   04/05        MM      MM       39  04/14
AVG. MAXIMUM     60.6              58.5     2.1     61.0
AVG. MINIMUM     43.1              42.5     0.6     44.1
MEAN             51.8              50.5     1.3     52.5
DAYS MAX >= 90      0               0.0     0.0        0
DAYS MAX <= 32      0               0.0     0.0        0
DAYS MIN <= 32      0               0.0     0.0        0
DAYS MIN <= 0       0               0.0     0.0        0

PRECIPITATION (INCHES)
RECORD
 MAXIMUM         6.27   1993
 MINIMUM         0.64   2004
TOTALS           1.52              2.77   -1.25     3.45
DAILY AVG.       0.05              0.09   -0.04     0.12
DAYS >= .01        11              15.0    -4.0       14
DAYS >= .10         5               8.2    -3.2       11
DAYS >= .50         1               1.3    -0.3        1
DAYS >= 1.00        0               0.1    -0.1        1

SNOWFALL (INCHES)
TOTALS            0.0                                0.0
SINCE 7/1           T                                2.9
SNOWDEPTH AVG.      0                                  0
GREATEST
 SNOW DEPTH         0                                  0  MM

DEGREE_DAYS
HEATING TOTAL     387               435     -48      367
 SINCE 7/1       3305              4173    -868     4155
COOLING TOTAL       0                 0       0        1
 SINCE 1/1          0                 0       0        1
.................................................................

WIND (MPH)
HIGHEST GUST SPEED/DIRECTION    MM        DATE   MM


WEATHER CONDITIONS. NUMBER OF DAYS WITH
THUNDERSTORM              0     MIXED PRECIP               0
HEAVY RAIN                0     RAIN                       1
LIGHT RAIN               18     FREEZING RAIN              0
LT FREEZING RAIN          0     HAIL                       0
HEAVY SNOW                0     SNOW                       0
LIGHT SNOW                0     SLEET                      0
FOG                       4     FOG W/VIS <= 1/4 MILE      0
HAZE                      0

-  INDICATES NEGATIVE NUMBERS.
R  INDICATES RECORD WAS SET OR TIED.
MM INDICATES DATA IS MISSING.
T  INDICATES TRACE AMOUNT.

$$
