000
CXUS56 KOTX 011509
CLMSFF


CLIMATE REPORT
NATIONAL WEATHER SERVICE SPOKANE, WA
702 AM PST THU FEB 1 2018

...................................

...THE SPOKANE WA FELTS AIRPORT CLIMATE SUMMARY FOR THE MONTH OF JANUARY 2018...

CLIMATE NORMAL PERIOD 1981 TO 2010
CLIMATE RECORD PERIOD 9999 TO 9999

WEATHER         OBSERVED          NORMAL  DEPART  LAST YEAR`S
                 VALUE   DATE(S)  VALUE   FROM    VALUE  DATE(S)
                                          NORMAL
................................................................
TEMPERATURE (F)
RECORD
 HIGH              MM   MM
 LOW               MM   MM
HIGHEST            56   01/29        MM      MM       47  01/20
LOWEST             16   01/01        MM      MM        1  01/14
                                                          01/07
                                                          01/04
AVG. MAXIMUM     40.9              36.8     4.1     29.7
AVG. MINIMUM     30.5              25.9     4.6     17.1
MEAN             35.7              31.3     4.4     23.4
DAYS MAX >= 90      0               0.0     0.0        0
DAYS MAX <= 32      3               8.0    -5.0       17
DAYS MIN <= 32     17              24.3    -7.3       30
DAYS MIN <= 0       0               0.4    -0.4        0

PRECIPITATION (INCHES)
RECORD
 MAXIMUM           MM   MM
 MINIMUM           MM   MM
TOTALS           2.15              1.95    0.20     1.46
DAILY AVG.       0.07              0.06    0.01     0.05
DAYS >= .01        18                MM      MM       10
DAYS >= .10         4                MM      MM        7
DAYS >= .50         1                MM      MM        0
DAYS >= 1.00        0                MM      MM        0
GREATEST
 24 HR. TOTAL    0.68   01/11 TO 01/11           01/17 TO 01/18
                                                          01/12 TO 01/12
                                                          01/12 TO 01/12

SNOWFALL (INCHES)
RECORDS
 TOTAL             MM   MM
TOTALS             MM                MM      MM      0.0
SINCE 7/1          MM                MM      MM      0.0
SNOWDEPTH AVG.     MM                MM      MM        0
DAYS >= 1.0        MM                MM      MM        0
GREATEST
 SNOW DEPTH        MM                                  0  MM
 24 HR TOTAL       MM                            01/12 TO 01/12
                                                          01/12 TO 01/12
                                                          01/12 TO 01/12

DEGREE_DAYS
HEATING TOTAL     898              1043    -145     1282
 SINCE 7/1       3413              3712    -299     3675
COOLING TOTAL       0                 0       0        0
 SINCE 1/1          0                 0       0        0
...................................................

WIND (MPH)
AVERAGE WIND SPEED              3.6
HIGHEST WIND SPEED/DIRECTION    35/220    DATE  01/29
HIGHEST GUST SPEED/DIRECTION    46/220    DATE  01/29

SKY COVER
POSSIBLE SUNSHINE (PERCENT)   MM
AVERAGE SKY COVER           0.70
NUMBER OF DAYS FAIR            2
NUMBER OF DAYS PC             13
NUMBER OF DAYS CLOUDY         16

AVERAGE RH (PERCENT)     84

WEATHER CONDITIONS. NUMBER OF DAYS WITH
THUNDERSTORM              0     MIXED PRECIP               0
HEAVY RAIN                0     RAIN                       1
LIGHT RAIN               12     FREEZING RAIN              0
LT FREEZING RAIN          0     HAIL                       0
HEAVY SNOW                0     SNOW                       1
LIGHT SNOW                4     SLEET                      0
FOG                      22     FOG W/VIS <= 1/4 MILE      5
HAZE                      2

-  INDICATES NEGATIVE NUMBERS.
R  INDICATES RECORD WAS SET OR TIED.
MM INDICATES DATA IS MISSING.
T  INDICATES TRACE AMOUNT.

$$
