000
CXUS56 KOTX 020113
CLMSFF


CLIMATE REPORT
NATIONAL WEATHER SERVICE SPOKANE, WA
609 PM PDT SAT AUG 1 2015

...................................

...THE SPOKANE WA FELTS AIRPORT CLIMATE SUMMARY FOR THE MONTH OF JULY 2015...

CLIMATE NORMAL PERIOD 1981 TO 2010
CLIMATE RECORD PERIOD 9999 TO 9999

WEATHER         OBSERVED          NORMAL  DEPART  LAST YEAR`S
                 VALUE   DATE(S)  VALUE   FROM    VALUE  DATE(S)
                                          NORMAL
................................................................
TEMPERATURE (F)
RECORD
 HIGH              MM   MM
 LOW               MM   MM
HIGHEST           102   07/31        MM      MM      102  07/29
LOWEST             51   07/28        MM      MM       49  07/26
AVG. MAXIMUM     89.4              85.4     4.0     91.4
AVG. MINIMUM     60.2              54.3     5.9     60.0
MEAN             74.8              69.8     5.0     75.7
DAYS MAX >= 90     15               9.7     5.3       21
DAYS MAX <= 32      0               0.0     0.0        0
DAYS MIN <= 32      0               0.0     0.0        0
DAYS MIN <= 0       0               0.0     0.0        0

PRECIPITATION (INCHES)
RECORD
 MAXIMUM           MM   MM
 MINIMUM           MM   MM
TOTALS           0.47              0.82   -0.35     0.44
DAILY AVG.       0.02              0.03   -0.01     0.01
DAYS >= .01         4                MM      MM        2
DAYS >= .10         1                MM      MM        1
DAYS >= .50         0                MM      MM        0
DAYS >= 1.00        0                MM      MM        0
GREATEST
 24 HR. TOTAL    0.37   07/10 TO 07/11           07/13 TO 07/14
                                                          07/14 TO 07/14
                                                          07/14 TO 07/14

SNOWFALL (INCHES)
RECORDS
 TOTAL             MM   MM
TOTALS             MM                MM      MM       MM
SINCE 7/1          MM                MM      MM       MM
SNOWDEPTH AVG.     MM                MM      MM       MM
DAYS >= 1.0         0                MM      MM        0
GREATEST
 SNOW DEPTH        MM                                 MM  MM
 24 HR TOTAL       MM                                 MM

DEGREE_DAYS
HEATING TOTAL       0                21     -21        4
 SINCE 7/1          0                21     -21        4
COOLING TOTAL     314               171     143      344
 SINCE 1/1        576               218     358      364
.....................................................

WIND (MPH)
AVERAGE WIND SPEED              5.6
HIGHEST WIND SPEED/DIRECTION    23/230    DATE  07/25
HIGHEST GUST SPEED/DIRECTION    30/230    DATE  07/25

SKY COVER
POSSIBLE SUNSHINE (PERCENT)   MM
AVERAGE SKY COVER           0.10
NUMBER OF DAYS FAIR           26
NUMBER OF DAYS PC              5
NUMBER OF DAYS CLOUDY          0

AVERAGE RH (PERCENT)     40

WEATHER CONDITIONS. NUMBER OF DAYS WITH
THUNDERSTORM              0     MIXED PRECIP               0
HEAVY RAIN                1     RAIN                       2
LIGHT RAIN                3     FREEZING RAIN              0
LT FREEZING RAIN          0     HAIL                       0
HEAVY SNOW                0     SNOW                       0
LIGHT SNOW                0     SLEET                      0
FOG                       1     FOG W/VIS <= 1/4 MILE      0
HAZE                     11

-  INDICATES NEGATIVE NUMBERS.
R  INDICATES RECORD WAS SET OR TIED.
MM INDICATES DATA IS MISSING.
T  INDICATES TRACE AMOUNT.

$$
