000
CXUS53 KSGF 010932
CLMSGF


CLIMATE REPORT
NATIONAL WEATHER SERVICE SPRINGFIELD MO
431 AM CDT THU JUN 1 2017

...................................

...THE SPRINGFIELD MO CLIMATE SUMMARY FOR THE MONTH OF MAY 2017...

CLIMATE NORMAL PERIOD 1981 TO 2010
CLIMATE RECORD PERIOD 1888 TO 2017

WEATHER         OBSERVED          NORMAL  DEPART
                 VALUE   DATE(S)  VALUE   FROM
                                          NORMAL
................................................
TEMPERATURE (F)
RECORD
 HIGH              95   05/31/1934
 LOW               29   05/06/1944
HIGHEST            87   05/18        76      11
LOWEST             42   05/01        53     -11
AVG. MAXIMUM     76.1              75.3     0.8
AVG. MINIMUM     54.8              54.4     0.4
MEAN             65.4              64.8     0.6
DAYS MAX >= 90      0               0.2    -0.2
DAYS MAX <= 32      0               0.0     0.0
DAYS MIN <= 32      0               0.1    -0.1
DAYS MIN <= 0       0               0.0     0.0

PRECIPITATION (INCHES)
RECORD
 MAXIMUM        16.15   1943
 MINIMUM         0.34   1911
TOTALS           7.42              5.10    2.32
DAILY AVG.       0.24              0.16    0.08
DAYS >= .01        13              12.0     1.0
DAYS >= .10         7               7.9    -0.9
DAYS >= .50         5               3.5     1.5
DAYS >= 1.00        3               1.1     1.9
GREATEST
 24 HR. TOTAL    1.87   05/03 TO 05/03

SNOWFALL (INCHES)
TOTALS            0.0
SINCE 7/1         1.8
DAYS >= TRACE       0

DEGREE_DAYS
HEATING TOTAL      75                95     -20
 SINCE 7/1       3355              4569   -1214
COOLING TOTAL      98                90       8
 SINCE 1/1        148               115      33
.................................................

WIND (MPH)
AVERAGE WIND SPEED              9.9
HIGHEST WIND SPEED/DIRECTION    38/180    DATE  05/17
HIGHEST GUST SPEED/DIRECTION    56/250    DATE  05/27

SKY COVER
POSSIBLE SUNSHINE (PERCENT)   MM
AVERAGE SKY COVER           0.30
NUMBER OF DAYS FAIR           18
NUMBER OF DAYS PC              9
NUMBER OF DAYS CLOUDY          4

AVERAGE RH (PERCENT)     70

WEATHER CONDITIONS. NUMBER OF DAYS WITH
THUNDERSTORM              0     MIXED PRECIP               0
HEAVY RAIN                6     RAIN                      11
LIGHT RAIN               13     FREEZING RAIN              0
LT FREEZING RAIN          0     HAIL                       1
HEAVY SNOW                0     SNOW                       0
LIGHT SNOW                0     SLEET                      0
FOG                      11     FOG W/VIS <= 1/4 MILE      0
HAZE                      0

-  INDICATES NEGATIVE NUMBERS.
R  INDICATES RECORD WAS SET OR TIED.
MM INDICATES DATA IS MISSING.
T  INDICATES TRACE AMOUNT.

$$
