000
CXUS53 KSGF 010632
CLMSGF


CLIMATE REPORT
NATIONAL WEATHER SERVICE SPRINGFIELD MO
1232 AM CST SUN JAN 1 2017

...................................

...THE SPRINGFIELD MO CLIMATE SUMMARY FOR THE MONTH OF DECEMBER 2016...

CLIMATE NORMAL PERIOD 1981 TO 2010
CLIMATE RECORD PERIOD 1888 TO 2016

WEATHER         OBSERVED          NORMAL  DEPART
                 VALUE   DATE(S)  VALUE   FROM
                                          NORMAL
................................................
TEMPERATURE (F)
RECORD
 HIGH              77   12/08/1991
                        12/13/1948
 LOW              -16   12/23/1989
HIGHEST            65   12/25        45      20
LOWEST              1   12/18        25     -24
AVG. MAXIMUM     45.9              44.9     1.0
AVG. MINIMUM     25.9              25.0     0.9
MEAN             35.9              35.0     0.9
DAYS MAX >= 90      0               0.0     0.0
DAYS MAX <= 32      4               4.4    -0.4
DAYS MIN <= 32     24              23.2     0.8
DAYS MIN <= 0       0               0.7    -0.7

PRECIPITATION (INCHES)
RECORD
 MAXIMUM        11.43   2015
 MINIMUM         0.13   1950
TOTALS           0.62              3.04   -2.42
DAILY AVG.       0.02              0.10   -0.08
DAYS >= .01         7               8.9    -1.9
DAYS >= .10         3               4.9    -1.9
DAYS >= .50         0               1.8    -1.8
DAYS >= 1.00        0               1.0    -1.0
GREATEST
 24 HR. TOTAL    0.24   12/25 TO 12/26

SNOWFALL (INCHES)
TOTALS            0.2
SINCE 7/1         0.2
DAYS >= TRACE       5

DEGREE_DAYS
HEATING TOTAL     897               931     -34
 SINCE 7/1       1413              1810    -397
COOLING TOTAL       0                 0       0
 SINCE 1/1       1808              1389     419
.................................................

WIND (MPH)
AVERAGE WIND SPEED              9.7
HIGHEST WIND SPEED/DIRECTION    31/330    DATE  12/17
HIGHEST GUST SPEED/DIRECTION    38/320    DATE  12/17

SKY COVER
POSSIBLE SUNSHINE (PERCENT)   MM
AVERAGE SKY COVER           0.50
NUMBER OF DAYS FAIR           14
NUMBER OF DAYS PC              7
NUMBER OF DAYS CLOUDY         10

AVERAGE RH (PERCENT)     65

WEATHER CONDITIONS. NUMBER OF DAYS WITH
THUNDERSTORM              0     MIXED PRECIP               0
HEAVY RAIN                2     RAIN                       3
LIGHT RAIN                8     FREEZING RAIN              1
LT FREEZING RAIN          1     HAIL                       0
HEAVY SNOW                0     SNOW                       0
LIGHT SNOW                4     SLEET                      0
FOG                      15     FOG W/VIS <= 1/4 MILE      1
HAZE                      5

-  INDICATES NEGATIVE NUMBERS.
R  INDICATES RECORD WAS SET OR TIED.
MM INDICATES DATA IS MISSING.
T  INDICATES TRACE AMOUNT.

$$
