000
CXUS55 KBYZ 011226
CLMSHR


CLIMATE REPORT
NATIONAL WEATHER SERVICE BILLINGS MT
625 AM MDT WED JUL 1 2015

...................................

...THE SHERIDAN WY CLIMATE SUMMARY FOR THE MONTH OF JUNE 2015...

CLIMATE NORMAL PERIOD 1981 TO 2010
CLIMATE RECORD PERIOD 1907 TO 2015

WEATHER         OBSERVED          NORMAL  DEPART
                 VALUE   DATE(S)  VALUE   FROM
                                          NORMAL
................................................
TEMPERATURE (F)
HIGHEST            95   06/29
LOWEST             45   06/17
                        06/03
AVG. MAXIMUM     79.9              76.7     3.2
AVG. MINIMUM     52.0              46.4     5.6
MEAN             65.9              61.6     4.3
DAYS MAX >= 90      4
DAYS MAX <= 32      0
DAYS MIN <= 32      0
DAYS MIN <= 0       0

PRECIPITATION (INCHES)
TOTALS           3.05              2.12    0.93
DAYS >= .01        11
DAYS >= .10         8
DAYS >= .50         2
DAYS >= 1.00        0
GREATEST
 24 HR. TOTAL    1.17   06/10 TO 06/11

DEGREE_DAYS
HEATING TOTAL      44               149    -105
 SINCE 7/1       7045              7643    -598
COOLING TOTAL      79                46      33
 SINCE 1/1         79                50      29
.................................................

WIND (MPH)
AVERAGE WIND SPEED              5.6
HIGHEST WIND SPEED/DIRECTION    41/300    DATE  06/21
HIGHEST GUST SPEED/DIRECTION    52/310    DATE  06/21

AVERAGE RH (PERCENT)     65

WEATHER CONDITIONS. NUMBER OF DAYS WITH
THUNDERSTORM             16     MIXED PRECIP               0
HEAVY RAIN                5     RAIN                       4
LIGHT RAIN               12     FREEZING RAIN              0
LT FREEZING RAIN          0     HAIL                       0
HEAVY SNOW                0     SNOW                       0
LIGHT SNOW                0     SLEET                      0
FOG                       6     FOG W/VIS <= 1/4 MILE      0
HAZE                      0

-  INDICATES NEGATIVE NUMBERS.
R  INDICATES RECORD WAS SET OR TIED.
MM INDICATES DATA IS MISSING.
T  INDICATES TRACE AMOUNT.

&&

...JUNE 2015 MONTH IN REVIEW FOR SHERIDAN...

BELOW IS A SUMMARY OF THE TEMPERATURE AND PRECIPITATION
STATISTICS FOR SHERIDAN FOR JUNE 2015. ALL TEMPERATURES ARE IN
DEGREES FAHRENHEIT AND ALL PRECIPITATION AMOUNTS ARE IN INCHES. NORMALS
ARE 30 YEAR AVERAGES CALCULATED FROM 1981 TO 2010. MONTHLY RANKINGS
FOR PRECIPITATION...SNOWFALL...AND TEMPERATURES USE A PERIOD
OF RECORD THAT STARTED IN MAY 1934 AT OR NEAR THE SHERIDAN AIRPORT.

NUMBERS DENOTED WITH AN * IS MISSING DATA IN THE CALCULATION.

...SHERIDAN MONTHLY PRECIPITATION...

 MONTH   2015 VALUES  NORMALS    DEPARTURE  RANKING

JUNE         3.05     2.12       +0.93      TIED FOR THE 25TH WETTEST OUT OF 109 YEARS
                                            (RECORD WETTEST WAS 9.54 IN 1944)
                                            (WETTEST SINCE 3.41 IN 2009)

...SHERIDAN JUNE 2015 BROKEN OR TIED DAILY PRECIPITATION RECORDS...

0.83 ON JUNE 10 (OLD RECORD 0.76 IN 1963)

...SHERIDAN AVERAGE TEMPERATURES...

 MONTH   2015 VALUES  NORMALS   DEPARTURE  RANKING

JUNE         66.0      61.6      +4.4      12TH WARMEST OUT OF 109 YEARS
                                           (RECORD WARMEST WAS 74.2 IN 1988)
                                           (WARMEST SINCE 66.7 IN 2006)

...SHERIDAN AVERAGE HIGH TEMPERATURES...

 MONTH   2015 VALUES  NORMALS   DEPARTURE  RANKING

JUNE         79.9      76.7      +3.2      TIED FOR THE 19TH WARMEST OUT OF 109 YEARS
                                           (RECORD WARMEST WAS 91.2 IN 1988)
                                           (WARMEST SINCE 83.6 IN 2012)

...SHERIDAN JUNE 2015 BROKEN OR TIED WARMEST DAILY HIGH TEMPERATURE RECORDS...

NONE

...SHERIDAN JUNE 2015 BROKEN OR TIED COLDEST DAILY HIGH TEMPERATURE RECORDS...

NONE

...SHERIDAN AVERAGE LOW TEMPERATURES...

 MONTH   2015 VALUES  NORMALS   DEPARTURE  RANKING

JUNE         52.0      46.4      +5.6      7TH WARMEST OUT OF 109 YEARS
                                           (RECORD WARMEST WAS 57.1 IN 1988)
                                           (WARMEST SINCE 57.1 IN 1988)

...SHERIDAN JUNE 2015 BROKEN OR TIED WARMEST DAILY LOW TEMPERATURE RECORDS...

63 ON JUNE 30 (TIED RECORD IN 2001)

...SHERIDAN JUNE 2015 BROKEN OR TIED COLDEST DAILY LOW TEMPERATURE RECORDS...

NONE

$$
