000
CXUS55 KBYZ 011207
CLMSHR


CLIMATE REPORT
NATIONAL WEATHER SERVICE BILLINGS MT
500 AM MST THU DEC 1 2016

...................................

...THE SHERIDAN WY CLIMATE SUMMARY FOR THE MONTH OF NOVEMBER 2016...

CLIMATE NORMAL PERIOD 1981 TO 2010
CLIMATE RECORD PERIOD 1907 TO 2016

WEATHER         OBSERVED          NORMAL  DEPART
                 VALUE   DATE(S)  VALUE   FROM
                                          NORMAL
................................................
TEMPERATURE (F)
HIGHEST            74   11/03
LOWEST              5   11/19
AVG. MAXIMUM     53.8              45.9     7.9
AVG. MINIMUM     25.7              19.4     6.3
MEAN             39.7              32.7     7.0
DAYS MAX >= 90      0
DAYS MAX <= 32      2
DAYS MIN <= 32     27
DAYS MIN <= 0       0

PRECIPITATION (INCHES)
TOTALS           1.28              0.71    0.57
DAYS >= .01         6
DAYS >= .10         2
DAYS >= .50         1
DAYS >= 1.00        0
GREATEST
 24 HR. TOTAL    1.16   11/16 TO 11/17

DEGREE_DAYS
HEATING TOTAL     749               970    -221
 SINCE 7/1       1477              1878    -401
COOLING TOTAL       0                 0       0
 SINCE 1/1        549               419     130
.................................................

WIND (MPH)
AVERAGE WIND SPEED              5.7
HIGHEST WIND SPEED/DIRECTION    43/310    DATE  11/29
HIGHEST GUST SPEED/DIRECTION    51/320    DATE  11/29

AVERAGE RH (PERCENT)     63

WEATHER CONDITIONS. NUMBER OF DAYS WITH
THUNDERSTORM              0     MIXED PRECIP               0
HEAVY RAIN                0     RAIN                       1
LIGHT RAIN                5     FREEZING RAIN              0
LT FREEZING RAIN          0     HAIL                       0
HEAVY SNOW                0     SNOW                       1
LIGHT SNOW                5     SLEET                      0
FOG                       5     FOG W/VIS <= 1/4 MILE      1
HAZE                      1

-  INDICATES NEGATIVE NUMBERS.
R  INDICATES RECORD WAS SET OR TIED.
MM INDICATES DATA IS MISSING.
T  INDICATES TRACE AMOUNT.

&&

...NOVEMBER 2016 MONTH IN REVIEW FOR SHERIDAN...

BELOW IS A SUMMARY OF THE TEMPERATURE AND PRECIPITATION
STATISTICS FOR SHERIDAN FOR NOVEMBER 2016. ALL TEMPERATURES ARE IN
DEGREES FAHRENHEIT AND ALL PRECIPITATION AMOUNTS ARE IN INCHES. NORMALS
ARE 30 YEAR AVERAGES CALCULATED FROM 1981 TO 2010. MONTHLY RANKINGS
FOR PRECIPITATION...SNOWFALL...AND TEMPERATURES USE A PERIOD
OF RECORD THAT STARTED IN MAY 1934 AT OR NEAR THE SHERIDAN AIRPORT.

NUMBERS DENOTED WITH AN * IS MISSING DATA IN THE CALCULATION.

...SHERIDAN MONTHLY PRECIPITATION...

 MONTH   2016 VALUES  NORMALS    DEPARTURE  RANKING

NOVEMBER     1.28     0.71       +0.57      13TH WETTEST OUT OF 110 YEARS
                                            (RECORD WETTEST WAS 2.41 IN 1991)
                                            (WETTEST SINCE 1.49 IN 2014)

...SHERIDAN NOVEMBER 2016 BROKEN OR TIED DAILY PRECIPITATION RECORDS...

0.84 ON NOVEMBER 17 (OLD RECORD 0.55 IN 1907)

...SHERIDAN AVERAGE TEMPERATURES...

 MONTH   2016 VALUES  NORMALS   DEPARTURE  RANKING

NOVEMBER     39.8      32.7      +7.1      6TH WARMEST OUT OF 110 YEARS
                                           (RECORD WARMEST WAS 45.4 IN 1949)
                                           (WARMEST SINCE 42.4 IN 1999)

...SHERIDAN AVERAGE HIGH TEMPERATURES...

 MONTH   2016 VALUES  NORMALS   DEPARTURE  RANKING

NOVEMBER     53.8      45.9      +7.9      8TH WARMEST OUT OF 110 YEARS
                                           (RECORD WARMEST WAS 59.9 IN 1949)
                                           (WARMEST SINCE 58.6 IN 1999)

...SHERIDAN NOVEMBER 2016 BROKEN OR TIED WARMEST DAILY HIGH TEMPERATURE RECORDS...

73 ON NOVEMBER  9 (TIED RECORD IN 2001)

...SHERIDAN NOVEMBER 2016 BROKEN OR TIED COLDEST DAILY HIGH TEMPERATURE RECORDS...

NONE

...SHERIDAN AVERAGE LOW TEMPERATURES...

 MONTH   2016 VALUES  NORMALS   DEPARTURE  RANKING

NOVEMBER     25.7      19.4      +6.3      8TH WARMEST OUT OF 110 YEARS
                                           (RECORD WARMEST WAS 30.9 IN 1949)
                                           (WARMEST SINCE 26.5 IN 2008)

...SHERIDAN NOVEMBER 2016 BROKEN OR TIED WARMEST DAILY LOW TEMPERATURE RECORDS...

41 ON NOVEMBER 15 (TIED RECORD IN 1953)

...SHERIDAN NOVEMBER 2016 BROKEN OR TIED COLDEST DAILY LOW TEMPERATURE RECORDS...

NONE

$$
