000
CXUS55 KBYZ 011003
CLMSHR


CLIMATE REPORT
NATIONAL WEATHER SERVICE BILLINGS MT
354 AM MDT MON AUG 1 2016

...................................

...THE SHERIDAN WY CLIMATE SUMMARY FOR THE MONTH OF JULY 2016...

CLIMATE NORMAL PERIOD 1981 TO 2010
CLIMATE RECORD PERIOD 1907 TO 2016

WEATHER         OBSERVED          NORMAL  DEPART
                 VALUE   DATE(S)  VALUE   FROM
                                          NORMAL
................................................
TEMPERATURE (F)
HIGHEST           102   07/22
LOWEST             40   07/12
AVG. MAXIMUM     91.0              87.1     3.9
AVG. MINIMUM     53.5              53.0     0.5
MEAN             72.2              70.0     2.2
DAYS MAX >= 90     20
DAYS MAX <= 32      0
DAYS MIN <= 32      0
DAYS MIN <= 0       0

PRECIPITATION (INCHES)
TOTALS           0.22              1.18   -0.96
DAYS >= .01         5
DAYS >= .10         1
DAYS >= .50         0
DAYS >= 1.00        0
GREATEST
 24 HR. TOTAL    0.14   07/10 TO 07/10
                        07/09 TO 07/10
                        07/10 TO 07/10

DEGREE_DAYS
HEATING TOTAL       6                26     -20
 SINCE 7/1          6                26     -20
COOLING TOTAL     238               182      56
 SINCE 1/1        363               232     131
.................................................

WIND (MPH)
AVERAGE WIND SPEED              7.3
HIGHEST WIND SPEED/DIRECTION    46/320    DATE  07/31
HIGHEST GUST SPEED/DIRECTION    68/290    DATE  07/03

AVERAGE RH (PERCENT)     46

WEATHER CONDITIONS. NUMBER OF DAYS WITH
THUNDERSTORM             11     MIXED PRECIP               0
HEAVY RAIN                0     RAIN                       2
LIGHT RAIN                8     FREEZING RAIN              0
LT FREEZING RAIN          0     HAIL                       0
HEAVY SNOW                0     SNOW                       0
LIGHT SNOW                0     SLEET                      0
FOG                       1     FOG W/VIS <= 1/4 MILE      0
HAZE                      0

-  INDICATES NEGATIVE NUMBERS.
R  INDICATES RECORD WAS SET OR TIED.
MM INDICATES DATA IS MISSING.
T  INDICATES TRACE AMOUNT.

&&

...JULY 2016 MONTH IN REVIEW FOR SHERIDAN...

BELOW IS A SUMMARY OF THE TEMPERATURE AND PRECIPITATION
STATISTICS FOR SHERIDAN FOR JULY 2016. ALL TEMPERATURES ARE IN
DEGREES FAHRENHEIT AND ALL PRECIPITATION AMOUNTS ARE IN INCHES. NORMALS
ARE 30 YEAR AVERAGES CALCULATED FROM 1981 TO 2010. MONTHLY RANKINGS
FOR PRECIPITATION...SNOWFALL...AND TEMPERATURES USE A PERIOD
OF RECORD THAT STARTED IN MAY 1934 AT OR NEAR THE SHERIDAN AIRPORT.

NUMBERS DENOTED WITH AN * IS MISSING DATA IN THE CALCULATION.

...SHERIDAN MONTHLY PRECIPITATION...

 MONTH   2016 VALUES  NORMALS    DEPARTURE  RANKING

JULY         0.22     1.18       -0.96      TIED FOR THE 14TH DRIEST OUT OF 110 YEARS
                                            (RECORD DRIEST WAS 0.02 IN 1999)
                                            (DRIEST SINCE 0.10 IN 2006)

...SHERIDAN JULY 2016 BROKEN OR TIED DAILY PRECIPITATION RECORDS...

NONE

...SHERIDAN AVERAGE TEMPERATURES...

 MONTH   2016 VALUES  NORMALS   DEPARTURE  RANKING

JULY         72.3      70.0      +2.3      TIED FOR THE 28TH WARMEST OUT OF 110 YEARS
                                           (RECORD WARMEST WAS 77.9 IN 1936)
                                           (WARMEST SINCE 75.8 IN 2012)

...SHERIDAN AVERAGE HIGH TEMPERATURES...

 MONTH   2016 VALUES  NORMALS   DEPARTURE  RANKING

JULY         91.0      87.1      +3.9      TIED FOR THE 12TH WARMEST OUT OF 110 YEARS
                                           (RECORD WARMEST WAS 95.8 IN 1936)
                                           (WARMEST SINCE 93.7 IN 2012)

...SHERIDAN JULY 2016 BROKEN OR TIED WARMEST DAILY HIGH TEMPERATURE RECORDS...

NONE

...SHERIDAN JULY 2016 BROKEN OR TIED COLDEST DAILY HIGH TEMPERATURE RECORDS...

NONE

...SHERIDAN AVERAGE LOW TEMPERATURES...

 MONTH   2016 VALUES  NORMALS   DEPARTURE  RANKING

JULY         53.5      53.0      +0.5      49TH COLDEST OUT OF 110 YEARS
                                           (RECORD COLDEST WAS 46.8 IN 1911)
                                           (COLDEST SINCE 52.3 IN 2015)

...SHERIDAN JULY 2016 BROKEN OR TIED WARMEST DAILY LOW TEMPERATURE RECORDS...

NONE

...SHERIDAN JULY 2016 BROKEN OR TIED COLDEST DAILY LOW TEMPERATURE RECORDS...

NONE

$$
