000
CXUS56 KMTR 021737
CLMSJC


CLIMATE REPORT
NATIONAL WEATHER SERVICE SAN FRANCISCO BAY AREA
937 AM PST SAT DEC 2 2017

...................................

...THE SAN JOSE AIRPORT CLIMATE SUMMARY FOR THE MONTH OF NOVEMBER 2017...

CLIMATE NORMAL PERIOD 1981 TO 2010
CLIMATE RECORD PERIOD 1893 TO 2017

WEATHER         OBSERVED          NORMAL  DEPART  LAST YEAR`S
                 VALUE   DATE(S)  VALUE   FROM    VALUE  DATE(S)
                                          NORMAL
................................................................
TEMPERATURE (F)
RECORD
 HIGH              85   11/04/2010
                        11/02/1967
                        11/03/1950
 LOW               21   11/16/1976
HIGHEST            80   11/25                         79  11/09
LOWEST             40   11/18        MM               39  11/30
AVG. MAXIMUM     68.8              64.3     4.5     68.2
AVG. MINIMUM     49.5              46.0     3.5     49.5
MEAN             59.2                               58.9
DAYS MAX >= 90      0                                  0
DAYS MAX <= 32      0                                  0
DAYS MIN <= 32      0                                  0
DAYS MIN <= 0       0                                  0

PRECIPITATION (INCHES)
RECORD
 MAXIMUM           MM   MM
 MINIMUM           MM   MM
TOTALS           1.28              1.68   -0.40     1.31
DAILY AVG.       0.04              0.06   -0.02     0.04
DAYS >= .01        10                                  8
DAYS >= .10         3                                  3
DAYS >= .50         1                                  1
DAYS >= 1.00        0                                  0
GREATEST
 24 HR. TOTAL    0.76   11/16 TO 11/16           11/26 TO 11/27
                                                          11/30 TO 11/30
                                                          11/30 TO 11/30

DEGREE_DAYS
HEATING TOTAL     169               297    -128      187
 SINCE 7/1        217               407    -190      223
COOLING TOTAL       2                 1       1        7
 SINCE 1/1        992               637     355      706
.................................................

WIND (MPH)
AVERAGE WIND SPEED              5.0
RESULTANT WIND SPEED/DIRECTION   1/183
HIGHEST WIND SPEED/DIRECTION    23/260    DATE  11/27
HIGHEST GUST SPEED/DIRECTION    28/260    DATE  11/27

SKY COVER
POSSIBLE SUNSHINE (PERCENT)   MM
AVERAGE SKY COVER           0.50
NUMBER OF DAYS FAIR            8
NUMBER OF DAYS PC             18
NUMBER OF DAYS CLOUDY          4

AVERAGE RH (PERCENT)     68

WEATHER CONDITIONS. NUMBER OF DAYS WITH
THUNDERSTORM              0     MIXED PRECIP               0
HEAVY RAIN                1     RAIN                       3
LIGHT RAIN               11     FREEZING RAIN              0
LT FREEZING RAIN          0     HAIL                       0
HEAVY SNOW                0     SNOW                       0
LIGHT SNOW                0     SLEET                      0
FOG                      14     FOG W/VIS <= 1/4 MILE      0
HAZE                      7

-  INDICATES NEGATIVE NUMBERS.
R  INDICATES RECORD WAS SET OR TIED.
MM INDICATES DATA IS MISSING.
T  INDICATES TRACE AMOUNT.

$$
