000
CXUS54 KSJT 011643
CLMSJT


CLIMATE REPORT
NATIONAL WEATHER SERVICE SAN ANGELO TX
1134 AM CDT THU JUN 1 2017

...................................

...THE SAN ANGELO CLIMATE SUMMARY FOR THE MONTH OF MAY 2017...

CLIMATE NORMAL PERIOD 1981 TO 2010
CLIMATE RECORD PERIOD 1907 TO 2017

WEATHER         OBSERVED          NORMAL  DEPART  LAST YEAR`S
                 VALUE   DATE(S)  VALUE   FROM    VALUE  DATE(S)
                                          NORMAL
................................................................
TEMPERATURE (F)
RECORD
 HIGH             110   05/28/2011
 LOW               35   05/03/2013
                        05/02/1967
                        05/04/1907
HIGHEST           105   05/27                         98  05/10
LOWEST             41   05/05                         40  05/03
AVG. MAXIMUM     87.8              87.2     0.6     85.3
AVG. MINIMUM     58.9              61.8    -2.9     60.7
MEAN             73.4              74.5    -1.1     73.0
DAYS MAX >= 90     15              11.9     3.1       10
DAYS MAX <= 32      0               0.0     0.0        0
DAYS MIN <= 32      0               0.0     0.0        0
DAYS MIN <= 0       0               0.0     0.0        0

PRECIPITATION (INCHES)
RECORD
 MAXIMUM        13.50   1884
 MINIMUM         0.00   1876
TOTALS           2.06              2.82   -0.76     6.40
DAILY AVG.       0.07              0.09   -0.02     0.21
DAYS >= .01         7               6.6     0.4       13
DAYS >= .10         6               4.5     1.5        9
DAYS >= .50         1               1.9    -0.9        6
DAYS >= 1.00        0               0.9    -0.9        3
GREATEST
 24 HR. TOTAL    0.68   05/19 TO 05/19           05/18 TO 05/19
                                                          05/27 TO 05/27
                                                          05/27 TO 05/27

SNOWFALL (INCHES)
RECORDS
 TOTAL              T   2016
                        2015
                        2014
TOTALS            0.0               0.0     0.0        T
SINCE 7/1           T               2.2    -2.2      3.1
SNOWDEPTH AVG.      0                MM      MM        0
DAYS >= 1.0         0               0.0     0.0        0
GREATEST
 SNOW DEPTH         0   MM                             0  MM

DEGREE_DAYS
HEATING TOTAL       9                10      -1       22
 SINCE 7/1       1507              2316    -809     1825
COOLING TOTAL     275               304     -29      277
 SINCE 1/1        576               460     116      411
........................................................

WIND (MPH)
AVERAGE WIND SPEED              10.1
HIGHEST WIND SPEED/DIRECTION    41/270    DATE  05/19
HIGHEST GUST SPEED/DIRECTION    50/290    DATE  05/16

SKY COVER
AVERAGE SKY COVER           0.30

AVERAGE RH (PERCENT)     52

WEATHER CONDITIONS. NUMBER OF DAYS WITH
THUNDERSTORM              9     MIXED PRECIP               0
HEAVY RAIN                6     RAIN                       7
LIGHT RAIN                9     FREEZING RAIN              0
LT FREEZING RAIN          0     HAIL                       0
HEAVY SNOW                0     SNOW                       0
LIGHT SNOW                0     SLEET                      0
FOG                       5     FOG W/VIS <= 1/4 MILE      1
HAZE                      7

-  INDICATES NEGATIVE NUMBERS.
R  INDICATES RECORD WAS SET OR TIED.
MM INDICATES DATA IS MISSING.
T  INDICATES TRACE AMOUNT.

$$
