000
CXUS54 KSJT 011530
CLMSJT


CLIMATE REPORT
NATIONAL WEATHER SERVICE SAN ANGELO TX
922 AM CST WED FEB 1 2017

...................................

...THE SAN ANGELO CLIMATE SUMMARY FOR THE MONTH OF JANUARY 2017...

CLIMATE NORMAL PERIOD 1981 TO 2010
CLIMATE RECORD PERIOD 1907 TO 2017

WEATHER         OBSERVED          NORMAL  DEPART  LAST YEAR`S
                 VALUE   DATE(S)  VALUE   FROM    VALUE  DATE(S)
                                          NORMAL
................................................................
TEMPERATURE (F)
RECORD
 HIGH              91   01/31/1911
 LOW                1   01/05/1947
                        01/14/1944
                        01/18/1930
HIGHEST            85   01/24                         85  01/30
LOWEST             11   01/07                         21  01/10
AVG. MAXIMUM     63.8              59.5     4.3     61.3
AVG. MINIMUM     35.0              33.3     1.7     32.3
MEAN             49.4              46.4     3.0     46.8
DAYS MAX >= 90      0               0.0     0.0        0
DAYS MAX <= 32      1               0.6     0.4        0
DAYS MIN <= 32     10              14.5    -4.5       17
DAYS MIN <= 0       0               0.0     0.0        0

PRECIPITATION (INCHES)
RECORD
 MAXIMUM         5.41   1919
 MINIMUM         0.00   1967
                        1887
                        1871
TOTALS           1.48              0.93    0.55     0.03
DAILY AVG.       0.05              0.03    0.02     0.00
DAYS >= .01         6               4.6     1.4        1
DAYS >= .10         4               2.0     2.0        0
DAYS >= .50         1               0.6     0.4        0
DAYS >= 1.00        0               0.2    -0.2        0
GREATEST
 24 HR. TOTAL    0.62   01/14 TO 01/15           01/25 TO 01/26

SNOWFALL (INCHES)
RECORDS
 TOTAL           13.0   1926
TOTALS              T               1.2    -1.2        T
SINCE 7/1           T               1.8    -1.8      3.1
SNOWDEPTH AVG.      0                MM      MM        0
DAYS >= 1.0         0               0.5    -0.5        0
GREATEST
 SNOW DEPTH         0   MM                             0  MM

DEGREE_DAYS
HEATING TOTAL     475               577    -102      555
 SINCE 7/1       1117              1544    -427     1261
COOLING TOTAL       1                 1       0        0
 SINCE 1/1          1                 0       1        0
.......................................................

WIND (MPH)
AVERAGE WIND SPEED              10.1
HIGHEST WIND SPEED/DIRECTION    38/270    DATE  01/21
HIGHEST GUST SPEED/DIRECTION    52/260    DATE  01/21

SKY COVER
AVERAGE SKY COVER           0.30

AVERAGE RH (PERCENT)     60

WEATHER CONDITIONS. NUMBER OF DAYS WITH
THUNDERSTORM              4     MIXED PRECIP               0
HEAVY RAIN                3     RAIN                       4
LIGHT RAIN                6     FREEZING RAIN              0
LT FREEZING RAIN          0     HAIL                       0
HEAVY SNOW                0     SNOW                       0
LIGHT SNOW                1     SLEET                      0
FOG                       9     FOG W/VIS <= 1/4 MILE      2
HAZE                      2

-  INDICATES NEGATIVE NUMBERS.
R  INDICATES RECORD WAS SET OR TIED.
MM INDICATES DATA IS MISSING.
T  INDICATES TRACE AMOUNT.

$$
