000
CXUS54 KSJT 012019
CLMSJT


CLIMATE REPORT
NATIONAL WEATHER SERVICE SAN ANGELO TX
258 PM CDT SAT APR 1 2017

...................................

...THE SAN ANGELO CLIMATE SUMMARY FOR THE MONTH OF MARCH 2017...

CLIMATE NORMAL PERIOD 1981 TO 2010
CLIMATE RECORD PERIOD 1907 TO 2017

WEATHER         OBSERVED          NORMAL  DEPART  LAST YEAR`S
                 VALUE   DATE(S)  VALUE   FROM    VALUE  DATE(S)
                                          NORMAL
................................................................
TEMPERATURE (F)
RECORD
 HIGH              98   03/17/1908
 LOW                8   03/02/1980
HIGHEST            95   03/21                         89  03/30
LOWEST             27   03/03                         30  03/20
AVG. MAXIMUM     79.3              71.1     8.2     74.9
AVG. MINIMUM     50.0              44.4     5.6     47.1
MEAN             64.7              57.8     6.9     61.0
DAYS MAX >= 90      5               0.6     4.4        0
DAYS MAX <= 32      0               0.0     0.0        0
DAYS MIN <= 32      2               3.5    -1.5        1
DAYS MIN <= 0       0               0.0     0.0        0

PRECIPITATION (INCHES)
RECORD
 MAXIMUM         5.00   1953
 MINIMUM         0.00   1963
                        1925
                        1916
TOTALS           0.25              1.50   -1.25     3.33
DAILY AVG.       0.01              0.05   -0.04     0.11
DAYS >= .01         2               5.6    -3.6        4
DAYS >= .10         1               3.0    -2.0        3
DAYS >= .50         0               1.1    -1.1        2
DAYS >= 1.00        0               0.3    -0.3        2
GREATEST
 24 HR. TOTAL    0.21   03/28 TO 03/28           03/10 TO 03/11
                                                          03/08 TO 03/08
                                                          03/08 TO 03/08

SNOWFALL (INCHES)
RECORDS
 TOTAL            3.1   1962
TOTALS            0.0               0.1    -0.1        T
SINCE 7/1           T               2.2    -2.2      3.1
SNOWDEPTH AVG.      0                MM      MM        0
DAYS >= 1.0         0               0.0     0.0        0
GREATEST
 SNOW DEPTH         0   MM                             0  MM

DEGREE_DAYS
HEATING TOTAL     120               257    -137      155
 SINCE 7/1       1444              2218    -774     1748
COOLING TOTAL     117                33      84       42
 SINCE 1/1        144                38     106       52
.........................................................

WIND (MPH)
AVERAGE WIND SPEED              10.9
HIGHEST WIND SPEED/DIRECTION    47/280    DATE  03/28
HIGHEST GUST SPEED/DIRECTION    63/270    DATE  03/28

SKY COVER
AVERAGE SKY COVER           0.30

AVERAGE RH (PERCENT)     55

WEATHER CONDITIONS. NUMBER OF DAYS WITH
THUNDERSTORM              0     MIXED PRECIP               0
HEAVY RAIN                0     RAIN                       1
LIGHT RAIN                5     FREEZING RAIN              0
LT FREEZING RAIN          0     HAIL                       0
HEAVY SNOW                0     SNOW                       0
LIGHT SNOW                0     SLEET                      0
FOG                       5     FOG W/VIS <= 1/4 MILE      0
HAZE                      5

-  INDICATES NEGATIVE NUMBERS.
R  INDICATES RECORD WAS SET OR TIED.
MM INDICATES DATA IS MISSING.
T  INDICATES TRACE AMOUNT.

$$
