000
CXUS54 KSJT 011358
CLMSJT


CLIMATE REPORT
NATIONAL WEATHER SERVICE SAN ANGELO TX
856 AM CDT MON SEP 1 2014

...................................

...THE SAN ANGELO CLIMATE SUMMARY FOR THE MONTH OF AUGUST 2014...

CLIMATE NORMAL PERIOD 1981 TO 2010
CLIMATE RECORD PERIOD 1907 TO 2014

WEATHER         OBSERVED          NORMAL  DEPART  LAST YEAR`S
                 VALUE   DATE(S)  VALUE   FROM    VALUE  DATE(S)
                                          NORMAL
................................................................
TEMPERATURE (F)
RECORD
 HIGH             111   08/04/1943
 LOW               45   08/31/1915
HIGHEST           104   08/07                        108  08/07
LOWEST             63   08/03                         64  08/17
                        08/01
AVG. MAXIMUM     96.6              94.7     1.9     98.1
AVG. MINIMUM     71.2              70.7     0.5     71.1
MEAN             83.9              82.7     1.2     84.6
DAYS MAX >= 90     29              25.3     3.7       29
DAYS MAX <= 32      0               0.0     0.0        0
DAYS MIN <= 32      0               0.0     0.0        0
DAYS MIN <= 0       0               0.0     0.0        0

PRECIPITATION (INCHES)
RECORD
 MAXIMUM        14.03   1882
 MINIMUM         0.00   2000
TOTALS           0.65              2.26   -1.61     0.81
DAILY AVG.       0.02              0.07   -0.05     0.03
DAYS >= .01         8               5.5     2.5        4
DAYS >= .10         3               3.2    -0.2        2
DAYS >= .50         0               1.4    -1.4        1
DAYS >= 1.00        0               0.6    -0.6        0
GREATEST
 24 HR. TOTAL    0.29   08/17 TO 08/18           08/23 TO 08/23
                                                          08/22 TO 08/23
                                                          08/23 TO 08/23

SNOWFALL (INCHES)
RECORDS
 TOTAL            0.0   2013
                        2012
                        2011
TOTALS            0.0               0.0     0.0      0.0
SINCE 7/1         0.0               0.0     0.0      0.0
SNOWDEPTH AVG.      0                MM      MM        0
DAYS >= 1.0         0               0.0     0.0        0
GREATEST
 SNOW DEPTH         0   MM                             0  MM

DEGREE_DAYS
HEATING TOTAL       0                 0       0        0
 SINCE 7/1          0                 0       0        0
COOLING TOTAL     593               549      44      615
 SINCE 1/1       2258              2036     222     2326
....................................................

WIND (MPH)
AVERAGE WIND SPEED              7.7
HIGHEST WIND SPEED/DIRECTION    26/010    DATE  08/11
HIGHEST GUST SPEED/DIRECTION    32/010    DATE  08/11

SKY COVER
AVERAGE SKY COVER           0.10

AVERAGE RH (PERCENT)     53

WEATHER CONDITIONS. NUMBER OF DAYS WITH
THUNDERSTORM              7     MIXED PRECIP               0
HEAVY RAIN                0     RAIN                       2
LIGHT RAIN                8     FREEZING RAIN              0
LT FREEZING RAIN          0     HAIL                       0
HEAVY SNOW                0     SNOW                       0
LIGHT SNOW                0     SLEET                      0
FOG                       2     FOG W/VIS <= 1/4 MILE      0
HAZE                      0

-  INDICATES NEGATIVE NUMBERS.
R  INDICATES RECORD WAS SET OR TIED.
MM INDICATES DATA IS MISSING.
T  INDICATES TRACE AMOUNT.

$$
