000
CXUS54 KSJT 031854 CCA
CLMSJT

CLIMATE REPORT...CORRECTION
NATIONAL WEATHER SERVICE SAN ANGELO TX
331 PM CDT WED NOV 1 2017

...................................

...THE SAN ANGELO CLIMATE SUMMARY FOR THE MONTH OF OCTOBER 2017...

CLIMATE NORMAL PERIOD 1981 TO 2010
CLIMATE RECORD PERIOD 1907 TO 2017

WEATHER         OBSERVED          NORMAL  DEPART  LAST YEAR`S
                 VALUE   DATE(S)  VALUE   FROM    VALUE  DATE(S)
                                          NORMAL
................................................................
TEMPERATURE (F)
RECORD
 HIGH             102   10/13/1926
 LOW               19   10/30/1917
HIGHEST            97   10/09                         97  10/18
LOWEST             30   10/29                         40  10/21
                        10/28
AVG. MAXIMUM     81.2              78.8     2.4     85.3
AVG. MINIMUM     51.9              53.6    -1.7     58.0
MEAN             66.6              66.2     0.4     71.6
DAYS MAX >= 90      4               2.1     1.9        8
DAYS MAX <= 32      0               0.0     0.0        0
DAYS MIN <= 32      2               0.3     1.7        0
DAYS MIN <= 0       0               0.0     0.0        0

PRECIPITATION (INCHES)
RECORD
 MAXIMUM         8.86   1981
 MINIMUM         0.00   1875
                        1876
                        1885
TOTALS           0.81              2.73   -1.92     1.49
DAILY AVG.       0.03              0.09   -0.06     0.05
DAYS >= .01         3               6.2    -3.2        2
DAYS >= .10         1               4.3    -3.3        1
DAYS >= .50         1               1.9    -0.9        1
DAYS >= 1.00        0               0.7    -0.7        1
GREATEST
 24 HR. TOTAL    0.77   10/15                     10/06 TO 10/07

SNOWFALL (INCHES)
RECORDS
 TOTAL            0.0   2013
                        2012
                        2011
TOTALS            0.0               0.0     0.0      0.0
SINCE 7/1         0.0               0.0     0.0      0.0
SNOWDEPTH AVG.      0                MM      MM        0
DAYS >= 1.0         0               0.0     0.0        0
GREATEST
 SNOW DEPTH         0   MM                             0  MM

DEGREE_DAYS
HEATING TOTAL     103                82      21       13
 SINCE 7/1        103                91      12       13
COOLING TOTAL     157               119      38      229
 SINCE 1/1       2806              2484     322     2788
........................................................

WIND (MPH)
AVERAGE WIND SPEED              8.7
HIGHEST WIND SPEED/DIRECTION    32/020    DATE  10/27
HIGHEST GUST SPEED/DIRECTION    43/010    DATE  10/15

SKY COVER
AVERAGE SKY COVER           0.20

AVERAGE RH (PERCENT)     54

WEATHER CONDITIONS. NUMBER OF DAYS WITH
THUNDERSTORM              1     MIXED PRECIP               0
HEAVY RAIN                1     RAIN                       1
LIGHT RAIN                3     FREEZING RAIN              0
LT FREEZING RAIN          0     HAIL                       0
HEAVY SNOW                0     SNOW                       0
LIGHT SNOW                0     SLEET                      0
FOG                       3     FOG W/VIS <= 1/4 MILE      0
HAZE                      3

-  INDICATES NEGATIVE NUMBERS.
R  INDICATES RECORD WAS SET OR TIED.
MM INDICATES DATA IS MISSING.
T  INDICATES TRACE AMOUNT.

$$
