000
CXUS54 KSJT 011514
CLMSJT


CLIMATE REPORT
NATIONAL WEATHER SERVICE SAN ANGELO TX
1013 AM CDT FRI AUG 1 2014

...................................

...THE SAN ANGELO CLIMATE SUMMARY FOR THE MONTH OF JULY 2014...

CLIMATE NORMAL PERIOD 1981 TO 2010
CLIMATE RECORD PERIOD 1907 TO 2014

WEATHER         OBSERVED          NORMAL  DEPART  LAST YEAR`S
                 VALUE   DATE(S)  VALUE   FROM    VALUE  DATE(S)
                                          NORMAL
................................................................
TEMPERATURE (F)
RECORD
 HIGH             111   07/29/1960
                        07/27/1944
                        07/15/1933
 LOW               54   07/15/1926
HIGHEST           103   07/30                        103  07/14
                                                          07/13
LOWEST             65   07/12                         57  07/03
AVG. MAXIMUM     95.8              95.1     0.7     94.5
AVG. MINIMUM     71.0              71.2    -0.2     70.9
MEAN             83.4              83.1     0.3     82.7
DAYS MAX >= 90     28              26.0     2.0       24
DAYS MAX <= 32      0               0.0     0.0        0
DAYS MIN <= 32      0               0.0     0.0        0
DAYS MIN <= 0       0               0.0     0.0        0

PRECIPITATION (INCHES)
RECORD
 MAXIMUM        10.26   1880
 MINIMUM         0.00   1944
                        1871
TOTALS           0.77              1.20   -0.43     3.17
DAILY AVG.       0.02              0.04   -0.02     0.10
DAYS >= .01         2               4.7    -2.7        6
DAYS >= .10         1               2.4    -1.4        4
DAYS >= .50         1               0.8     0.2        4
DAYS >= 1.00        0               0.2    -0.2        1
GREATEST
 24 HR. TOTAL    0.73   07/17 TO 07/17           07/15 TO 07/15
                                                          07/31 TO 07/31
                                                          07/31 TO 07/31

SNOWFALL (INCHES)
RECORDS
 TOTAL            0.0   2013
                        2012
                        2011
TOTALS            0.0               0.0     0.0      0.0
SINCE 7/1         0.0               0.0     0.0      0.0
SNOWDEPTH AVG.      0                MM      MM        0
DAYS >= 1.0         0               0.0     0.0        0
GREATEST
 SNOW DEPTH         0   MM                             0  MM

DEGREE_DAYS
HEATING TOTAL       0                 0       0        0
 SINCE 7/1          0                 0       0        0
COOLING TOTAL     579               563      16      554
 SINCE 1/1       1665              1487     178     1711
..................................................

WIND (MPH)
AVERAGE WIND SPEED              8.3
HIGHEST WIND SPEED/DIRECTION    31/090    DATE  07/14
HIGHEST GUST SPEED/DIRECTION    37/090    DATE  07/14

SKY COVER
AVERAGE SKY COVER           0.20

AVERAGE RH (PERCENT)     56

WEATHER CONDITIONS. NUMBER OF DAYS WITH
THUNDERSTORM              4     MIXED PRECIP               0
HEAVY RAIN                1     RAIN                       1
LIGHT RAIN                5     FREEZING RAIN              0
LT FREEZING RAIN          0     HAIL                       0
HEAVY SNOW                0     SNOW                       0
LIGHT SNOW                0     SLEET                      0
FOG                       1     FOG W/VIS <= 1/4 MILE      0
HAZE                      1

-  INDICATES NEGATIVE NUMBERS.
R  INDICATES RECORD WAS SET OR TIED.
MM INDICATES DATA IS MISSING.
T  INDICATES TRACE AMOUNT.

$$
