000
CXCA52 TJSJ 011301
CLMSJU


CLIMATE REPORT
NATIONAL WEATHER SERVICE SAN JUAN, PR
900 AM AST WED APR 1 2015

...................................

...THE SAN JUAN AREA/PR CLIMATE SUMMARY FOR THE MONTH OF MARCH 2015...

CLIMATE NORMAL PERIOD 1981 TO 2010
CLIMATE RECORD PERIOD 1898 TO 2015

WEATHER         OBSERVED          NORMAL  DEPART  LAST YEAR`S
                 VALUE   DATE(S)  VALUE   FROM    VALUE  DATE(S)
                                          NORMAL
................................................................
TEMPERATURE (F)
RECORD
 HIGH              96   03/19/1983
 LOW               60   03/03/1957
HIGHEST            89   03/28        90      -1       92  03/22
                                                          03/21
LOWEST             71   03/31        67       4       71  03/21
                        03/17
                        03/15
AVG. MAXIMUM     84.5              84.9    -0.4     86.7
AVG. MINIMUM     73.0              72.9     0.1     73.6
MEAN             78.7              78.9    -0.2     80.1
DAYS MAX >= 90      0               1.8    -1.8        4
DAYS MAX <= 32      0               0.0     0.0        0
DAYS MIN <= 32      0               0.0     0.0        0
DAYS MIN <= 0       0               0.0     0.0        0

PRECIPITATION (INCHES)
RECORD
 MAXIMUM         9.38   1927
 MINIMUM         0.00   2005
TOTALS           1.50              1.95   -0.45     0.51
DAILY AVG.       0.05              0.06   -0.01     0.02
DAYS >= .01        14              12.2     1.8        5
DAYS >= .10         5               4.9     0.1        2
DAYS >= .50         0               0.7    -0.7        0
DAYS >= 1.00        0               0.3    -0.3        0
GREATEST
 24 HR. TOTAL    0.38   03/02 TO 03/02

SNOWFALL (INCHES)
TOTALS            0.0               0.0     0.0      0.0

DEGREE_DAYS
HEATING TOTAL       0                 0       0        0
COOLING TOTAL     432               431       1      478
.................................................................

WIND (MPH)
AVERAGE WIND SPEED              9.4
HIGHEST WIND SPEED/DIRECTION    29/070    DATE  03/11
HIGHEST GUST SPEED/DIRECTION    36/060    DATE  03/02

SKY COVER
AVERAGE SKY COVER           0.40

AVERAGE RH (PERCENT)     75

WEATHER CONDITIONS. NUMBER OF DAYS WITH
THUNDERSTORM              0     MIXED PRECIP               0
HEAVY RAIN                0     RAIN                       3
LIGHT RAIN               15     FREEZING RAIN              0
LT FREEZING RAIN          0     HAIL                       0
HEAVY SNOW                0     SNOW                       0
LIGHT SNOW                0     SLEET                      0
FOG                      11     FOG W/VIS <= 1/4 MILE      0
HAZE                      0

-  INDICATES NEGATIVE NUMBERS.
R  INDICATES RECORD WAS SET OR TIED.
MM INDICATES DATA IS MISSING.
T  INDICATES TRACE AMOUNT.

$$
