387
CXCA52 TJSJ 011044
CLMSJU


CLIMATE REPORT
NATIONAL WEATHER SERVICE SAN JUAN, PR
643 AM AST SUN MAY 1 2016

...................................

...THE SAN JUAN AREA/PR CLIMATE SUMMARY FOR THE MONTH OF APRIL 2016...

CLIMATE NORMAL PERIOD 1981 TO 2010
CLIMATE RECORD PERIOD 1898 TO 2016

WEATHER         OBSERVED          NORMAL  DEPART  LAST YEAR`S
                 VALUE   DATE(S)  VALUE   FROM    VALUE  DATE(S)
                                          NORMAL
................................................................
TEMPERATURE (F)
RECORD
 HIGH              97   04/17/1983
 LOW               64   04/12/1968
HIGHEST            92   04/24        91       1       94  04/30
                                                          04/28
                                                          04/27
LOWEST             72   04/01        69       3       72  04/04
                                                          04/01
AVG. MAXIMUM     85.6              86.2    -0.6     87.8
AVG. MINIMUM     74.9              74.4     0.5     75.1
MEAN             80.2              80.3    -0.1     81.5
DAYS MAX >= 90      2               3.3    -1.3        8
DAYS MAX <= 32      0               0.0     0.0        0
DAYS MIN <= 32      0               0.0     0.0        0
DAYS MIN <= 0       0               0.0     0.0        0

PRECIPITATION (INCHES)
RECORD
 MAXIMUM        15.00   2005
 MINIMUM         0.08   1997
TOTALS          10.02              4.68    5.34     1.38
DAILY AVG.       0.33              0.18    0.15     0.05
DAYS >= .01        14              13.3     0.7       11
DAYS >= .10        12               7.1     4.9        5
DAYS >= .50         3               2.3     0.7        0
DAYS >= 1.00        2               1.2     0.8        0
GREATEST
 24 HR. TOTAL    6.94   04/22 TO 04/23

SNOWFALL (INCHES)
TOTALS            0.0               0.0     0.0      0.0

DEGREE_DAYS
HEATING TOTAL       0                 0       0        0
COOLING TOTAL     462               459       3      501
.................................................................

WIND (MPH)
AVERAGE WIND SPEED              6.5
HIGHEST WIND SPEED/DIRECTION    23/070    DATE  04/10
HIGHEST GUST SPEED/DIRECTION    31/040    DATE  04/02

SKY COVER
AVERAGE SKY COVER           0.50

AVERAGE RH (PERCENT)     77

WEATHER CONDITIONS. NUMBER OF DAYS WITH
THUNDERSTORM              0     MIXED PRECIP               0
HEAVY RAIN                4     RAIN                       4
LIGHT RAIN               17     FREEZING RAIN              0
LT FREEZING RAIN          0     HAIL                       0
HEAVY SNOW                0     SNOW                       0
LIGHT SNOW                0     SLEET                      0
FOG                      13     FOG W/VIS <= 1/4 MILE      0
HAZE                      4

-  INDICATES NEGATIVE NUMBERS.
R  INDICATES RECORD WAS SET OR TIED.
MM INDICATES DATA IS MISSING.
T  INDICATES TRACE AMOUNT.

$$
