000
CXCA52 TJSJ 010508
CLMSJU


CLIMATE REPORT
NATIONAL WEATHER SERVICE SAN JUAN, PR
107 AM AST SAT AUG 1 2015

...................................

...THE SAN JUAN AREA/PR CLIMATE SUMMARY FOR THE MONTH OF JULY 2015...

CLIMATE NORMAL PERIOD 1981 TO 2010
CLIMATE RECORD PERIOD 1898 TO 2015

WEATHER         OBSERVED          NORMAL  DEPART  LAST YEAR`S
                 VALUE   DATE(S)  VALUE   FROM    VALUE  DATE(S)
                                          NORMAL
................................................................
TEMPERATURE (F)
RECORD
 HIGH              95   07/10/1981
 LOW               69   07/12/1952
                        07/11/1952
HIGHEST            93   07/22        92       1       93  07/16
                                                          07/01
LOWEST             75   07/20        73       2       77  07/11
                        07/12
AVG. MAXIMUM     89.2              88.7     0.5     90.4
AVG. MINIMUM     78.2              78.1     0.1     79.6
MEAN             83.7              83.4     0.3     85.0
DAYS MAX >= 90     14               6.0     8.0       23
DAYS MAX <= 32      0               0.0     0.0        0
DAYS MIN <= 32      0               0.0     0.0        0
DAYS MIN <= 0       0               0.0     0.0        0

PRECIPITATION (INCHES)
RECORD
 MAXIMUM        14.17   2013
 MINIMUM         1.10   1929
TOTALS           1.61              5.07   -3.46     3.57
DAILY AVG.       0.05              0.16   -0.11     0.12
DAYS >= .01        10              18.6    -8.6       17
DAYS >= .10         4               9.7    -5.7       11
DAYS >= .50         2               3.2    -1.2        1
DAYS >= 1.00        0               1.1    -1.1        1
GREATEST
 24 HR. TOTAL    0.59   07/11 TO 07/12
                        07/12 TO 07/12
                        07/12 TO 07/13

SNOWFALL (INCHES)
TOTALS            0.0               0.0     0.0      0.0

DEGREE_DAYS
HEATING TOTAL       0                 0       0        0
COOLING TOTAL     589               570      19      627
.................................................................

WIND (MPH)
AVERAGE WIND SPEED              11.6
HIGHEST WIND SPEED/DIRECTION    25/060    DATE  07/30
HIGHEST GUST SPEED/DIRECTION    36/070    DATE  07/14

SKY COVER
AVERAGE SKY COVER           0.40

AVERAGE RH (PERCENT)     76

WEATHER CONDITIONS. NUMBER OF DAYS WITH
THUNDERSTORM              0     MIXED PRECIP               0
HEAVY RAIN                2     RAIN                       2
LIGHT RAIN               12     FREEZING RAIN              0
LT FREEZING RAIN          0     HAIL                       0
HEAVY SNOW                0     SNOW                       0
LIGHT SNOW                0     SLEET                      0
FOG                       5     FOG W/VIS <= 1/4 MILE      0
HAZE                      0

-  INDICATES NEGATIVE NUMBERS.
R  INDICATES RECORD WAS SET OR TIED.
MM INDICATES DATA IS MISSING.
T  INDICATES TRACE AMOUNT.

$$
