000
CXCA52 TJSJ 010516
CLMSJU


CLIMATE REPORT
NATIONAL WEATHER SERVICE SAN JUAN, PR
115 AM AST MON DEC 1 2014

...................................

...THE SAN JUAN/P.R. CLIMATE SUMMARY FOR THE MONTH OF NOVEMBER 2014...

CLIMATE NORMAL PERIOD 1981 TO 2010
CLIMATE RECORD PERIOD 1898 TO 2014

WEATHER         OBSERVED          NORMAL  DEPART
                 VALUE   DATE(S)  VALUE   FROM
                                          NORMAL
................................................
TEMPERATURE (F)
RECORD
 HIGH              96   11/06/1981
 LOW               65   11/09/1898
HIGHEST            93   11/01        90       3
LOWEST             71   11/07        70       1
AVG. MAXIMUM     86.7              85.9     0.8
AVG. MINIMUM     75.4              75.2     0.2
MEAN             81.0              80.6     0.4
DAYS MAX >= 90      3               1.3     1.7
DAYS MAX <= 32      0               0.0     0.0
DAYS MIN <= 32      0               0.0     0.0
DAYS MIN <= 0       0               0.0     0.0

PRECIPITATION (INCHES)
RECORD
 MAXIMUM        15.96   1979
 MINIMUM         1.48   1954
TOTALS          11.47              6.35    5.12
DAILY AVG.       0.38              0.22    0.16
DAYS >= .01        23              19.6     3.4
DAYS >= .10        16              12.4     3.6
DAYS >= .50         6               4.3     1.7
DAYS >= 1.00        3               1.3     1.7
GREATEST
 24 HR. TOTAL    3.41   11/07 TO 11/07
                        11/06 TO 11/07
                        11/07 TO 11/07

DEGREE_DAYS
HEATING TOTAL       0                 0       0
 SINCE 7/1          0                 0       0
COOLING TOTAL     489               466      23
 SINCE 1/1       5862              5426     436
.................................................

WIND (MPH)
AVERAGE WIND SPEED              6.5
RESULTANT WIND SPEED/DIRECTION   5/074
HIGHEST WIND SPEED/DIRECTION    28/080    DATE  11/25
HIGHEST GUST SPEED/DIRECTION    35/060    DATE  11/19

SKY COVER
AVERAGE SKY COVER           0.40

AVERAGE RH (PERCENT)     81

WEATHER CONDITIONS. NUMBER OF DAYS WITH
THUNDERSTORM              0     MIXED PRECIP               0
HEAVY RAIN                4     RAIN                       9
LIGHT RAIN               16     FREEZING RAIN              0
LT FREEZING RAIN          0     HAIL                       0
HEAVY SNOW                0     SNOW                       0
LIGHT SNOW                0     SLEET                      0
FOG                      17     FOG W/VIS <= 1/4 MILE      0
HAZE                      2

-  INDICATES NEGATIVE NUMBERS.
R  INDICATES RECORD WAS SET OR TIED.
MM INDICATES DATA IS MISSING.
T  INDICATES TRACE AMOUNT.

$$
