000
CXCA52 TJSJ 010532
CLMSJU


CLIMATE REPORT
NATIONAL WEATHER SERVICE SAN JUAN, PR
132 AM AST WED JUN 1 2016

...................................

...THE SAN JUAN AREA/PR CLIMATE SUMMARY FOR THE MONTH OF MAY 2016...

CLIMATE NORMAL PERIOD 1981 TO 2010
CLIMATE RECORD PERIOD 1898 TO 2016

WEATHER         OBSERVED          NORMAL  DEPART  LAST YEAR`S
                 VALUE   DATE(S)  VALUE   FROM    VALUE  DATE(S)
                                          NORMAL
................................................................
TEMPERATURE (F)
RECORD
 HIGH              96   05/11/1980
                        05/05/1980
 LOW               66   05/05/1962
                        05/03/1903
HIGHEST            92   05/23        92       0       93  05/07
                        05/22                             05/03
                        05/06                             05/02
LOWEST             72   05/02        71       1       76  05/30
                                                          05/21
                                                          05/20
AVG. MAXIMUM     87.5              87.5     0.0     89.4
AVG. MINIMUM     76.3              76.3     0.0     76.7
MEAN             81.9              81.9     0.0     83.1
DAYS MAX >= 90      6               5.9     0.1       13
DAYS MAX <= 32      0               0.0     0.0        0
DAYS MIN <= 32      0               0.0     0.0        0
DAYS MIN <= 0       0               0.0     0.0        0

PRECIPITATION (INCHES)
RECORD
 MAXIMUM        16.88   1936
 MINIMUM         0.44   1972
TOTALS           7.18              5.90    1.28     2.28
DAILY AVG.       0.23              0.19    0.04     0.07
DAYS >= .01        25              15.7     9.3       12
DAYS >= .10        12               9.1     2.9        4
DAYS >= .50         5               3.7     1.3        2
DAYS >= 1.00        1               1.7    -0.7        1
GREATEST
 24 HR. TOTAL    2.83   05/29 TO 05/30

SNOWFALL (INCHES)
TOTALS            0.0               0.0     0.0      0.0

DEGREE_DAYS
HEATING TOTAL       0                 0       0        0
COOLING TOTAL     530               524       6      568
.................................................................

WIND (MPH)
AVERAGE WIND SPEED              8.0
HIGHEST WIND SPEED/DIRECTION    26/060    DATE  05/18
HIGHEST GUST SPEED/DIRECTION    31/090    DATE  05/19

SKY COVER
AVERAGE SKY COVER           0.50

AVERAGE RH (PERCENT)     78

WEATHER CONDITIONS. NUMBER OF DAYS WITH
THUNDERSTORM              0     MIXED PRECIP               0
HEAVY RAIN                3     RAIN                       3
LIGHT RAIN               18     FREEZING RAIN              0
LT FREEZING RAIN          0     HAIL                       0
HEAVY SNOW                0     SNOW                       0
LIGHT SNOW                0     SLEET                      0
FOG                      15     FOG W/VIS <= 1/4 MILE      0
HAZE                      4

-  INDICATES NEGATIVE NUMBERS.
R  INDICATES RECORD WAS SET OR TIED.
MM INDICATES DATA IS MISSING.
T  INDICATES TRACE AMOUNT.

$$
