000
CXCA52 TJSJ 011223
CLMSJU

CLIMATE REPORT
NATIONAL WEATHER SERVICE SAN JUAN, PR
1242 AM AST SUN MAR 1 2015

...................................

...THE SAN JUAN AREA/PR CLIMATE SUMMARY FOR THE MONTH OF FEBRUARY 2015...

CLIMATE NORMAL PERIOD 1981 TO 2010
CLIMATE RECORD PERIOD 1898 TO 2015

WEATHER         OBSERVED          NORMAL  DEPART  LAST YEAR`S
                 VALUE   DATE(S)  VALUE   FROM    VALUE  DATE(S)
                                          NORMAL
................................................................
TEMPERATURE (F)
RECORD
 HIGH              96   02/27/1983
 LOW               62   02/07/1968
                        02/06/1968
                        02/05/1968
HIGHEST            91   02/11        88       3       90  02/14
LOWEST             71   02/27        66       5       71  02/26
                        02/07                             02/09
                        02/06
AVG. MAXIMUM     84.9              83.7     1.2     85.0
AVG. MINIMUM     73.3              72.0     1.3     73.6
MEAN             79.1              77.9     1.2     79.3
DAYS MAX >= 90      1               0.5     0.5        1
DAYS MAX <= 32      0               0.0     0.0        0
DAYS MIN <= 32      0               0.0     0.0        0
DAYS MIN <= 0       0               0.0     0.0        0

PRECIPITATION (INCHES)
RECORD
 MAXIMUM         7.90   1950
 MINIMUM         0.05   1941
TOTALS           3.27              2.39    0.88     3.50
DAILY AVG.       0.12              0.09    0.03     0.12
DAYS >= .01        16              13.9     2.1       18
DAYS >= .10         9               6.0     3.0       12
DAYS >= .50         3               1.3     1.7        1
DAYS >= 1.00        0               0.3    -0.3        0
GREATEST
 24 HR. TOTAL    0.96   02/13 TO 02/14


SNOWFALL (INCHES)
TOTALS            0.0               0.0     0.0      0.0

DEGREE_DAYS
HEATING TOTAL       0                 0       0        0
COOLING TOTAL     402               360      42      409
.................................................................

WIND (MPH)
AVERAGE WIND SPEED              7.7
HIGHEST WIND SPEED/DIRECTION    29/100    DATE  02/27
HIGHEST GUST SPEED/DIRECTION    37/080    DATE  02/28

SKY COVER
AVERAGE SKY COVER           0.50

AVERAGE RH (PERCENT)     78

WEATHER CONDITIONS. NUMBER OF DAYS WITH
THUNDERSTORM              0     MIXED PRECIP               0
HEAVY RAIN                2     RAIN                       3
LIGHT RAIN               14     FREEZING RAIN              0
LT FREEZING RAIN          0     HAIL                       0
HEAVY SNOW                0     SNOW                       0
LIGHT SNOW                0     SLEET                      0
FOG                      14     FOG W/VIS <= 1/4 MILE      0
HAZE                      3

-  INDICATES NEGATIVE NUMBERS.
R  INDICATES RECORD WAS SET OR TIED.
MM INDICATES DATA IS MISSING.
T  INDICATES TRACE AMOUNT.

$$
