000
CXCA52 TJSJ 010918
CLMSJU


CLIMATE REPORT
NATIONAL WEATHER SERVICE SAN JUAN, PR
314 AM AST TUE JUL 1 2014

...................................

...THE SAN JUAN/P.R. CLIMATE SUMMARY FOR THE MONTH OF JUNE 2014...

CLIMATE NORMAL PERIOD 1981 TO 2010
CLIMATE RECORD PERIOD 1898 TO 2014

WEATHER         OBSERVED          NORMAL  DEPART
                 VALUE   DATE(S)  VALUE   FROM
                                          NORMAL
................................................
TEMPERATURE (F)
RECORD
 HIGH              97   06/05/1988
                        06/23/1983
                        06/22/1983
 LOW               66   06/19/1909
HIGHEST            94   06/21        93       1
LOWEST             77   06/04        73       4
                        06/02
                        06/01
AVG. MAXIMUM     91.1              88.9     2.2
AVG. MINIMUM     79.2              77.7     1.5
MEAN             85.2              83.3     1.9
DAYS MAX >= 90     25               8.3    16.7
DAYS MAX <= 32      0               0.0     0.0
DAYS MIN <= 32      0               0.0     0.0
DAYS MIN <= 0       0               0.0     0.0

PRECIPITATION (INCHES)
RECORD
 MAXIMUM        13.60   2011
 MINIMUM         0.16   2012
TOTALS           0.77              4.41   -3.64
DAILY AVG.       0.03              0.15   -0.12
DAYS >= .01        12              14.4    -2.4
DAYS >= .10         3               8.0    -5.0
DAYS >= .50         0               2.9    -2.9
DAYS >= 1.00        0               1.1    -1.1
GREATEST
 24 HR. TOTAL    0.30   06/30 TO 06/30
 STORM TOTAL       MM
 (MM/DD(HH))            MM

DEGREE_DAYS
HEATING TOTAL       0                 0       0
 SINCE 7/1          0                 0       0
COOLING TOTAL     610               549      61
 SINCE 1/1       3016              2714     302
.................................................

WIND (MPH)
AVERAGE WIND SPEED              9.4
RESULTANT WIND SPEED/DIRECTION   9/073
HIGHEST WIND SPEED/DIRECTION    25/070    DATE  06/30
HIGHEST GUST SPEED/DIRECTION    33/060    DATE  06/11

SKY COVER
POSSIBLE SUNSHINE (PERCENT)   MM
AVERAGE SKY COVER           0.40
NUMBER OF DAYS FAIR            8
NUMBER OF DAYS PC             22
NUMBER OF DAYS CLOUDY          0

AVERAGE RH (PERCENT)     69

WEATHER CONDITIONS. NUMBER OF DAYS WITH
THUNDERSTORM              0     MIXED PRECIP               0
HEAVY RAIN                0     RAIN                       1
LIGHT RAIN                7     FREEZING RAIN              0
LT FREEZING RAIN          0     HAIL                       0
HEAVY SNOW                0     SNOW                       0
LIGHT SNOW                0     SLEET                      0
FOG                       0     FOG W/VIS <= 1/4 MILE      0
HAZE                      2

-  INDICATES NEGATIVE NUMBERS.
R  INDICATES RECORD WAS SET OR TIED.
MM INDICATES DATA IS MISSING.
T  INDICATES TRACE AMOUNT.

$$
