000
CXCA52 TJSJ 010436
CLMSJU


CLIMATE REPORT
NATIONAL WEATHER SERVICE SAN JUAN, PR
1234 AM AST WED MAR 1 2017

...................................

...THE SAN JUAN AREA/PR CLIMATE SUMMARY FOR THE MONTH OF FEBRUARY 2017...

CLIMATE NORMAL PERIOD 1981 TO 2010
CLIMATE RECORD PERIOD 1898 TO 2017

WEATHER         OBSERVED          NORMAL  DEPART  LAST YEAR`S
                 VALUE   DATE(S)  VALUE   FROM    VALUE  DATE(S)
                                          NORMAL
................................................................
TEMPERATURE (F)
RECORD
 HIGH              96   02/27/1983
 LOW               62   02/07/1968
                        02/06/1968
                        02/05/1968
HIGHEST            90   02/24        88       2       87  02/23
                        02/16                             02/22
                                                          02/18
LOWEST             71   02/25        66       5       70  02/07
                                                          02/06
AVG. MAXIMUM     85.5              83.7     1.8     85.0
AVG. MINIMUM     73.6              72.0     1.6     72.9
MEAN             79.6              77.9     1.7     78.9
DAYS MAX >= 90      2               0.5     1.5        0
DAYS MAX <= 32      0               0.0     0.0        0
DAYS MIN <= 32      0               0.0     0.0        0
DAYS MIN <= 0       0               0.0     0.0        0

PRECIPITATION (INCHES)
RECORD
 MAXIMUM         7.90   1950
 MINIMUM         0.05   1941
TOTALS           1.70              2.39   -0.69     3.88
DAILY AVG.       0.06              0.07   -0.01     0.13
DAYS >= .01        11              13.9    -2.9       15
DAYS >= .10         6               6.0     0.0       10
DAYS >= .50         0               1.3    -1.3        3
DAYS >= 1.00        0               0.3    -0.3        0
GREATEST
 24 HR. TOTAL    0.40   02/19 TO 02/19

SNOWFALL (INCHES)
TOTALS            0.0               0.0     0.0      0.0

DEGREE_DAYS
HEATING TOTAL       0                 0       0        0
COOLING TOTAL     415               360      55      412
.................................................................

WIND (MPH)
AVERAGE WIND SPEED              7.4
HIGHEST WIND SPEED/DIRECTION    26/080    DATE  02/28
HIGHEST GUST SPEED/DIRECTION    35/080    DATE  02/28

SKY COVER
AVERAGE SKY COVER           0.40

AVERAGE RH (PERCENT)     73

WEATHER CONDITIONS. NUMBER OF DAYS WITH
THUNDERSTORM              0     MIXED PRECIP               0
HEAVY RAIN                1     RAIN                       4
LIGHT RAIN               12     FREEZING RAIN              0
LT FREEZING RAIN          0     HAIL                       0
HEAVY SNOW                0     SNOW                       0
LIGHT SNOW                0     SLEET                      0
FOG                       5     FOG W/VIS <= 1/4 MILE      0
HAZE                      1

-  INDICATES NEGATIVE NUMBERS.
R  INDICATES RECORD WAS SET OR TIED.
MM INDICATES DATA IS MISSING.
T  INDICATES TRACE AMOUNT.

$$
