000
CXUS45 KSLC 032051
CLMSLC

SLCCLMSLC 000
TTAA00 KSLC 032047


CLIMATE REPORT
NATIONAL WEATHER SERVICE SALT LAKE CITY UT
247 PM MDT THU AUG 3 2017

...................................

...THE SALT LAKE CITY UT CLIMATE SUMMARY FOR THE MONTH OF JULY 2017...

CLIMATE NORMAL PERIOD 1981 TO 2010
CLIMATE RECORD PERIOD 1874 TO 2017

WEATHER         OBSERVED          NORMAL  DEPART  LAST YEAR`S
                 VALUE   DATE(S)  VALUE   FROM    VALUE  DATE(S)
                                          NORMAL
................................................................
TEMPERATURE (F)
RECORD
 HIGH             107   07/13/2002
                        07/26/1960
 LOW               40   07/01/1968
HIGHEST           105   07/05                        104  07/26
LOWEST             63   07/01                         51  07/11
AVG. MAXIMUM     97.6              92.6     5.0     96.2
AVG. MINIMUM     72.9              64.7     8.2     70.0
MEAN             85.3              78.7     6.6     83.1
DAYS MAX >= 90     29              22.0     7.0       27
DAYS MAX <= 32      0               0.0     0.0        0
DAYS MIN <= 32      0               0.0     0.0        0
DAYS MIN <= 0       0               0.0     0.0        0

PRECIPITATION (INCHES)
TOTALS           0.51              0.61   -0.10        T
DAYS >= .01         5               4.4     0.6        0
DAYS >= .10         1               1.7    -0.7        0
DAYS >= .50         0               0.3    -0.3        0
DAYS >= 1.00        0               0.0     0.0        0

SNOWFALL (INCHES)
TOTALS            0.0               0.0     0.0      0.0
SINCE 7/1         0.0               0.0              0.0

DEGREE_DAYS
HEATING TOTAL       0                 2      -2        1
 SINCE 7/1          0                 2      -2        1
COOLING TOTAL     636               425     211      571
 SINCE 1/1       1052               662     390      998
.................................................................

WIND (MPH)
AVERAGE WIND SPEED              8.3
HIGHEST WIND SPEED/DIRECTION    39/260    DATE  07/17
HIGHEST GUST SPEED/DIRECTION    51/270    DATE  07/17


WEATHER CONDITIONS. NUMBER OF DAYS WITH
THUNDERSTORM              6     RAIN                       5
HAIL                      0     SNOW                       0
FOG                       1     FOG W/VIS <= 1/4 MILE      0
HAZE                      5

-  INDICATES NEGATIVE NUMBERS.
R  INDICATES RECORD WAS SET OR TIED.
MM INDICATES DATA IS MISSING.
T  INDICATES TRACE AMOUNT.

$$
