000
CXUS45 KSLC 071912 AAA
CLMSLC

SLCCLMSLC 000
TTAA00 KSLC 191628


CLIMATE REPORT
NATIONAL WEATHER SERVICE SALT LAKE CITY UT
1027 AM MDT FRI MAY 19 2017

...................................

...THE SALT LAKE CITY UT CLIMATE SUMMARY FOR THE MONTH OF APRIL 2017...

CLIMATE NORMAL PERIOD 1981 TO 2010
CLIMATE RECORD PERIOD 1874 TO 2017

WEATHER         OBSERVED          NORMAL  DEPART  LAST YEAR`S
                 VALUE   DATE(S)  VALUE   FROM    VALUE  DATE(S)
                                          NORMAL
................................................................
TEMPERATURE (F)
RECORD
 HIGH              89   04/29/2007
 LOW               14   04/02/1936
HIGHEST            80   04/13                         83  04/21
LOWEST             33   04/09                         34  04/15
                        04/05                             04/01
                        04/04
AVG. MAXIMUM     60.0              61.6    -1.6     65.4
AVG. MINIMUM     40.6              39.5     1.1     44.9
MEAN             50.3              50.6    -0.3     55.2
DAYS MAX >= 90      0               0.0     0.0        0
DAYS MAX <= 32      0               0.0     0.0        0
DAYS MIN <= 32      0               4.3    -4.3        0
DAYS MIN <= 0       0               0.0     0.0        0

PRECIPITATION (INCHES)
TOTALS           3.22              1.99    1.23     1.39
DAYS >= .01        12               9.9     2.1        9
DAYS >= .10         8               5.6     2.4        4
DAYS >= .50         3               1.0     2.0        1
DAYS >= 1.00        1               0.1     0.9        0

SNOWFALL (INCHES)
TOTALS            1.0               4.0    -3.0        T
SINCE 7/1        51.3              55.9             34.3

DEGREE_DAYS
HEATING TOTAL     431               438      -7      298
 SINCE 7/1       4640              5356    -716     4689
COOLING TOTAL       0                 4      -4       10
 SINCE 1/1          2                 4      -2       10
.................................................................

WIND (MPH)
AVERAGE WIND SPEED              9.7
HIGHEST WIND SPEED/DIRECTION    40/210    DATE  04/13
HIGHEST GUST SPEED/DIRECTION    52/210    DATE  04/13


WEATHER CONDITIONS. NUMBER OF DAYS WITH
THUNDERSTORM              0     RAIN                       7
HAIL                      1     SNOW                       2
FOG                      11     FOG W/VIS <= 1/4 MILE      0
HAZE                      1

-  INDICATES NEGATIVE NUMBERS.
R  INDICATES RECORD WAS SET OR TIED.
MM INDICATES DATA IS MISSING.
T  INDICATES TRACE AMOUNT.

$$
