000
CXUS45 KSLC 012101
CLMSLC

SLCCLMSLC 000
TTAA00 KSLC 012058

CLIMATE REPORT
NATIONAL WEATHER SERVICE SALT LAKE CITY UT
300 PM MDT FRI APR 1 2016

...................................

...THE SALT LAKE CITY UT CLIMATE SUMMARY FOR THE MONTH OF MARCH 2016...

CLIMATE NORMAL PERIOD 1981 TO 2010
CLIMATE RECORD PERIOD 1874 TO 2016

WEATHER         OBSERVED          NORMAL  DEPART  LAST YEAR`S
                 VALUE   DATE(S)  VALUE   FROM    VALUE  DATE(S)
                                          NORMAL
................................................................
TEMPERATURE (F)
RECORD
 HIGH              80   03/31/2012
 LOW                2   03/04/1966
HIGHEST            70   03/20                         78  03/31
LOWEST             31   03/19                         25  03/04
                        03/18
                        03/16
AVG. MAXIMUM     56.9              53.7     3.2     61.6
AVG. MINIMUM     37.4              33.6     3.8     37.8
MEAN             47.1              43.6     3.5     49.7
DAYS MAX >= 90      0               0.0     0.0        0
DAYS MAX <= 32      0               0.2    -0.2        0
DAYS MIN <= 32      5              11.8    -6.8        9
DAYS MIN <= 0       0               0.0     0.0        0

PRECIPITATION (INCHES)
TOTALS           2.22              1.79    0.43     0.71
DAYS >= .01         9               9.9    -0.9        5
DAYS >= .10         5               5.6    -0.6        3
DAYS >= .50         2               0.7     1.3        0
DAYS >= 1.00        0               0.0     0.0        0

SNOWFALL (INCHES)
TOTALS            2.7               6.5    -3.8      2.8
SINCE 7/1        34.3              51.9              9.6

DEGREE_DAYS
HEATING TOTAL     546               662    -116      466
 SINCE 7/1       4391              4918    -527     3813
COOLING TOTAL       0                 0       0        0
 SINCE 1/1          0                 0       0        0
.................................................................

WIND (MPH)
AVERAGE WIND SPEED              8.3
HIGHEST WIND SPEED/DIRECTION    39/300    DATE  03/06
HIGHEST GUST SPEED/DIRECTION    54/300    DATE  03/06


WEATHER CONDITIONS. NUMBER OF DAYS WITH
THUNDERSTORM              3     RAIN                       9
HAIL                      3     SNOW                       3
FOG                      10     FOG W/VIS <= 1/4 MILE      0
HAZE                      2

-  INDICATES NEGATIVE NUMBERS.
R  INDICATES RECORD WAS SET OR TIED.
MM INDICATES DATA IS MISSING.
T  INDICATES TRACE AMOUNT.

$$
