000
CXUS56 KPQR 011626
CLMSLE


CLIMATE REPORT
NATIONAL WEATHER SERVICE PORTLAND OREGON
826 AM PST THU JAN 1 2015

...................................

...THE SALEM OR CLIMATE SUMMARY FOR THE YEAR OF 2014...

CLIMATE NORMAL PERIOD 1981 TO 2010
CLIMATE RECORD PERIOD 1892 TO 2014

WEATHER         OBSERVED          NORMAL  DEPART  LAST YEAR`S
                 VALUE   DATE(S)  VALUE   FROM    VALUE  DATE(S)
                                          NORMAL
................................................................
TEMPERATURE (F)
HIGHEST            99                                 MM  MM
LOWEST             20                                 MM  MM
AVG. MAXIMUM     66.1              63.6     2.5       MM
AVG. MINIMUM     45.7              42.5     3.2       MM
MEAN             55.9              53.0     2.9       MM
DAYS MAX >= 90     29              14.7    14.3       MM
DAYS MAX <= 32      3               1.3     1.7       MM
DAYS MIN <= 32     44              49.7    -5.7       MM
DAYS MIN <= 0       0               0.0     0.0       MM

PRECIPITATION (INCHES)
RECORD
 MAXIMUM        66.96   1996
 MINIMUM        23.59   2013
TOTALS          41.18             39.67    1.51       MM
DAYS >= .01       152             144.3     7.7       MM
DAYS >= .10        95              90.9     4.1       MM
DAYS >= .50        26              25.0     1.0       MM
DAYS >= 1.00        5               6.2    -1.2       MM
GREATEST
 24 HR. TOTAL    1.75   MM

DEGREE_DAYS
HEATING TOTAL    3809              4652    -843       MM
 SINCE 7/1       1380              1889    -509       MM
COOLING TOTAL     605               290     315       MM
 SINCE 1/1        605               290     315       MM
.................................................................

WIND (MPH)
AVERAGE WIND SPEED              6.5
RESULTANT WIND SPEED/DIRECTION   1/258
HIGHEST WIND SPEED/DIRECTION    39/190    DATE  12/11
HIGHEST GUST SPEED/DIRECTION    53/200    DATE  12/11

SKY COVER
POSSIBLE SUNSHINE (PERCENT)   MM
AVERAGE SKY COVER           0.50
NUMBER OF DAYS FAIR          101
NUMBER OF DAYS PC             84
NUMBER OF DAYS CLOUDY         88

AVERAGE RH (PERCENT)     69

WEATHER CONDITIONS. NUMBER OF DAYS WITH
THUNDERSTORM              0     MIXED PRECIP               0
HEAVY RAIN               23     RAIN                      66
LIGHT RAIN              164     FREEZING RAIN              1
LT FREEZING RAIN          3     HAIL                       0
HEAVY SNOW                1     SNOW                       2
LIGHT SNOW                5     SLEET                      0
FOG                     162     FOG W/VIS <= 1/4 MILE     33
HAZE                     22

-  INDICATES NEGATIVE NUMBERS.
R  INDICATES RECORD WAS SET OR TIED.
MM INDICATES DATA IS MISSING.
T  INDICATES TRACE AMOUNT.

$$
