000
CXUS56 KPQR 011710
CLMSLE


CLIMATE REPORT
NATIONAL WEATHER SERVICE PORTLAND OREGON
910 AM PST MON DEC 1 2014

...................................

...THE SALEM OR CLIMATE SUMMARY FOR THE MONTH OF NOVEMBER 2014...

CLIMATE NORMAL PERIOD 1981 TO 2010
CLIMATE RECORD PERIOD 1892 TO 2014

WEATHER         OBSERVED          NORMAL  DEPART  LAST YEAR`S
                 VALUE   DATE(S)  VALUE   FROM    VALUE  DATE(S)
                                          NORMAL
................................................................
TEMPERATURE (F)
HIGHEST            64                                 60  11/12
                                                          11/10
                                                          11/01
LOWEST             21                                 24  11/25
                                                          11/24
                                                          11/22
AVG. MAXIMUM     53.3              52.6     0.7     53.1
AVG. MINIMUM     39.0              38.4     0.6     38.3
MEAN             46.1              45.5     0.6     45.7
DAYS MAX >= 90      0               0.0     0.0        0
DAYS MAX <= 32      0               0.1    -0.1        0
DAYS MIN <= 32     10               5.9     4.1       10
DAYS MIN <= 0       0               0.0     0.0        0

PRECIPITATION (INCHES)
RECORD
 MAXIMUM        16.99   1896
 MINIMUM         0.48   1936
TOTALS           4.87              6.50   -1.63     2.68
DAYS >= .01        16              18.1    -2.1       14
DAYS >= .10        11              13.1    -2.1        6
DAYS >= .50         3               4.3    -1.3        1
DAYS >= 1.00        0               1.5    -1.5        0
GREATEST
 24 HR. TOTAL    1.13   11/27 TO 11/28

DEGREE_DAYS
HEATING TOTAL     557               585     -28      573
 SINCE 7/1        766              1117    -351     1043
COOLING TOTAL       0                 0       0        0
 SINCE 1/1        605               290     315      502
.................................................................

WIND (MPH)
AVERAGE WIND SPEED              7.3
RESULTANT WIND SPEED/DIRECTION   2/194
HIGHEST WIND SPEED/DIRECTION    33/180    DATE  11/21
HIGHEST GUST SPEED/DIRECTION    44/190    DATE  11/21

SKY COVER
POSSIBLE SUNSHINE (PERCENT)   MM
AVERAGE SKY COVER           0.60
NUMBER OF DAYS FAIR            7
NUMBER OF DAYS PC              9
NUMBER OF DAYS CLOUDY         14

AVERAGE RH (PERCENT)     75

WEATHER CONDITIONS. NUMBER OF DAYS WITH
THUNDERSTORM              0     MIXED PRECIP               0
HEAVY RAIN                4     RAIN                       8
LIGHT RAIN               17     FREEZING RAIN              1
LT FREEZING RAIN          1     HAIL                       0
HEAVY SNOW                0     SNOW                       0
LIGHT SNOW                0     SLEET                      0
FOG                      20     FOG W/VIS <= 1/4 MILE      8
HAZE                      3

-  INDICATES NEGATIVE NUMBERS.
R  INDICATES RECORD WAS SET OR TIED.
MM INDICATES DATA IS MISSING.
T  INDICATES TRACE AMOUNT.

$$
