000
CXUS56 KPQR 011650
CLMSLE


CLIMATE REPORT
NATIONAL WEATHER SERVICE PORTLAND OREGON
950 AM PDT FRI AUG 1 2014

...................................

...THE SALEM OR CLIMATE SUMMARY FOR THE MONTH OF JULY 2014...

CLIMATE NORMAL PERIOD 1981 TO 2010
CLIMATE RECORD PERIOD 1892 TO 2014

WEATHER         OBSERVED          NORMAL  DEPART  LAST YEAR`S
                 VALUE   DATE(S)  VALUE   FROM    VALUE  DATE(S)
                                          NORMAL
................................................................
TEMPERATURE (F)
HIGHEST            99                                 95  07/26
LOWEST             52                                 48  07/28
AVG. MAXIMUM     87.2              82.0     5.2     85.9
AVG. MINIMUM     57.8              53.1     4.7     55.0
MEAN             72.5              67.6     4.9     70.5
DAYS MAX >= 90     14               5.4     8.6        8
DAYS MAX <= 32      0               0.0     0.0        0
DAYS MIN <= 32      0               0.0     0.0        0
DAYS MIN <= 0       0               0.0     0.0        0

PRECIPITATION (INCHES)
RECORD
 MAXIMUM         2.72   1916
 MINIMUM         0.00   2013
                        2008
                        1967
TOTALS           0.46              0.46    0.00     0.00
DAYS >= .01         4               2.9     1.1        0
DAYS >= .10         2               1.1     0.9        0
DAYS >= .50         0               0.2    -0.2        0
DAYS >= 1.00        0               0.0     0.0        0
GREATEST
 24 HR. TOTAL    0.28   07/23 TO 07/24

DEGREE_DAYS
HEATING TOTAL       3                30     -27        2
 SINCE 7/1          3                30     -27        2
COOLING TOTAL     242               109     133      176
 SINCE 1/1        277               146     131      239
.................................................................

WIND (MPH)
AVERAGE WIND SPEED              6.2
RESULTANT WIND SPEED/DIRECTION   3/348
HIGHEST WIND SPEED/DIRECTION    20/240    DATE  07/23
HIGHEST GUST SPEED/DIRECTION    27/010    DATE  07/08

SKY COVER
POSSIBLE SUNSHINE (PERCENT)   MM
AVERAGE SKY COVER           0.20
NUMBER OF DAYS FAIR           25
NUMBER OF DAYS PC              3
NUMBER OF DAYS CLOUDY          3

AVERAGE RH (PERCENT)     57

WEATHER CONDITIONS. NUMBER OF DAYS WITH
THUNDERSTORM              0     MIXED PRECIP               0
HEAVY RAIN                0     RAIN                       3
LIGHT RAIN                5     FREEZING RAIN              0
LT FREEZING RAIN          0     HAIL                       0
HEAVY SNOW                0     SNOW                       0
LIGHT SNOW                0     SLEET                      0
FOG                       4     FOG W/VIS <= 1/4 MILE      0
HAZE                      1

-  INDICATES NEGATIVE NUMBERS.
R  INDICATES RECORD WAS SET OR TIED.
MM INDICATES DATA IS MISSING.
T  INDICATES TRACE AMOUNT.

$$
