000
CXUS51 KBTV 011400
CLMSLK


CLIMATE REPORT
NATIONAL WEATHER SERVICE BURLINGTON VT
955 AM EDT WED OCT 1 2014

...................................

...THE SARANAC LAKE NY CLIMATE SUMMARY FOR THE MONTH OF SEPTEMBER 2014...

CLIMATE NORMAL PERIOD 1981 TO 2010
CLIMATE RECORD PERIOD 9999 TO 9999

WEATHER         OBSERVED          NORMAL  DEPART  LAST YEAR`S
                 VALUE   DATE(S)  VALUE   FROM    VALUE  DATE(S)
                                          NORMAL
................................................................
TEMPERATURE (F)
RECORD
 HIGH              MM   MM
 LOW               21   09/19/2014
HIGHEST            84   09/05        MM      MM       86  09/11
LOWEST             21R  09/19        MM      MM       25  09/17
AVG. MAXIMUM     68.0              66.2     1.8     65.5
AVG. MINIMUM     40.0              41.3    -1.3     39.5
MEAN             54.0              53.7     0.3     52.5
DAYS MAX >= 90      0               0.2    -0.2        0
DAYS MAX <= 32      0               0.0     0.0        0
DAYS MIN <= 32      7               4.6     2.4       12
DAYS MIN <= 0       0               0.0     0.0        0

PRECIPITATION (INCHES)
RECORD
 MAXIMUM           MM   MM
 MINIMUM           MM   MM
TOTALS           2.00              3.29   -1.29     3.57
DAILY AVG.       0.07              0.11   -0.04     0.12
DAYS >= .01         9                MM      MM       12
DAYS >= .10         7                MM      MM        8
DAYS >= .50         1                MM      MM        2
DAYS >= 1.00        0                MM      MM        1
GREATEST
 24 HR. TOTAL    0.51   09/02 TO 09/02           09/02 TO 09/02
                        09/01 TO 09/02                    09/30 TO 09/30
                        09/02 TO 09/02                    09/30 TO 09/30
 STORM TOTAL       MM                                 MM
 (MM/DD(HH))            MM                    09/02(00) TO 09/02(00)
                                                 09/30(00) TO 09/30(00)0
                                                 09/30(00) TO 09/30(00)0

DEGREE_DAYS
HEATING TOTAL     335               345     -10      385
 SINCE 7/1        614               585      29      598
COOLING TOTAL      13                 7       6       16
 SINCE 1/1         81               114     -33      187
.................................................

WIND (MPH)
AVERAGE WIND SPEED              5.0
HIGHEST WIND SPEED/DIRECTION    25/210    DATE  09/20
HIGHEST GUST SPEED/DIRECTION    36/180    DATE  09/11

SKY COVER
POSSIBLE SUNSHINE (PERCENT)   MM
AVERAGE SKY COVER           0.50
NUMBER OF DAYS FAIR            5
NUMBER OF DAYS PC             19
NUMBER OF DAYS CLOUDY          6

AVERAGE RH (PERCENT)     76

WEATHER CONDITIONS. NUMBER OF DAYS WITH
THUNDERSTORM              0     MIXED PRECIP               0
HEAVY RAIN                4     RAIN                       5
LIGHT RAIN               13     FREEZING RAIN              0
LT FREEZING RAIN          0     HAIL                       0
HEAVY SNOW                0     SNOW                       0
LIGHT SNOW                0     SLEET                      0
FOG                      27     FOG W/VIS <= 1/4 MILE     14
HAZE                      1

-  INDICATES NEGATIVE NUMBERS.
R  INDICATES RECORD WAS SET OR TIED.
MM INDICATES DATA IS MISSING.
T  INDICATES TRACE AMOUNT.

$$
