000
CXUS51 KBTV 011347
CLMSLK


CLIMATE REPORT
NATIONAL WEATHER SERVICE BURLINGTON VT
943 AM EDT SAT NOV 1 2014

...................................

...THE SARANAC LAKE NY CLIMATE SUMMARY FOR THE MONTH OF OCTOBER 2014...

CLIMATE NORMAL PERIOD 1981 TO 2010
CLIMATE RECORD PERIOD 9999 TO 9999

WEATHER         OBSERVED          NORMAL  DEPART  LAST YEAR`S
                 VALUE   DATE(S)  VALUE   FROM    VALUE  DATE(S)
                                          NORMAL
................................................................
TEMPERATURE (F)
RECORD
 HIGH              MM   MM
 LOW               11   10/29/2013
HIGHEST            76   10/14        MM      MM       73  10/12
                                                          10/02
LOWEST             21   10/13        MM      MM       11  10/29
AVG. MAXIMUM     54.8              53.3     1.5     56.4
AVG. MINIMUM     36.8              31.1     5.7     31.3
MEAN             45.8              42.2     3.6     43.8
DAYS MAX >= 90      0               0.0     0.0        0
DAYS MAX <= 32      0               0.2    -0.2        0
DAYS MIN <= 32     11              18.5    -7.5       20
DAYS MIN <= 0       0               0.0     0.0        0

PRECIPITATION (INCHES)
RECORD
 MAXIMUM           MM   MM
 MINIMUM           MM   MM
TOTALS           3.23              4.05   -0.82     2.46
DAILY AVG.       0.10              0.13   -0.03     0.08
DAYS >= .01        20                MM      MM       16
DAYS >= .10        11                MM      MM        6
DAYS >= .50         1                MM      MM        1
DAYS >= 1.00        0                MM      MM        0
GREATEST
 24 HR. TOTAL    0.59   10/07 TO 10/08           10/06 TO 10/07
                                                          10/29 TO 10/29
                                                          10/29 TO 10/29
 STORM TOTAL       MM                                 MM
 (MM/DD(HH))            MM                    10/07(00) TO 10/07(00)
                                                 10/29(00) TO 10/29(00)9
                                                 10/29(00) TO 10/29(00)9

DEGREE_DAYS
HEATING TOTAL     589               707    -118      649
 SINCE 7/1       1203              1292     -89     1247
COOLING TOTAL       2                 0       2        0
 SINCE 1/1         83               114     -31      187
..........................................................

WIND (MPH)
AVERAGE WIND SPEED              6.6
HIGHEST WIND SPEED/DIRECTION    29/200    DATE  10/14
HIGHEST GUST SPEED/DIRECTION    39/270    DATE  10/08

SKY COVER
POSSIBLE SUNSHINE (PERCENT)   MM
AVERAGE SKY COVER           0.70
NUMBER OF DAYS FAIR            2
NUMBER OF DAYS PC             13
NUMBER OF DAYS CLOUDY         16

AVERAGE RH (PERCENT)     81

WEATHER CONDITIONS. NUMBER OF DAYS WITH
THUNDERSTORM              0     MIXED PRECIP               0
HEAVY RAIN                4     RAIN                      13
LIGHT RAIN               19     FREEZING RAIN              0
LT FREEZING RAIN          0     HAIL                       0
HEAVY SNOW                0     SNOW                       0
LIGHT SNOW                2     SLEET                      0
FOG                      28     FOG W/VIS <= 1/4 MILE      8
HAZE                      4

-  INDICATES NEGATIVE NUMBERS.
R  INDICATES RECORD WAS SET OR TIED.
MM INDICATES DATA IS MISSING.
T  INDICATES TRACE AMOUNT.

$$
