000
CXUS53 KICT 052015
CLMSLN


CLIMATE REPORT
NATIONAL WEATHER SERVICE WICHITA KS
149 PM CST FRI JAN 5 2018

...................................

...THE SALINA CLIMATE SUMMARY FOR THE YEAR OF 2017...

CLIMATE NORMAL PERIOD 1981 TO 2010
CLIMATE RECORD PERIOD 1894 TO 2018

WEATHER         OBSERVED          NORMAL  DEPART  LAST YEAR`S
                 VALUE   DATE(S)  VALUE   FROM    VALUE  DATE(S)
                                          NORMAL
................................................................
TEMPERATURE (F)
RECORD
 HIGH             118   08/13/1936
 LOW              -28   01/08/1913
HIGHEST           111   07/22       118      -7      109  07/22
LOWEST             -2   12/31       -28      26      -10  12/18
AVG. MAXIMUM     71.9              67.4     4.5     72.0
AVG. MINIMUM     47.0              44.9     2.1     47.0
MEAN             59.4              56.1     3.3     59.5
DAYS MAX >= 90     79              59.1    19.9       74
DAYS MAX <= 32     15              19.5    -4.5       13
DAYS MIN <= 32    102             107.8    -5.8      107
DAYS MIN <= 0       1               3.2    -2.2        3

PRECIPITATION (INCHES)
RECORD
 MAXIMUM        58.08   1993
 MINIMUM        12.98   1966
TOTALS          25.43             31.50   -6.07    27.37
DAILY AVG.       0.07              0.09   -0.02     0.07
DAYS >= .01        84              88.0    -4.0       80
DAYS >= .10        40              53.4   -13.4       52
DAYS >= .50        16              19.3    -3.3       17
DAYS >= 1.00        6               8.1    -2.1        7
GREATEST
 24 HR. TOTAL    2.81   10/04 TO 10/04              3.07  08/30 TO 08/31

DEGREE_DAYS
HEATING TOTAL    3951              4870    -919     3856
 SINCE 7/1       1689              1964    -275     1569
COOLING TOTAL    1965              1648     317     2009

FREEZE DATES
RECORD
 EARLIEST     09/24/1989
 LATEST       05/14/1953
EARLIEST                        10/21
LATEST                          04/15
.................................................................

WIND (MPH)
AVERAGE WIND SPEED              11.1
RESULTANT WIND SPEED/DIRECTION   2/179
HIGHEST WIND SPEED/DIRECTION    55/310    DATE  06/29
HIGHEST GUST SPEED/DIRECTION    68/310    DATE  06/29

SKY COVER
AVERAGE SKY COVER           0.30
NUMBER OF DAYS FAIR          224
NUMBER OF DAYS PC             69
NUMBER OF DAYS CLOUDY         41

AVERAGE RH (PERCENT)    139

WEATHER CONDITIONS. NUMBER OF DAYS WITH
THUNDERSTORM             49     MIXED PRECIP               0
HEAVY RAIN               28     RAIN                      36
LIGHT RAIN               88     FREEZING RAIN              0
LT FREEZING RAIN          0     HAIL                       1
HEAVY SNOW                1     SNOW                       2
LIGHT SNOW                6     SLEET                      0
FOG                      78     FOG W/VIS <= 1/4 MILE      8
HAZE                     48

-  INDICATES NEGATIVE NUMBERS.
R  INDICATES RECORD WAS SET OR TIED.
MM INDICATES DATA IS MISSING.
T  INDICATES TRACE AMOUNT.

$$
