000
CXUS56 KSGX 021421
CLMSNA


CLIMATE REPORT
NATIONAL WEATHER SERVICE SAN DIEGO, CA
721 AM PDT SUN AUG 2 2015

...................................

...THE JOHN WAYNE AIRPORT CA CLIMATE SUMMARY FOR THE MONTH OF JULY 2015...

CLIMATE NORMAL PERIOD 1981 TO 2010
CLIMATE RECORD PERIOD 1999 TO 2015

WEATHER         OBSERVED          NORMAL  DEPART  LAST YEAR`S
                 VALUE   DATE(S)  VALUE   FROM    VALUE  DATE(S)
                                          NORMAL
................................................................
TEMPERATURE (F)
RECORD
 HIGH              99   07/22/2006
                        07/30/2003
 LOW               57   07/28/2007
HIGHEST            88   07/19        77      11       92  07/28
LOWEST             63   07/11        63       0       67  07/23
                        07/10                             07/18
                        07/07                             07/12
AVG. MAXIMUM     78.8              77.9     0.9     82.6
AVG. MINIMUM     66.5              64.4     2.1     69.4
MEAN             72.7              71.1     1.6     76.0
DAYS MAX >= 90      0               0.3    -0.3        1
DAYS MAX <= 32      0               0.0     0.0        0
DAYS MAX >= 100     0                                  0
DAYS MIN <= 32      0               0.0     0.0        0

PRECIPITATION (INCHES)
RECORD
 MAXIMUM         0.16   2012
                        2006
 MINIMUM         0.00   2009
                        2005
                        2004
TOTALS           0.44R             0.04    0.40        T
DAILY AVG.       0.01              0.00    0.01        T
DAYS >= .01         3                MM      MM        0
DAYS >= .10         2                MM      MM        0
DAYS >= .50         0                MM      MM        0
DAYS >= 1.00        0                MM      MM        0
DAYS >= 1.50        0                                  0
DAYS >= 2.00        0                                  0
GREATEST
 24 HR. TOTAL    0.25   07/18 TO 07/19           07/28 TO 07/28
                                                          07/13 TO 07/14
                                                          07/14 TO 07/14
 STORM TOTAL       MM                                 MM
 (MM/DD(HH))            MM                    07/28(00) TO 07/28(00)
                                                 07/14(00) TO 07/14(00)4
                                                 07/14(00) TO 07/14(00)4

DEGREE_DAYS
HEATING TOTAL       0                 0       0        0
 SINCE 7/1          0                 0       0        0
COOLING TOTAL     237               191      46      349
 SINCE 1/1        627               334     293      876

FREEZE DATES
RECORD
 EARLIEST     MM
 LATEST       MM
EARLIEST                        MM
LATEST                          MM
.....................................................

WIND (MPH)
AVERAGE WIND SPEED              5.1
RESULTANT WIND SPEED/DIRECTION   4/212
HIGHEST WIND SPEED/DIRECTION    18/210    DATE  07/14
HIGHEST GUST SPEED/DIRECTION    30/210    DATE  07/09

SKY COVER
POSSIBLE SUNSHINE (PERCENT)   MM
AVERAGE SKY COVER           0.50
NUMBER OF DAYS FAIR            8
NUMBER OF DAYS PC             17
NUMBER OF DAYS CLOUDY          6

AVERAGE RH (PERCENT)     72

WEATHER CONDITIONS. NUMBER OF DAYS WITH
THUNDERSTORM              0     MIXED PRECIP               0
HEAVY RAIN                0     RAIN                       2
LIGHT RAIN                5     FREEZING RAIN              0
LT FREEZING RAIN          0     HAIL                       0
HEAVY SNOW                0     SNOW                       0
LIGHT SNOW                0     SLEET                      0
FOG                       8     FOG W/VIS <= 1/4 MILE      0
HAZE                      3

-  INDICATES NEGATIVE NUMBERS.
R  INDICATES RECORD WAS SET OR TIED.
MM INDICATES DATA IS MISSING.
T  INDICATES TRACE AMOUNT.

$$
