000
CXUS56 KSGX 011442
CLMSNA


CLIMATE REPORT
NATIONAL WEATHER SERVICE SAN DIEGO, CA
642 AM PST SUN FEB 1 2015

...................................

...THE JOHN WAYNE AIRPORT CA CLIMATE SUMMARY FOR THE MONTH OF JANUARY 2015...

CLIMATE NORMAL PERIOD 1981 TO 2010
CLIMATE RECORD PERIOD 1999 TO 2015

WEATHER         OBSERVED          NORMAL  DEPART  LAST YEAR`S
                 VALUE   DATE(S)  VALUE   FROM    VALUE  DATE(S)
                                          NORMAL
................................................................
TEMPERATURE (F)
RECORD
 HIGH              90   01/31/2003
 LOW               33   01/14/2007
HIGHEST            86   01/25        67      19       89  01/16
                        01/06
LOWEST             40   01/01        48      -8       45  01/06
AVG. MAXIMUM     73.2              66.5     6.7     73.3
AVG. MINIMUM     52.4              47.0     5.4     50.5
MEAN             62.8              56.7     6.1     61.9
DAYS MAX >= 90      0               0.0     0.0        0
DAYS MAX <= 32      0               0.0     0.0        0
DAYS MAX >= 100     0                                  0
DAYS MIN <= 32      0               0.0     0.0        0

PRECIPITATION (INCHES)
RECORD
 MAXIMUM         6.33   2010
 MINIMUM         0.02   2014
TOTALS           0.82              2.91   -2.09     0.02
DAILY AVG.       0.03              0.09   -0.06     0.00
DAYS >= .01         3                MM      MM        1
DAYS >= .10         2                MM      MM        0
DAYS >= .50         1                MM      MM        0
DAYS >= 1.00        0                MM      MM        0
DAYS >= 1.50        0                                  0
DAYS >= 2.00        0                                  0
GREATEST
 24 HR. TOTAL    0.64   01/10 TO 01/11           01/30 TO 01/30
                                                          01/31 TO 01/31
                                                          01/31 TO 01/31
 STORM TOTAL       MM                                 MM
 (MM/DD(HH))            MM                    01/30(00) TO 01/30(00)
                                                 01/31(00) TO 01/31(00)1
                                                 01/31(00) TO 01/31(00)1

SNOWFALL (INCHES)
TOTALS            0.0

DEGREE_DAYS
HEATING TOTAL      91               260    -169      113
 SINCE 7/1        205               692    -487      382
COOLING TOTAL      30                 5      25       27
 SINCE 1/1         30                 0      30       27

FREEZE DATES
RECORD
 EARLIEST     MM
 LATEST       MM
EARLIEST                        MM
LATEST                          MM
..................................................

WIND (MPH)
AVERAGE WIND SPEED              2.6
RESULTANT WIND SPEED/DIRECTION   0/161
HIGHEST WIND SPEED/DIRECTION    32/080    DATE  01/24
HIGHEST GUST SPEED/DIRECTION    48/070    DATE  01/24

SKY COVER
POSSIBLE SUNSHINE (PERCENT)   MM
AVERAGE SKY COVER           0.40
NUMBER OF DAYS FAIR           16
NUMBER OF DAYS PC             11
NUMBER OF DAYS CLOUDY          4

AVERAGE RH (PERCENT)     53

WEATHER CONDITIONS. NUMBER OF DAYS WITH
THUNDERSTORM              0     MIXED PRECIP               0
HEAVY RAIN                0     RAIN                       1
LIGHT RAIN                5     FREEZING RAIN              0
LT FREEZING RAIN          0     HAIL                       0
HEAVY SNOW                0     SNOW                       0
LIGHT SNOW                0     SLEET                      0
FOG                       8     FOG W/VIS <= 1/4 MILE      3
HAZE                     10

-  INDICATES NEGATIVE NUMBERS.
R  INDICATES RECORD WAS SET OR TIED.
MM INDICATES DATA IS MISSING.
T  INDICATES TRACE AMOUNT.

$$
