000
CXAK58 PASN 011642
CLMSNP

CLIMATE REPORT
NATIONAL WEATHER SERVICE ST PAUL, AK
842 AM AKDT FRI AUG 1 2014

...................................

...THE ST PAUL AIRPORT CLIMATE SUMMARY FOR THE MONTH OF JULY 2014...

CLIMATE NORMAL PERIOD 1981 TO 2010
CLIMATE RECORD PERIOD 1892 TO 2014

WEATHER         OBSERVED          NORMAL  DEPART  LAST YEAR`S
                 VALUE   DATE(S)  VALUE   FROM    VALUE  DATE(S)
                                          NORMAL
................................................................
TEMPERATURE (F)
RECORD
 HIGH              65   7/07/2008
 LOW               28   7/13/1961
HIGHEST            63   7/31         53      10      64  7/22
LOWEST             39   7/29         33       6      39  7/06
AVG. MAXIMUM       54.9              50.8     4.1    50.6
AVG. MINIMUM       45.7              43.6     2.1    43.3
MEAN               50.3              47.2     3.1    47.0
DAYS MAX >= 90      0                 0.0     0.0     0
DAYS MAX <= 32      0                 0.0     0.0     0
DAYS MAX >= 80      0                 0.0     0.0     0
DAYS MAX >= 70      0                 0.0     0.0     0
DAYS MIN <= 32      0                 0.2    -0.2     0
DAYS MIN <= 0       0                 0.0     0.0     0

PRECIPITATION (INCHES)
RECORD
 MAXIMUM            5.85   1950
 MINIMUM            0.36   1988
TOTALS              1.07              1.85   -0.78    1.62
DAILY AVG.          0.03              0.06   -0.03    0.05
DAYS >= .01        11                12.8    -1.8    17
DAYS >= .10         6                 4.6     1.4     8
DAYS >= .50         0                 0.7    -0.7     0
DAYS >= 1.0         0                 0.1    -0.1     0
GREATEST
 24 HR TOTAL        0.34   7/22                       0.27  7/20

SNOWFALL (INCHES)
RECORDS
 TOTAL              0.0   1949
 24 HR TOTAL        0.0   7-31-2014
 SNOW DEPTH         0     7-31-2014
TOTALS              0.0               0.0     0.0     0.0
SINCE 7/1           0.0               0.0     0.0     0.0
SNOWDEPTH AVG.      0                 0       0       0
DAYS >= TRACE       0                 0.0     0.0     0
DAYS >= 1.0         0                 0.0     0.0     0
DAYS >= 6.0         0                 0.0     0.0     0
GREATEST
 SNOW DEPTH         0   MM                            0  MM
 24 HR TOTAL      0.0   MM                          0.0  MM

DEGREE_DAYS
HEATING TOTAL     446               553    -107     551
 SINCE 7/1        446               553    -107     551
COOLING TOTAL       0                 0       0       0
 SINCE 1/1          0                 0       0       0
................................................................

WIND (MPH)
AVERAGE WIND SPEED                7.9
HIGHEST WIND SPEED/DIRECTION     30/340    DATE   07/12
HIGHEST GUST SPEED/DIRECTION     35/360    DATE   07/12

SKY COVER
POSSIBLE SUNSHINE (PERCENT)   MM
AVERAGE SKY COVER             MM
NUMBER OF DAYS FAIR           MM
NUMBER OF DAYS PC             MM
NUMBER OF DAYS CLOUDY         MM

AVERAGE RH (PERCENT)     MM

WEATHER CONDITIONS. NUMBER OF DAYS WITH
THUNDERSTORM              0     ICE PELLETS                 0
RAIN                     15     GLAZE                       0
DRIZZLE                   8     HAIL                        0
SNOW                      0     HAZE                        0
FOG                      29     FOG W/VIS <= 1/4 MILE      12
BLOWING SNOW              0


-  INDICATES NEGATIVE NUMBERS.
R  INDICATES RECORD WAS SET OR TIED.
MM INDICATES DATA IS MISSING.
T  INDICATES TRACE AMOUNT.

&&
...A WARMER AND DRIER TREND CONTINUES FOR JULY IN SAINT PAUL...

JULY 2014 FOR ST PAUL WAS SIGNIFICANTLY WARMER AND DRIER THAN NORMAL AS HIGH
PRESSURE DOMINATED THE WESTERN ALEUTIAN ISLANDS AND AN EXTENDED RIDGE OVER THE
PRIBILOF ISLANDS PRODUCED PREDOMINANTLY WESTERLY WINDS PRODUCING TEMPERATURES
WELL ABOVE NORMAL.

MONTHLY TEMPERATURE AVERAGES WERE ALL IN THE TOP TEN ON RECORD  FOR THE MONTH OF
JULY. THE AVERAGE MAXIMUM TEMPERATURE WAS THE SECOND WARMEST THE AVERAGE
MINIMUM TEMPERATURE WAS THE THIRD WARMEST AND THE OVERALL AVERAGE MONTHLY
TEMPERATURE WAS THE SECOND WARMEST ON RECORD. ON AVERAGE THE DAILY TEMPERATURE
WAS THREE DEGREES WARMER THAN NORMAL. ST PAUL TIED THREE RECORD TEMPERATURES...
AND SET FOUR NEW TEMPERATURE RECORDS.

7/5/14- NEW RECORD HIGH MINIMUM OF 47 BREAKING OLD RECORD OF 46 SET IN 2005
7/6/14- NEW RECORD HIGH MINIMUM OF 48 BREAKING OLD RECORD OF 45 SET IN 2003
7/7/14- NEW RECORD HIGH MINIMUM OF 46 BREAKING OLD RECORD OF 48 SET IN 2003
7/9/14- TIED RECORD HIGH MINIMUM OF 56 SET IN 2006
7/13/14- NEW RECORD HIGH  OF 60 BREAKING OD RECORD OF 57 SET IN 2005
7/17/14- TIED RECORD HIGH MINIMUM OF 49 SET IN 2005
7/31/14- TIED RECORD HIGH MAXIMUM OF 63 SET IN 1969.

PRECIPITATION FOR JULY 2014 WAS  BELOW NORMAL AS WELL WITH TOTAL ACCUMULATION
SLIGHTLY ABOVE HALF  OF THE MONTHLY AVERAGE.  ELEVEN DAYS HAD PRECIPITATION
GREATER THAN 0.01 WITH A MAJORITY OF THE RAINFALL SPREAD BETWEEN SIX DAYS
THROUGHOUT THE MONTH.

$$
HCH AUG 14
