000
CXAK58 PASN 011015
CLMSNP

CLIMATE REPORT
NATIONAL WEATHER SERVICE ST PAUL, AK
215 AM AKDT FRI JUL 1 2016

...................................

...THE ST PAUL AIRPORT CLIMATE SUMMARY FOR THE MONTH OF JUNE 2016...

CLIMATE NORMAL PERIOD 1981 TO 2010
CLIMATE RECORD PERIOD 1949 TO 2016

WEATHER         OBSERVED          NORMAL  DEPART  LAST YEAR`S
                 VALUE   DATE(S)  VALUE   FROM    VALUE  DATE(S)
                                          NORMAL
................................................................
TEMPERATURE (F)
RECORD
 HIGH              62   6/25/2000
 LOW               16   6/03/1985
HIGHEST            61   6/27         51      10      59  6/18
LOWEST             37   6/11         28       9      28  6/06
AVG. MAXIMUM       51.8              46.8     5.0    49.2
AVG. MINIMUM       42.2              37.9     4.3    39.0
MEAN               47.0              42.4     4.6    44.1
DAYS MAX >= 90      0                 0.0     0.0     0
DAYS MAX <= 32      0                 0.1    -0.1     0
DAYS MAX >= 80      0                 0.0     0.0     0
DAYS MAX >= 70      0                 0.0     0.0     0
DAYS MIN <= 32      0                 2.4    -2.4     3
DAYS MIN <= 0       0                 0.0     0.0     0

PRECIPITATION (INCHES)
RECORD
 MAXIMUM            3.59   1958
 MINIMUM            0.01   1995
TOTALS              1.69              1.35    0.34    0.92
DAILY AVG.          0.06              0.04    0.02    0.03
DAYS >= .01        12                10.7     1.3     7
DAYS >= .10         6                 3.9     2.1     3
DAYS >= .50         1                 0.3     0.7     0
DAYS >= 1.0         0                 0.0    -0.0     0
GREATEST
 24 HR TOTAL        0.67  6/08-6/09                   0.40  6/23

SNOWFALL (INCHES)
RECORDS
 TOTAL              1.6   1965
 24 HR TOTAL        1.0   6-05-1965
 SNOW DEPTH         2     6-06-1975
TOTALS              0.0               0.0     0.0     0.0
SINCE 7/1          52.6              52.6     0.0    48.6
SNOWDEPTH AVG.      0                 0       0       0
DAYS >= TRACE       0                 0.5    -0.5     0
DAYS >= 1.0         0                 0.0     0.0     0
DAYS >= 6.0         0                 0.0     0.0     0
GREATEST
 SNOW DEPTH         0   MM                            0  MM
 24 HR TOTAL      0.0   MM                          0.0  MM

DEGREE_DAYS
HEATING TOTAL     532               679    -147     620
 SINCE 7/1       9285             10800   -1515    9574
COOLING TOTAL       0                 0       0       0
 SINCE 1/1          0                 0       0       0
................................................................

WIND (MPH)
AVERAGE WIND SPEED               11.8
HIGHEST WIND SPEED/DIRECTION     29/250    DATE   06/23
HIGHEST GUST SPEED/DIRECTION     36/280    DATE   06/23

SKY COVER
POSSIBLE SUNSHINE (PERCENT)   MM
AVERAGE SKY COVER             MM
NUMBER OF DAYS FAIR           MM
NUMBER OF DAYS PC             MM
NUMBER OF DAYS CLOUDY         MM

AVERAGE RH (PERCENT)     MM

WEATHER CONDITIONS. NUMBER OF DAYS WITH
THUNDERSTORM              0     ICE PELLETS                 0
RAIN                     15     GLAZE                       0
DRIZZLE                   6     HAIL                        0
SNOW                      0     HAZE                        1
FOG                      24     FOG W/VIS <= 1/4 MILE       4
BLOWING SNOW              0


-  INDICATES NEGATIVE NUMBERS.
R  INDICATES RECORD WAS SET OR TIED.
MM INDICATES DATA IS MISSING.
T  INDICATES TRACE AMOUNT.

&&

THE AVERAGE TEMPERATURE OF 47.0 DEGREES FOR JUNE 2016 WAS THE SECOND WARMEST
JUNE ON RECORD. THE WARMEST JUNE WAS 48.5 DEGREES SET BACK IN 2005. IN FACT EVERY
DAY FOR THE MONTH WAS WARMER THAN NORMAL. 5 RECORD DAILY HIGH TEMPERATURES WERE
BROKEN IN THE MONTH AND 1 TIED, WHILE 2 RECORD HIGH MINIMUM TEMPERATURES WERE ALSO
BROKEN.

THE 1.69 INCHES OF PRECIPITATION FOR THE MONTH WAS THE 13TH HIGHEST AMOUNT RECORDED
FOR ANY MONTH OF JUNE. THE 0.67 INCHES OF RAIN THAT FELL IN 24 HOURS BETWEEN THE
DATES OF JUNE 8TH AND 9TH WAS THE 12TH WETTEST DAY RECORDED SINCE 1949. NO DAILY
PRECIPITATION RECORDS WERE BROKEN.

$$
JAS JUL 16
